000
CXUS53 KILX 290900
CF6SPI
PRELIMINARY LOCAL CLIMATOLOGICAL DATA (WS FORM: F-6)

                                          STATION:   SPRINGFIELD IL
                                          MONTH:     SEPTEMBER
                                          YEAR:      2016
                                          LATITUDE:   39 50 N
                                          LONGITUDE:  89 41 W

  TEMPERATURE IN F:       :PCPN:    SNOW:  WIND      :SUNSHINE: SKY     :PK WND
================================================================================
1   2   3   4   5  6A  6B    7    8   9   10  11  12  13   14  15   16   17  18
                                     12Z  AVG MX 2MIN
DY MAX MIN AVG DEP HDD CDD  WTR  SNW DPTH SPD SPD DIR MIN PSBL S-S WX    SPD DR
================================================================================

 1  81  60  71  -1   0   6 0.00  0.0    0 10.5 20  50   M    M   2        24  50
 2  79  58  69  -3   0   4 0.00  0.0    0  8.7 16  50   M    M   1        21  40
 3  81  58  70  -2   0   5 0.00  0.0    0  4.3 12  70   M    M   1        14 110
 4  86  59  73   2   0   8 0.00  0.0    0  6.7 15 150   M    M   1        21 160
 5  91  70  81  10   0  16 0.00  0.0    0  8.7 17 190   M    M   2        23 230
 6  94  75  85  14   0  20 0.00  0.0    0  8.8 16 250   M    M   1        22 250
 7  93  75  84  14   0  19    T  0.0    0  9.5 20 200   M    M   2 3      29 210
 8  81  67  74   4   0   9 0.79  0.0    0  5.8 14 210   M    M   4 13     21 220
 9  85  67  76   6   0  11 0.02  0.0    0  5.4 18 170   M    M   5 12     26 190
10  79  56  68  -1   0   3 0.32  0.0    0  7.4 18 300   M    M   3 13     26 300
11  79  52  66  -3   0   1 0.00  0.0    0  3.8  9 100   M    M   0        11  70
12  83  54  69   1   0   4 0.00  0.0    0  6.4 15 190   M    M   0        21 150
13  88  62  75   7   0  10 0.00  0.0    0  5.9 13 350   M    M   2        19 290
14  84  66  75   7   0  10 0.00  0.0    0  5.2 10  40   M    M   4 1      14  40
15  87  65  76   9   0  11    T  0.0    0  5.8 13 120   M    M   4 1      16 150
16  81  69  75   8   0  10 0.30  0.0    0  6.6 21 160   M    M   5 138    26 170
17  85  66  76  10   0  11 0.02  0.0    0  3.7 12 310   M    M   5 1      15 290
18  86  59  73   7   0   8 0.00  0.0    0  2.6  8  80   M    M   1 12     12 280
19  89  56  73   7   0   8 0.00  0.0    0  4.7 12 180   M    M   0 1      14 190
20  93  69  81  16   0  16 0.00  0.0    0  5.4 14 140   M    M   1        19 140
21  91  66  79  14   0  14 0.00  0.0    0  6.0 12 140   M    M   0        16 130
22  91  62  77  13   0  12 0.00  0.0    0  4.7 13 200   M    M   0        17 200
23  91  64  78  14   0  13 0.00  0.0    0  2.3  8  70   M    M   0 18     13 250
24  91  66  79  16   0  14 0.00  0.0    0  3.5  9 130   M    M   1 128    12 120
25  93  66  80  17   0  15 0.00  0.0    0  9.0 18 330   M    M   2 18     28 320
26  76  53  65   3   0   0 0.10  0.0    0  8.6 21 330   M    M   2 1      29 300
27  79  51  65   3   0   0 0.00  0.0    0  8.4 22 260   M    M   0 8      30 260
28  63  55  59  -3   6   0    T  0.0    0 10.4 21 360   M    M   6        28 340
================================================================================
SM 2380 1746         6 258  1.55     0.0 178.8          M       55
================================================================================
AV 85.0 62.4                               6.4 FASTST   M    M   2    MAX(MPH)
                                 MISC ---->  # 22 260               # 30  260
================================================================================
NOTES:
# LAST OF SEVERAL OCCURRENCES

COLUMN 17 PEAK WIND IN M.P.H.

PRELIMINARY LOCAL CLIMATOLOGICAL DATA (WS FORM: F-6) , PAGE 2

                                          STATION:  SPRINGFIELD IL
                                          MONTH:    SEPTEMBER
                                          YEAR:     2016
                                          LATITUDE:   39 50 N
                                          LONGITUDE:  89 41 W

[TEMPERATURE DATA]      [PRECIPITATION DATA]       SYMBOLS USED IN COLUMN 16

AVERAGE MONTHLY: 73.7   TOTAL FOR MONTH:   1.55    1 = FOG OR MIST
DPTR FM NORMAL:   6.4   DPTR FM NORMAL:   -1.16    2 = FOG REDUCING VISIBILITY
HIGHEST:    94 ON  6    GRTST 24HR  0.79 ON  8- 8      TO 1/4 MILE OR LESS
LOWEST:     51 ON 27                               3 = THUNDER
                        SNOW, ICE PELLETS, HAIL    4 = ICE PELLETS
                        TOTAL MONTH:   0.0 INCH    5 = HAIL
                        GRTST 24HR     0.0         6 = FREEZING RAIN OR DRIZZLE
                        GRTST DEPTH:   0           7 = DUSTSTORM OR SANDSTORM:
                                                       VSBY 1/2 MILE OR LESS
                                                   8 = SMOKE OR HAZE
[NO. OF DAYS WITH]      [WEATHER - DAYS WITH]      9 = BLOWING SNOW
                                                   X = TORNADO
MAX 32 OR BELOW:   0    0.01 INCH OR MORE:   6
MAX 90 OR ABOVE:   9    0.10 INCH OR MORE:   4
MIN 32 OR BELOW:   0    0.50 INCH OR MORE:   1
MIN  0 OR BELOW:   0    1.00 INCH OR MORE:   0

[HDD (BASE 65) ]
TOTAL THIS MO.     6    CLEAR  (SCALE 0-3)  21
DPTR FM NORMAL   -59    PTCLDY (SCALE 4-7)   7
TOTAL FM JUL 1     7    CLOUDY (SCALE 8-10)  0
DPTR FM NORMAL   -63

[CDD (BASE 65) ]
TOTAL THIS MO.   258
DPTR FM NORMAL   134    [PRESSURE DATA]
TOTAL FM JAN 1  1534    HIGHEST SLP M ON M
DPTR FM NORMAL   440    LOWEST  SLP 29.74 ON 28

[REMARKS]
