000
CXUS54 KOUN 260700
CF6SPS
PRELIMINARY LOCAL CLIMATOLOGICAL DATA (WS FORM: F-6)

                                          STATION:   WICHITA FALLS
                                          MONTH:     MAY
                                          YEAR:      2017
                                          LATITUDE:   33 58 N
                                          LONGITUDE:  98 29 W

  TEMPERATURE IN F:       :PCPN:    SNOW:  WIND      :SUNSHINE: SKY     :PK WND
================================================================================
1   2   3   4   5  6A  6B    7    8   9   10  11  12  13   14  15   16   17  18
                                     12Z  AVG MX 2MIN
DY MAX MIN AVG DEP HDD CDD  WTR  SNW DPTH SPD SPD DIR MIN PSBL S-S WX    SPD DR
================================================================================

 1  80  38  59  -8   6   0 0.00  0.0    0  6.5 13 360   M    M   0        17 350
 2  89  49  69   1   0   4 0.00  0.0    0 12.3 25 140   M    M   1        32 150
 3  74  54  64  -4   1   0    T  0.0    0 18.1 33  10   M    M   5        39  10
 4  74  49  62  -6   3   0 0.00  0.0    0 14.4 28 350   M    M   1        36 350
 5  80  46  63  -5   2   0 0.00  0.0    0  6.5 14 340   M    M   0        18 330
 6  88  51  70   1   0   5 0.00  0.0    0  7.7 17 200   M    M   0        21 200
 7  90  54  72   3   0   7 0.00  0.0    0 12.6 22 130   M    M   0        30 160
 8  84  56  70   1   0   5 0.00  0.0    0 13.2 24 170   M    M   1        29 160
 9  86  61  74   4   0   9    T  0.0    0 13.4 24 180   M    M   6        30 180
10  83  70  77   7   0  12    T  0.0    0 16.4 30 170   M    M   7        40 170
11  89  60  75   5   0  10 0.01  0.0    0 14.9 32 330   M    M   3 3      39 330
12  81  56  69  -1   0   4 0.00  0.0    0 14.7 28 360   M    M   2        36  10
13  83  52  68  -3   0   3 0.00  0.0    0  5.1 14 190   M    M   0        21 150
14  94  54  74   3   0   9 0.00  0.0    0 13.0 22 140   M    M   0        27 170
15  93  67  80   9   0  15 0.00  0.0    0 16.5 26 160   M    M   1        31 170
16  79  62  71  -1   0   6 0.35  0.0    0 19.2 35 150   M    M   6 13     42 160
17  90  60  75   3   0  10 0.24  0.0    0 16.8 32 180   M    M   2 13     40 180
18  89  63  76   4   0  11 1.20  0.0    0 15.8 40 330   M    M   5 13     48 330
19  73  64  69  -3   0   4 2.72  0.0    0 13.3 43 200   M    M   7 13     54 200
20  76  57  67  -6   0   2 0.00  0.0    0 10.0 21 360   M    M   3        24 360
21  79  52  66  -7   0   1 0.00  0.0    0  7.8 16 150   M    M   1        19  50
22  77  53  65  -8   0   0 0.02  0.0    0  5.7 22 120   M    M   7 3      26  50
23  71  57  64 -10   1   0 0.01  0.0    0 12.2 21 360   M    M   5        26 350
24  80  50  65  -9   0   0 0.00  0.0    0  8.2 16 280   M    M   0        23 290
25  94  54  74   0   0   9 0.00  0.0    0 15.9 29 190   M    M   1        35 180
================================================================================
SM 2076 1389        13 126  4.55     0.0 310.2          M       64
================================================================================
AV 83.0 55.6                              12.4 FASTST   M    M   3    MAX(MPH)
                                 MISC ---->  # 43 200               # 54  200
================================================================================
NOTES:
# LAST OF SEVERAL OCCURRENCES

COLUMN 17 PEAK WIND IN M.P.H.

PRELIMINARY LOCAL CLIMATOLOGICAL DATA (WS FORM: F-6) , PAGE 2

                                          STATION:  WICHITA FALLS
                                          MONTH:    MAY
                                          YEAR:     2017
                                          LATITUDE:   33 58 N
                                          LONGITUDE:  98 29 W

[TEMPERATURE DATA]      [PRECIPITATION DATA]       SYMBOLS USED IN COLUMN 16

AVERAGE MONTHLY: 69.3   TOTAL FOR MONTH:   4.55    1 = FOG OR MIST
DPTR FM NORMAL:  -1.4   DPTR FM NORMAL:    1.60    2 = FOG REDUCING VISIBILITY
HIGHEST:    94 ON 25,14 GRTST 24HR  2.72 ON 19-19      TO 1/4 MILE OR LESS
LOWEST:     38 ON  1                               3 = THUNDER
                        SNOW, ICE PELLETS, HAIL    4 = ICE PELLETS
                        TOTAL MONTH:   0.0 INCH    5 = HAIL
                        GRTST 24HR     0.0         6 = FREEZING RAIN OR DRIZZLE
                        GRTST DEPTH:   0           7 = DUSTSTORM OR SANDSTORM:
                                                       VSBY 1/2 MILE OR LESS
                                                   8 = SMOKE OR HAZE
[NO. OF DAYS WITH]      [WEATHER - DAYS WITH]      9 = BLOWING SNOW
                                                   X = TORNADO
MAX 32 OR BELOW:   0    0.01 INCH OR MORE:   7
MAX 90 OR ABOVE:   5    0.10 INCH OR MORE:   4
MIN 32 OR BELOW:   0    0.50 INCH OR MORE:   2
MIN  0 OR BELOW:   0    1.00 INCH OR MORE:   2

[HDD (BASE 65) ]
TOTAL THIS MO.    13    CLEAR  (SCALE 0-3)  16
DPTR FM NORMAL    -7    PTCLDY (SCALE 4-7)   9
TOTAL FM JUL 1  2162    CLOUDY (SCALE 8-10)  0
DPTR FM NORMAL  -803

[CDD (BASE 65) ]
TOTAL THIS MO.   126
DPTR FM NORMAL   -38    [PRESSURE DATA]
TOTAL FM JAN 1   275    HIGHEST SLP M ON M
DPTR FM NORMAL    19    LOWEST  SLP 29.46 ON 25

[REMARKS]
