000
CXUS54 KOUN 230700
CF6SPS
PRELIMINARY LOCAL CLIMATOLOGICAL DATA (WS FORM: F-6)

                                          STATION:   WICHITA FALLS
                                          MONTH:     JULY
                                          YEAR:      2016
                                          LATITUDE:   33 58 N
                                          LONGITUDE:  98 29 W

  TEMPERATURE IN F:       :PCPN:    SNOW:  WIND      :SUNSHINE: SKY     :PK WND
================================================================================
1   2   3   4   5  6A  6B    7    8   9   10  11  12  13   14  15   16   17  18
                                     12Z  AVG MX 2MIN
DY MAX MIN AVG DEP HDD CDD  WTR  SNW DPTH SPD SPD DIR MIN PSBL S-S WX    SPD DR
================================================================================

 1  97  72  85   2   0  20 0.00  0.0    0  9.4 20 150   M    M   2        26 130
 2 100  70  85   2   0  20 0.05  0.0    0 13.4 29 250   M    M   2 3      38 250
 3 100  75  88   5   0  23 0.05  0.0    0 15.5 31 210   M    M   2 3      40 120
 4  95  75  85   2   0  20    T  0.0    0  9.6 17 140   M    M   3 3      21 140
 5  95  73  84   1   0  19 0.38  0.0    0 14.2 28 210   M    M   0 13     40 230
 6  98  78  88   4   0  23    T  0.0    0 16.8 29 170   M    M   1        36 170
 7  99  79  89   5   0  24 0.00  0.0    0 19.9 32 190   M    M   2        38 180
 8  99  72  86   2   0  21 0.09  0.0    0 14.3 36 330   M    M   2 3      45 330
 9  96  68  82  -2   0  17 0.00  0.0    0  7.5 23 130   M    M   1        32  90
10  96  67  82  -2   0  17 0.00  0.0    0 13.0 25 150   M    M   0        31 140
11  97  77  87   3   0  22 0.00  0.0    0 18.1 29 160   M    M   2        41 130
12  97  77  87   3   0  22 0.02  0.0    0 18.9 30 170   M    M   1 3      39 160
13 100  78  89   5   0  24 0.00  0.0    0 17.0 28 180   M    M   0        36 170
14 101  74  88   4   0  23    T  0.0    0 13.7 29 300   M    M   1 3      45 320
15  95  71  83  -1   0  18 0.02  0.0    0 11.4 24 360   M    M   3 3      31  10
16  93  68  81  -4   0  16 1.11  0.0    0  9.5 37 340   M    M   1 13     48 320
17  96  73  85   0   0  20 0.00  0.0    0 15.0 24 150   M    M   0        28 150
18  95  72  84  -1   0  19 0.00  0.0    0 10.0 20 120   M    M   1        23 120
19  96  73  85   0   0  20 0.00  0.0    0  9.2 18 150   M    M   1        31 120
20  97  75  86   1   0  21 0.00  0.0    0 11.6 22 140   M    M   0        26 140
21  99  73  86   1   0  21 0.00  0.0    0 12.1 20 140   M    M   0 8      25 130
22 100  71  86   1   0  21 0.00  0.0    0 10.3 18 150   M    M   0        25 140
================================================================================
SM 2141 1611         0 451  1.72     0.0 290.4          M       25
================================================================================
AV 97.3 73.2                              13.2 FASTST   M    M   1    MAX(MPH)
                                 MISC ---->  # 37 340               # 48  320
================================================================================
NOTES:
# LAST OF SEVERAL OCCURRENCES

COLUMN 17 PEAK WIND IN M.P.H.

PRELIMINARY LOCAL CLIMATOLOGICAL DATA (WS FORM: F-6) , PAGE 2

                                          STATION:  WICHITA FALLS
                                          MONTH:    JULY
                                          YEAR:     2016
                                          LATITUDE:   33 58 N
                                          LONGITUDE:  98 29 W

[TEMPERATURE DATA]      [PRECIPITATION DATA]       SYMBOLS USED IN COLUMN 16

AVERAGE MONTHLY: 85.3   TOTAL FOR MONTH:   1.72    1 = FOG OR MIST
DPTR FM NORMAL:   1.2   DPTR FM NORMAL:    0.57    2 = FOG REDUCING VISIBILITY
HIGHEST:   101 ON 14    GRTST 24HR  1.11 ON 16-16      TO 1/4 MILE OR LESS
LOWEST:     67 ON 10                               3 = THUNDER
                        SNOW, ICE PELLETS, HAIL    4 = ICE PELLETS
                        TOTAL MONTH:   0.0 INCH    5 = HAIL
                        GRTST 24HR     0.0         6 = FREEZING RAIN OR DRIZZLE
                        GRTST DEPTH:   0           7 = DUSTSTORM OR SANDSTORM:
                                                       VSBY 1/2 MILE OR LESS
                                                   8 = SMOKE OR HAZE
[NO. OF DAYS WITH]      [WEATHER - DAYS WITH]      9 = BLOWING SNOW
                                                   X = TORNADO
MAX 32 OR BELOW:   0    0.01 INCH OR MORE:   7
MAX 90 OR ABOVE:  22    0.10 INCH OR MORE:   2
MIN 32 OR BELOW:   0    0.50 INCH OR MORE:   1
MIN  0 OR BELOW:   0    1.00 INCH OR MORE:   1

[HDD (BASE 65) ]
TOTAL THIS MO.     0    CLEAR  (SCALE 0-3)  22
DPTR FM NORMAL     0    PTCLDY (SCALE 4-7)   0
TOTAL FM JUL 1     0    CLOUDY (SCALE 8-10)  0
DPTR FM NORMAL     0

[CDD (BASE 65) ]
TOTAL THIS MO.   451
DPTR FM NORMAL    31    [PRESSURE DATA]
TOTAL FM JAN 1  1168    HIGHEST SLP M ON M
DPTR FM NORMAL    -7    LOWEST  SLP 29.69 ON M

[REMARKS]
