000
CXUS54 KLZK 261130
CF6SRC
PRELIMINARY LOCAL CLIMATOLOGICAL DATA (WS FORM: F-6)

                                          STATION:   Searcy Airport
                                          MONTH:     SEPTEMBER
                                          YEAR:      2016
                                          LATITUDE:   35 12 N
                                          LONGITUDE:  91 44 W

  TEMPERATURE IN F:       :PCPN:    SNOW:  WIND      :SUNSHINE: SKY     :PK WND
================================================================================
1   2   3   4   5  6A  6B    7    8   9   10  11  12  13   14  15   16   17  18
                                     12Z  AVG MX 2MIN
DY MAX MIN AVG DEP HDD CDD  WTR  SNW DPTH SPD SPD DIR MIN PSBL S-S WX    SPD DR
================================================================================

 1  87  70  79   1   0  14 0.00  0.0    0  8.8 15  30   M    M   2        22  30
 2  82  63  73  -5   0   8 0.00  0.0    0  9.3 16  20   M    M   1        17  10
 3  85  62  74  -4   0   9 0.00  0.0    0  5.6 13  50   M    M   0        16  50
 4  91  61  76  -1   0  11 0.00  0.0    0  2.3  7  90   M    M   0         M  M
 5  92  70  81   4   0  16 0.00  0.0    0  3.8  9 160   M    M   2 1       M  M
 6  93  73  83   7   0  18 0.00  0.0    0  3.7  7 160   M    M   3 1       M  M
 7  93  73  83   7   0  18 0.00  0.0    0  4.0  9 210   M    M   1 12      M  M
 8  94  73  84   8   0  19 0.00  0.0    0  5.4 10 190   M    M   1 12      M  M
 9  92  73  83   8   0  18 0.00  0.0    M  6.1 13 190   M    M   3 12      M  M
10  86  67  77   2   0  12 0.11  0.0    0  6.1 13 350   M    M   2        18 330
11  84  59  72  -3   0   7 0.00  0.0    0  4.2 10  60   M    M   0         M  M
12  91  58  75   1   0  10 0.00  0.0    0  2.4  7  99   M    M   2         M  M
13  93  67  80   6   0  15 0.00  0.0    0  2.0  7 120   M    M   1         M  M
14  94  72  83   9   0  18 0.00  0.0    0  3.9 12  90   M    M   1         M  M
15  95  72  84  11   0  19    T  0.0    0  2.9  8 120   M    M   1 3       M  M
16  94  68  81   8   0  16 0.64  0.0    0  3.4 14 160   M    M   2 13     20 160
17  87  70  79   7   0  14 0.15  0.0    0  2.5  6  30   M    M   5 13      M  M
18  82  67  75   3   0  10 0.71  0.0    0  2.4  8  40   M    M   1 13      M  M
19  89  63  76   5   0  11 0.00  0.0    0  1.5  6 140   M    M   0 1       M  M
20  90  66  78   7   0  13 0.00  0.0    0  1.7  7  80   M    M   1 128     M  M
21  91  64  78   8   0  13 0.00  0.0    0  1.8  7  80   M    M   0 1       M  M
22  92  64  78   8   0  13 0.00  0.0    0  1.2  6  99   M    M   0         M  M
23  92  65  79   9   0  14 0.00  0.0    0  1.5  7 170   M    M   1 12      M  M
24  93  68  81  12   0  16 0.00  0.0    0  1.3  7 220   M    M   1 1       M  M
25  94  70  82  13   0  17 0.00  0.0    0  1.4  8 180   M    M   0 1       M  M
================================================================================
SM 2256 1678         0 349  1.61     0.0  89.2          M       31
================================================================================
AV 90.2 67.1                               3.6 FASTST   M    M   1    MAX(MPH)
                                 MISC ---->    16   M                 22    M
================================================================================
NOTES:
# LAST OF SEVERAL OCCURRENCES

COLUMN 17 PEAK WIND IN M.P.H.

PRELIMINARY LOCAL CLIMATOLOGICAL DATA (WS FORM: F-6) , PAGE 2

                                          STATION:  Searcy Airport
                                          MONTH:    SEPTEMBER
                                          YEAR:     2016
                                          LATITUDE:   35 12 N
                                          LONGITUDE:  91 44 W

[TEMPERATURE DATA]      [PRECIPITATION DATA]       SYMBOLS USED IN COLUMN 16

AVERAGE MONTHLY: 78.7   TOTAL FOR MONTH:   1.61    1 = FOG OR MIST
DPTR FM NORMAL:   5.0   DPTR FM NORMAL:   -1.09    2 = FOG REDUCING VISIBILITY
HIGHEST:    95 ON 15    GRTST 24HR  0.71 ON 18-18      TO 1/4 MILE OR LESS
LOWEST:     58 ON 12                               3 = THUNDER
                        SNOW, ICE PELLETS, HAIL    4 = ICE PELLETS
                        TOTAL MONTH:   0.0 INCH    5 = HAIL
                        GRTST 24HR     0.0         6 = FREEZING RAIN OR DRIZZLE
                        GRTST DEPTH:   0           7 = DUSTSTORM OR SANDSTORM:
                                                       VSBY 1/2 MILE OR LESS
                                                   8 = SMOKE OR HAZE
[NO. OF DAYS WITH]      [WEATHER - DAYS WITH]      9 = BLOWING SNOW
                                                   X = TORNADO
MAX 32 OR BELOW:   0    0.01 INCH OR MORE:   4
MAX 90 OR ABOVE:  17    0.10 INCH OR MORE:   4
MIN 32 OR BELOW:   0    0.50 INCH OR MORE:   2
MIN  0 OR BELOW:   0    1.00 INCH OR MORE:   0

[HDD (BASE 65) ]
TOTAL THIS MO.     0    CLEAR  (SCALE 0-3)  23
DPTR FM NORMAL   -10    PTCLDY (SCALE 4-7)   2
TOTAL FM JUL 1     0    CLOUDY (SCALE 8-10)  0
DPTR FM NORMAL   -10

[CDD (BASE 65) ]
TOTAL THIS MO.   349
DPTR FM NORMAL   118    [PRESSURE DATA]
TOTAL FM JAN 1  1992    HIGHEST SLP M ON M
DPTR FM NORMAL   162    LOWEST  SLP M ON M

[REMARKS]
