000
CXUS54 KLZK 201430
CF6SRC
PRELIMINARY LOCAL CLIMATOLOGICAL DATA (WS FORM: F-6)

                                          STATION:   Searcy Airport
                                          MONTH:     DECEMBER
                                          YEAR:      2014
                                          LATITUDE:   35 12 N
                                          LONGITUDE:  91 44 W

  TEMPERATURE IN F:       :PCPN:    SNOW:  WIND      :SUNSHINE: SKY     :PK WND
================================================================================
1   2   3   4   5  6A  6B    7    8   9   10  11  12  13   14  15   16   17  18
                                     12Z  AVG MX 2MIN
DY MAX MIN AVG DEP HDD CDD  WTR  SNW DPTH SPD SPD DIR MIN PSBL S-S WX    SPD DR
================================================================================

 1  61  32  47   3  18   0 0.04    M    0 10.8 18  30   M    M   9 1      22  20
 2  42  31  37  -7  28   0 0.00  0.0    0  5.1  8 190   M    M  10 1       M  M
 3  44  40  42  -1  23   0 0.08    M    0  5.1  9  60   M    M  10 1       M  M
 4  51  42  47   4  18   0 0.00  0.0    0  3.6  8  70   M    M  10 1       M  M
 5  65  49  57  14   8   0 1.01    M    0  2.7  6 250   M    M  10 12      M  M
 6  62  44  53  11  12   0 0.00  0.0    0 10.8 15  50   M    M  10 1      21 350
 7  44  40  42   0  23   0 0.00  0.0    0  8.6 14  50   M    M   8        20  50
 8  58  35  47   5  18   0 0.00  0.0    0  3.2  7  99   M    M   1 1       M  M
 9  50  30  40  -2  25   0 0.00  0.0    0  6.2 16  10   M    M   2 12     21 360
10  45  28  37  -4  28   0 0.00  0.0    0  3.8  7  70   M    M   4         M  M
11  47  29  38  -3  27   0    T    M    0  2.8  7  70   M    M   9         M  M
12  50  34  42   1  23   0    T    M    0  2.5  7 170   M    M   9 1       M  M
13  62  45  54  14  11   0    T    M    0  3.0  9 130   M    M   7 1       M  M
14  68  38  53  13  12   0 0.00  0.0    0  4.5 13 130   M    M   1 1       M  M
15  70  50  60  20   5   0 0.33  0.0    0 11.9 18 260   M    M   7 1      30 190
16  52  30  41   1  24   0 0.00  0.0    0  8.4 14 300   M    M   3        24 250
17  40  27  34  -6  31   0 0.13    M    0  3.0  9  20   M    M   4 1       M  M
18  41  36  39   0  26   0 0.15    M    0  5.2  7  70   M    M  10 1       M  M
19  42  39  41   2  24   0    T    M    0  6.7 14  60   M    M  10 1       M  M
================================================================================
SM  994  699       384   0  1.74     0.0 107.9          M      134
================================================================================
AV 52.3 36.8                               5.7 FASTST   M    M   7    MAX(MPH)
                                 MISC ---->    18   M                 30    M
================================================================================
NOTES:
# LAST OF SEVERAL OCCURRENCES

COLUMN 17 PEAK WIND IN M.P.H.

PRELIMINARY LOCAL CLIMATOLOGICAL DATA (WS FORM: F-6) , PAGE 2

                                          STATION:  Searcy Airport
                                          MONTH:    DECEMBER
                                          YEAR:     2014
                                          LATITUDE:   35 12 N
                                          LONGITUDE:  91 44 W

[TEMPERATURE DATA]      [PRECIPITATION DATA]       SYMBOLS USED IN COLUMN 16

AVERAGE MONTHLY: 44.6   TOTAL FOR MONTH:   1.74    1 = FOG OR MIST
DPTR FM NORMAL:   3.2   DPTR FM NORMAL:   -1.52    2 = FOG REDUCING VISIBILITY
HIGHEST:    70 ON 15    GRTST 24HR  1.01 ON  5- 5      TO 1/4 MILE OR LESS
LOWEST:     27 ON 17                               3 = THUNDER
                        SNOW, ICE PELLETS, HAIL    4 = ICE PELLETS
                        TOTAL MONTH:   0.0 INCH    5 = HAIL
                        GRTST 24HR     0.0         6 = FREEZING RAIN OR DRIZZLE
                        GRTST DEPTH:   0           7 = DUSTSTORM OR SANDSTORM:
                                                       VSBY 1/2 MILE OR LESS
                                                   8 = SMOKE OR HAZE
[NO. OF DAYS WITH]      [WEATHER - DAYS WITH]      9 = BLOWING SNOW
                                                   X = TORNADO
MAX 32 OR BELOW:   0    0.01 INCH OR MORE:   6
MAX 90 OR ABOVE:   0    0.10 INCH OR MORE:   4
MIN 32 OR BELOW:   7    0.50 INCH OR MORE:   1
MIN  0 OR BELOW:   0    1.00 INCH OR MORE:   1

[HDD (BASE 65) ]
TOTAL THIS MO.   384    CLEAR  (SCALE 0-3)   4
DPTR FM NORMAL   -66    PTCLDY (SCALE 4-7)   4
TOTAL FM JUL 1  1071    CLOUDY (SCALE 8-10) 11
DPTR FM NORMAL   -20

[CDD (BASE 65) ]
TOTAL THIS MO.     0
DPTR FM NORMAL     0    [PRESSURE DATA]
TOTAL FM JAN 1  1772    HIGHEST SLP M ON M
DPTR FM NORMAL  -135    LOWEST  SLP M ON M

[REMARKS]
