000
CXUS54 KEPZ 251200
CF6SRR
PRELIMINARY LOCAL CLIMATOLOGICAL DATA (WS FORM: F-6)

                                          STATION:   RUIDOSO        AWOS
                                          MONTH:     JULY
                                          YEAR:      2014
                                          LATITUDE:   33 28 N
                                          LONGITUDE: 105 32 W

  TEMPERATURE IN F:       :PCPN:    SNOW:  WIND      :SUNSHINE: SKY     :PK WND
================================================================================
1   2   3   4   5  6A  6B    7    8   9   10  11  12  13   14  15   16   17  18
                                     12Z  AVG MX 2MIN
DY MAX MIN AVG DEP HDD CDD  WTR  SNW DPTH SPD SPD DIR MIN PSBL S-S WX    SPD DR
================================================================================

 1  75  64  70   M   0   5    M    M    M  9.8 18 150   M    M   1 3      24 140
 2  72  54  63   M   2   0 0.01  0.0    0  9.4 20 160   M    M   2 3      35 160
 3  77  55  66   M   0   1 0.00  0.0    0  7.9 17 120   M    M   1        22 120
 4  77  55  66   M   0   1 0.00  0.0    0  3.8 13 130   M    M   0        18 130
 5  79  55  67   M   0   2    M    M    M  7.0 21 120   M    M   4        28 120
 6  79  59  69   M   0   4 0.03  0.0    0  5.5 14 210   M    M   4 3      20  30
 7  81  55  68   M   0   3 0.00  0.0    0  7.0 16 110   M    M   0        22 110
 8  81  59  70   M   0   5 0.00  0.0    0  9.4 25 120   M    M   1        31 120
 9  81  61  71   M   0   6 0.00  0.0    0  7.8 21 140   M    M   2        27 140
10  81  59  70   M   0   5 0.39  0.0    0  5.9 17 230   M    M   2 3      27 230
11  81  59  70   M   0   5 0.00  0.0    0  8.1 17 110   M    M   2        23 140
12  79  55  67   M   0   2 0.00  0.0    0  2.6  8 130   M    M   1 3       M  M
13  81  59  70   M   0   5 0.01  0.0    0  8.0 18 230   M    M   2 3      28 140
14  77  57  67   M   0   2 0.10  0.0    0  6.1 13 130   M    M   4 3      27 130
15  73  55  64   M   1   0 0.00  0.0    0  5.9 16  80   M    M   4 3      21  80
16  81  57  69   M   0   4 0.00  0.0    0  7.6 18 150   M    M   3 3      23 350
17  81  57  69   M   0   4 0.00  0.0    0   M   M   M   M    M   4 13      M  M
18  84  57  71   M   0   6 0.00  0.0    0   M   M   M   M    M   3 1       M  M
19  84  59  72   M   0   7 0.16  0.0    0   M   M   M   M    M   4 13      M  M
20  84  59  72   M   0   7 0.00  0.0    0   M   M   M   M    M   1 3       M  M
21  82  63  73   M   0   8 0.00  0.0    0   M   M   M   M    M   0 3       M  M
22  84  63  74   M   0   9 0.07  0.0    0   M   M   M   M    M   2 3       M  M
23  81  59  70   M   0   5 0.00  0.0    0   M   M   M   M    M   0         M  M
24  82  59  71   M   0   6 0.00  0.0    0  6.3  8 150   M    M   1         M  M
================================================================================
SM 1917 1394         3 102  0.77     0.0 118.1          M       48
================================================================================
AV 79.9 58.1                               6.9 FASTST   M    M   2    MAX(MPH)
                                 MISC ---->    25   M               # 35  160
================================================================================
NOTES:
# LAST OF SEVERAL OCCURRENCES

COLUMN 17 PEAK WIND IN M.P.H.

PRELIMINARY LOCAL CLIMATOLOGICAL DATA (WS FORM: F-6) , PAGE 2

                                          STATION:  RUIDOSO        AWOS
                                          MONTH:    JULY
                                          YEAR:     2014
                                          LATITUDE:   33 28 N
                                          LONGITUDE: 105 32 W

[TEMPERATURE DATA]      [PRECIPITATION DATA]       SYMBOLS USED IN COLUMN 16

AVERAGE MONTHLY: 69.0   TOTAL FOR MONTH:   0.77    1 = FOG OR MIST
DPTR FM NORMAL:     M   DPTR FM NORMAL:       M    2 = FOG REDUCING VISIBILITY
HIGHEST:    84 ON 22,20 GRTST 24HR  0.39 ON 10-10      TO 1/4 MILE OR LESS
LOWEST:     54 ON  2                               3 = THUNDER
                        SNOW, ICE PELLETS, HAIL    4 = ICE PELLETS
                        TOTAL MONTH:   0.0 INCH    5 = HAIL
                        GRTST 24HR     0.0         6 = FREEZING RAIN OR DRIZZLE
                        GRTST DEPTH:   0           7 = DUSTSTORM OR SANDSTORM:
                                                       VSBY 1/2 MILE OR LESS
                                                   8 = SMOKE OR HAZE
[NO. OF DAYS WITH]      [WEATHER - DAYS WITH]      9 = BLOWING SNOW
                                                   X = TORNADO
MAX 32 OR BELOW:   0    0.01 INCH OR MORE:   7
MAX 90 OR ABOVE:   0    0.10 INCH OR MORE:   3
MIN 32 OR BELOW:   0    0.50 INCH OR MORE:   0
MIN  0 OR BELOW:   0    1.00 INCH OR MORE:   0

[HDD (BASE 65) ]
TOTAL THIS MO.     3    CLEAR  (SCALE 0-3)  18
DPTR FM NORMAL     M    PTCLDY (SCALE 4-7)   6
TOTAL FM JUL 1     3    CLOUDY (SCALE 8-10)  0
DPTR FM NORMAL     M

[CDD (BASE 65) ]
TOTAL THIS MO.   102
DPTR FM NORMAL     M    [PRESSURE DATA]
TOTAL FM JAN 1   316    HIGHEST SLP M ON M
DPTR FM NORMAL     M    LOWEST  SLP M ON M

[REMARKS]
