000
CXUS52 KJAX 240800
CF6SSI
PRELIMINARY LOCAL CLIMATOLOGICAL DATA (WS FORM: F-6)

                                          STATION:   ST SIMONS ISLAND GA
                                          MONTH:     JANUARY
                                          YEAR:      2017
                                          LATITUDE:   31  9 N
                                          LONGITUDE:  81 23 W

  TEMPERATURE IN F:       :PCPN:    SNOW:  WIND      :SUNSHINE: SKY     :PK WND
================================================================================
1   2   3   4   5  6A  6B    7    8   9   10  11  12  13   14  15   16   17  18
                                     12Z  AVG MX 2MIN
DY MAX MIN AVG DEP HDD CDD  WTR  SNW DPTH SPD SPD DIR MIN PSBL S-S WX    SPD DR
================================================================================

 1  70  54  62  10   3   0    T  0.0    0  5.9 13 160   M    M   3        25 170
 2  74  63  69  17   0   4 0.00  0.0    0  6.7 13 150   M    M   3 1      23 100
 3  75  61  68  17   0   3 0.29  0.0    0  8.2 17 210   M    M   6 138    23 220
 4  70  56  63  12   2   0 0.00  0.0    0  7.3 14 260   M    M   0        18 280
 5  68  47  58   7   7   0 0.00  0.0    0  4.7 12 270   M    M   0        17 250
 6  63  53  58   7   7   0 0.20  0.0    0  5.9  9 130   M    M   2 1      17 160
 7  62  35  49  -2  16   0 0.68  0.0    0 10.5 22 340   M    M   8 1      35 350
 8  47  29  38 -13  27   0 0.00  0.0    0  8.7 15  20   M    M   0        22 330
 9  47  33  40 -11  25   0 0.00  0.0    0  9.6 20  20   M    M   3        27  20
10  64  38  51   0  14   0 0.00  0.0    0  5.3 14  70   M    M   2 1      20 120
11  70  47  59   8   6   0 0.00  0.0    0  6.7 13 140   M    M   1 1      25 190
12  72  51  62  11   3   0 0.00  0.0    0  3.1 10 100   M    M   2 12     20  60
13  74  50  62  11   3   0 0.00  0.0    0  2.1  9  80   M    M   0 1      14 340
14  70  52  61  10   4   0 0.00  0.0    0  2.2 10  80   M    M   7 1      14 140
15  73  51  62  11   3   0 0.00  0.0    0  3.3 12 120   M    M   5 12     25 150
16  72  56  64  13   1   0 0.00  0.0    0  5.8 15  70   M    M   6 12     20  70
17  75  55  65  14   0   0 0.00  0.0    0  3.6 12 210   M    M   5 12     17 210
18  77  57  67  16   0   2 0.00  0.0    0  6.9 16 290   M    M   1        25 320
19  74  55  65  13   0   0 0.00  0.0    0  4.9 10 160   M    M   0 1      19 180
20  80  63  72  20   0   7 0.00  0.0    0  7.0 15 270   M    M   4        20 180
21  74  62  68  16   0   3 1.09  0.0    0  7.7 20 170   M    M   7 13     26 190
22  69  59  64  12   1   0 2.69  0.0    0 11.0 25 260   M    M   7 123    39 240
23  63  55  59   7   6   0    T  0.0    0 14.2 28 240   M    M   5 1      39 240
================================================================================
SM 1583 1182       128  19  4.95     0.0 151.3          M       77
================================================================================
AV 68.8 51.4                               6.6 FASTST   M    M   3    MAX(MPH)
                                 MISC ---->  # 28 240               # 39  240
================================================================================
NOTES:
# LAST OF SEVERAL OCCURRENCES

COLUMN 17 PEAK WIND IN M.P.H.

PRELIMINARY LOCAL CLIMATOLOGICAL DATA (WS FORM: F-6) , PAGE 2

                                          STATION:  ST SIMONS ISLAND GA
                                          MONTH:    JANUARY
                                          YEAR:     2017
                                          LATITUDE:   31  9 N
                                          LONGITUDE:  81 23 W

[TEMPERATURE DATA]      [PRECIPITATION DATA]       SYMBOLS USED IN COLUMN 16

AVERAGE MONTHLY: 60.1   TOTAL FOR MONTH:   4.95    1 = FOG OR MIST
DPTR FM NORMAL:   8.8   DPTR FM NORMAL:    2.65    2 = FOG REDUCING VISIBILITY
HIGHEST:    80 ON 20    GRTST 24HR  2.99 ON 21-22      TO 1/4 MILE OR LESS
LOWEST:     29 ON  8                               3 = THUNDER
                        SNOW, ICE PELLETS, HAIL    4 = ICE PELLETS
                        TOTAL MONTH:   0.0 INCH    5 = HAIL
                        GRTST 24HR     0.0         6 = FREEZING RAIN OR DRIZZLE
                        GRTST DEPTH:   0           7 = DUSTSTORM OR SANDSTORM:
                                                       VSBY 1/2 MILE OR LESS
                                                   8 = SMOKE OR HAZE
[NO. OF DAYS WITH]      [WEATHER - DAYS WITH]      9 = BLOWING SNOW
                                                   X = TORNADO
MAX 32 OR BELOW:   0    0.01 INCH OR MORE:   5
MAX 90 OR ABOVE:   0    0.10 INCH OR MORE:   5
MIN 32 OR BELOW:   1    0.50 INCH OR MORE:   3
MIN  0 OR BELOW:   0    1.00 INCH OR MORE:   2

[HDD (BASE 65) ]
TOTAL THIS MO.   128    CLEAR  (SCALE 0-3)  12
DPTR FM NORMAL  -192    PTCLDY (SCALE 4-7)  11
TOTAL FM JUL 1   435    CLOUDY (SCALE 8-10)  0
DPTR FM NORMAL  -416

[CDD (BASE 65) ]
TOTAL THIS MO.    19
DPTR FM NORMAL    19    [PRESSURE DATA]
TOTAL FM JAN 1    19    HIGHEST SLP M ON M
DPTR FM NORMAL    19    LOWEST  SLP 29.31 ON 22

[REMARKS]
