000
CXUS55 KSTO 201455
CF6STO
PRELIMINARY LOCAL CLIMATOLOGICAL DATA (WS FORM: F-6)

                                          STATION:   SACRAMENTO CITY
                                          MONTH:     AUGUST
                                          YEAR:      2014
                                          LATITUDE:   38 36 N
                                          LONGITUDE: 121 23 W

  TEMPERATURE IN F:       :PCPN:    SNOW:  WIND      :SUNSHINE: SKY     :PK WND
================================================================================
1   2   3   4   5  6A  6B    7    8   9   10  11  12  13   14  15   16   17  18
                                     12Z  AVG MX 2MIN
DY MAX MIN AVG DEP HDD CDD  WTR  SNW DPTH SPD SPD DIR MIN PSBL S-S WX    SPD DR
================================================================================

 1 107  68  88  11   0  23 0.00    M    M   M   M   M   M    M   M         M  M
 2  98  65  82   5   0  17 0.00    M    M   M   M   M   M    M   M         M  M
 3  86  59  73  -4   0   8 0.00    M    M   M   M   M   M    M   M         M  M
 4  80  61  71  -6   0   6 0.00    M    M   M   M   M   M    M   M         M  M
 5  78  68  73  -4   0   8 0.00    M    M   M   M   M   M    M   M         M  M
 6  95  70  83   6   0  18 0.00    M    M   M   M   M   M    M   M         M  M
 7  96  65  81   4   0  16 0.00    M    M   M   M   M   M    M   M         M  M
 8  95  62  79   2   0  14 0.00    M    M   M   M   M   M    M   M         M  M
 9  91  60  76  -1   0  11 0.00    M    M   M   M   M   M    M   M         M  M
10  90  58  74  -3   0   9 0.00    M    M   M   M   M   M    M   M         M  M
11  98  60  79   2   0  14 0.00    M    M   M   M   M   M    M   M         M  M
12  87  61  74  -3   0   9 0.00    M    M   M   M   M   M    M   M         M  M
13  90  59  75  -2   0  10 0.00    M    M   M   M   M   M    M   M         M  M
14  92  63  78   2   0  13 0.00    M    M   M   M   M   M    M   M         M  M
15  97  63  80   4   0  15 0.00    M    M   M   M   M   M    M   M         M  M
16  98  62  80   4   0  15 0.00    M    M   M   M   M   M    M   M         M  M
17  96  59  78   2   0  13 0.00    M    M   M   M   M   M    M   M         M  M
18  92  59  76   0   0  11 0.00    M    M   M   M   M   M    M   M         M  M
19  86  60  73  -3   0   8 0.00    M    M   M   M   M   M    M   M         M  M
================================================================================
SM 1752 1182         0 238  0.00    M        M          M        M
================================================================================
AV 92.2 62.2                                 M FASTST   M    M   0    MAX(MPH)
                                 MISC ---->     M   M                  M    M
================================================================================
NOTES:
# LAST OF SEVERAL OCCURRENCES

COLUMN 17 PEAK WIND IN M.P.H.

PRELIMINARY LOCAL CLIMATOLOGICAL DATA (WS FORM: F-6) , PAGE 2

                                          STATION:  SACRAMENTO CITY
                                          MONTH:    AUGUST
                                          YEAR:     2014
                                          LATITUDE:   38 36 N
                                          LONGITUDE: 121 23 W

[TEMPERATURE DATA]      [PRECIPITATION DATA]       SYMBOLS USED IN COLUMN 16

AVERAGE MONTHLY: 77.2   TOTAL FOR MONTH:   0.00    1 = FOG OR MIST
DPTR FM NORMAL:   0.5   DPTR FM NORMAL:   -0.02    2 = FOG REDUCING VISIBILITY
HIGHEST:   107 ON  1    GRTST 24HR  0.00 ON 19-19      TO 1/4 MILE OR LESS
LOWEST:     58 ON 10                               3 = THUNDER
                        SNOW, ICE PELLETS, HAIL    4 = ICE PELLETS
                        TOTAL MONTH:    M          5 = HAIL
                        GRTST 24HR    M  ON   M    6 = FREEZING RAIN OR DRIZZLE
                        GRTST DEPTH:  M  ON   M    7 = DUSTSTORM OR SANDSTORM:
                                                       VSBY 1/2 MILE OR LESS
                                                   8 = SMOKE OR HAZE
[NO. OF DAYS WITH]      [WEATHER - DAYS WITH]      9 = BLOWING SNOW
                                                   X = TORNADO
MAX 32 OR BELOW:   0    0.01 INCH OR MORE:   0
MAX 90 OR ABOVE:  14    0.10 INCH OR MORE:   0
MIN 32 OR BELOW:   0    0.50 INCH OR MORE:   0
MIN  0 OR BELOW:   0    1.00 INCH OR MORE:   0

[HDD (BASE 65) ]
TOTAL THIS MO.     0    CLEAR  (SCALE 0-3)   0
DPTR FM NORMAL     0    PTCLDY (SCALE 4-7)   0
TOTAL FM JUL 1     0    CLOUDY (SCALE 8-10)  0
DPTR FM NORMAL     0

[CDD (BASE 65) ]
TOTAL THIS MO.   238
DPTR FM NORMAL    15    [PRESSURE DATA]
TOTAL FM JAN 1  1312    HIGHEST SLP M ON M
DPTR FM NORMAL   303    LOWEST  SLP M ON M

[REMARKS]
