000
CXUS53 KMPX 251000
CF6STP
PRELIMINARY LOCAL CLIMATOLOGICAL DATA (WS FORM: F-6)

                                          STATION:   ST PAUL MN
                                          MONTH:     AUGUST
                                          YEAR:      2016
                                          LATITUDE:   44 55 N
                                          LONGITUDE:  93  4 W

  TEMPERATURE IN F:       :PCPN:    SNOW:  WIND      :SUNSHINE: SKY     :PK WND
================================================================================
1   2   3   4   5  6A  6B    7    8   9   10  11  12  13   14  15   16   17  18
                                     12Z  AVG MX 2MIN
DY MAX MIN AVG DEP HDD CDD  WTR  SNW DPTH SPD SPD DIR MIN PSBL S-S WX    SPD DR
================================================================================

 1  84  69  77   3   0  12 0.00    M    M  9.7 17 130   M    M   5        23 110
 2  87  72  80   7   0  15 0.00    M    M  5.6 12 160   M    M   6 1      16 130
 3  89  71  80   7   0  15 0.00    M    M  6.4 15 190   M    M   1 1      19 170
 4  84  69  77   4   0  12 1.97    M    M 10.7 22 300   M    M   3 123    28 310
 5  77  63  70  -3   0   5 0.00    M    M 10.1 21 320   M    M   2        27 320
 6  80  60  70  -3   0   5 0.00    M    M  4.7 14 310   M    M   1        21 320
 7  82  61  72  -1   0   7 0.00    M    M  2.9  8 110   M    M   2        14 350
 8  81  62  72  -1   0   7 0.00    M    M  6.9 17 180   M    M   2        23 170
 9  86  67  77   4   0  12 0.00    M    M  7.5 17 200   M    M   4        25 220
10  89  68  79   6   0  14 2.06    M    M  9.2 31 330   M    M   4 13     41 360
11  84  68  76   4   0  11 1.07    M    M  5.6 17 140   M    M   6 1      21 130
12  80  68  74   2   0   9 0.16    M    M  5.5 14 340   M    M   5 1      16 330
13  80  65  73   1   0   8 0.00    M    M  8.0 17 290   M    M   3        24 230
14  82  62  72   0   0   7 0.00    M    M  5.1 15 320   M    M   1        16 320
15  81  62  72   0   0   7 0.00    M    M  5.0 12 140   M    M   1        14 140
16  86  64  75   3   0  10 0.27    M    M  4.7 23 250   M    M   3 13     29 250
17  84  63  74   2   0   9    T    M    M  2.0  9 120   M    M   2 1      11 110
18  84  67  76   4   0  11    T    M    M  5.2 16 140   M    M   2 1      20 160
19  77  65  71   0   0   6 0.70    M    M  7.3 23 250   M    M   8 13     31 260
20  69  59  64  -7   1   0 0.32    M    M  8.7 22 320   M    M   7 1      27 340
21  74  55  65  -6   0   0 0.00    M    M  7.4 17 290   M    M   3 8      22 290
22  83  57  70  -1   0   5 0.00    M    M 12.0 26 180   M    M   1        36 180
23  83  65  74   3   0   9 1.41    M    M 11.7 26 160   M    M   1 13     31 170
24  81  65  73   3   0   8 0.04    M    M  8.0 20 310   M    M   5 1      26 310
================================================================================
SM 1967 1547         1 204  8.00    M    169.9          M       78
================================================================================
AV 82.0 64.5                               7.1 FASTST   M    M   3    MAX(MPH)
                                 MISC ---->  # 31 330               # 41  360
================================================================================
NOTES:
# LAST OF SEVERAL OCCURRENCES

COLUMN 17 PEAK WIND IN M.P.H.

PRELIMINARY LOCAL CLIMATOLOGICAL DATA (WS FORM: F-6) , PAGE 2

                                          STATION:  ST PAUL MN
                                          MONTH:    AUGUST
                                          YEAR:     2016
                                          LATITUDE:   44 55 N
                                          LONGITUDE:  93  4 W

[TEMPERATURE DATA]      [PRECIPITATION DATA]       SYMBOLS USED IN COLUMN 16

AVERAGE MONTHLY: 73.2   TOTAL FOR MONTH:   8.00    1 = FOG OR MIST
DPTR FM NORMAL:   1.0   DPTR FM NORMAL:    4.67    2 = FOG REDUCING VISIBILITY
HIGHEST:    89 ON 10, 3 GRTST 24HR  3.13 ON 10-11      TO 1/4 MILE OR LESS
LOWEST:     55 ON 21                               3 = THUNDER
                        SNOW, ICE PELLETS, HAIL    4 = ICE PELLETS
                        TOTAL MONTH:    M          5 = HAIL
                        GRTST 24HR    M  ON   M    6 = FREEZING RAIN OR DRIZZLE
                        GRTST DEPTH:  M  ON   M    7 = DUSTSTORM OR SANDSTORM:
                                                       VSBY 1/2 MILE OR LESS
                                                   8 = SMOKE OR HAZE
[NO. OF DAYS WITH]      [WEATHER - DAYS WITH]      9 = BLOWING SNOW
                                                   X = TORNADO
MAX 32 OR BELOW:   0    0.01 INCH OR MORE:   9
MAX 90 OR ABOVE:   0    0.10 INCH OR MORE:   8
MIN 32 OR BELOW:   0    0.50 INCH OR MORE:   5
MIN  0 OR BELOW:   0    1.00 INCH OR MORE:   4

[HDD (BASE 65) ]
TOTAL THIS MO.     1    CLEAR  (SCALE 0-3)  14
DPTR FM NORMAL     1    PTCLDY (SCALE 4-7)  10
TOTAL FM JUL 1     3    CLOUDY (SCALE 8-10)  0
DPTR FM NORMAL    -1

[CDD (BASE 65) ]
TOTAL THIS MO.   204
DPTR FM NORMAL    27    [PRESSURE DATA]
TOTAL FM JAN 1   713    HIGHEST SLP M ON M
DPTR FM NORMAL    48    LOWEST  SLP 29.71 ON 11

[REMARKS]
