000
CXUS56 KMTR 191000
CF6STS
PRELIMINARY LOCAL CLIMATOLOGICAL DATA (WS FORM: F-6)

                                          STATION:   SANTA ROSA AIRPORT
                                          MONTH:     JANUARY
                                          YEAR:      2017
                                          LATITUDE:   38 30 N
                                          LONGITUDE: 122 49 W

  TEMPERATURE IN F:       :PCPN:    SNOW:  WIND      :SUNSHINE: SKY     :PK WND
================================================================================
1   2   3   4   5  6A  6B    7    8   9   10  11  12  13   14  15   16   17  18
                                     12Z  AVG MX 2MIN
DY MAX MIN AVG DEP HDD CDD  WTR  SNW DPTH SPD SPD DIR MIN PSBL S-S WX    SPD DR
================================================================================

 1  54  31  43  -3  22   0 0.00  0.0    0  4.1 25 320   M    M   6 12     33 330
 2  49  32  41  -5  24   0 0.07    M    0  2.3 10 150   M    M   8 18     15 180
 3  56  40  48   2  17   0 2.05    M    0  8.3 21 140   M    M  10 1      30 180
 4  56  40  48   2  17   0 0.22  0.0    0  4.0 14 340   M    M  10 12     16 240
 5  51  30  41  -5  24   0 0.00  0.0    0  1.9  7 290   M    M   4 12      9 310
 6  49  26  38  -8  27   0 0.02  0.0    0  2.3  8 310   M    M   5 1       9 180
 7  56  40  48   2  17   0 1.80  0.0    0  6.1 17 180   M    M  10 1      21 180
 8  60  54  57  11   8   0 3.58  0.0    0 14.1 33 180   M    M  10 1      45 180
 9  56  46  51   5  14   0 1.22    M    0  7.5 17 310   M    M   8 1      23 230
10  58  51  55   9  10   0 2.27  0.0    0 11.8 26 250   M    M  10 1      39 200
11  54  43  49   3  16   0 0.07    M    0  5.3 15 240   M    M   6 1      20 240
12  52  40  46   0  19   0 0.37  0.0    0  2.3 13  40   M    M   9 12     16  60
13  60  34  47   1  18   0 0.00  0.0    0  1.7  8 330   M    M   5 12      9 340
14  58  32  45  -1  20   0 0.00  0.0    0  2.8  9 170   M    M   4 12     11 170
15  49  33  41  -5  24   0 0.00  0.0    0  1.3  8 170   M    M   7 12     11 150
16  51  35  43  -3  22   0 0.00  0.0    0  1.0  6 280   M    M   8 128     7 360
17  51  36  44  -3  21   0    T  0.0    0  2.7  9 160   M    M   9 128    11 190
18  52  44  48   1  17   0 3.10    M    0  8.0 30 150   M    M  10 1      39 140
================================================================================
SM  972  687       337   0 14.77     0.0  87.5          M      139
================================================================================
AV 54.0 38.2                               4.9 FASTST   M    M   8    MAX(MPH)
                                 MISC ---->  # 33 180               # 45  180
================================================================================
NOTES:
# LAST OF SEVERAL OCCURRENCES

COLUMN 17 PEAK WIND IN M.P.H.

PRELIMINARY LOCAL CLIMATOLOGICAL DATA (WS FORM: F-6) , PAGE 2

                                          STATION:  SANTA ROSA AIRPORT
                                          MONTH:    JANUARY
                                          YEAR:     2017
                                          LATITUDE:   38 30 N
                                          LONGITUDE: 122 49 W

[TEMPERATURE DATA]      [PRECIPITATION DATA]       SYMBOLS USED IN COLUMN 16

AVERAGE MONTHLY: 46.1   TOTAL FOR MONTH:  14.77    1 = FOG OR MIST
DPTR FM NORMAL:  -0.0   DPTR FM NORMAL:    9.98    2 = FOG REDUCING VISIBILITY
HIGHEST:    60 ON 13, 8 GRTST 24HR  3.69 ON  7- 8      TO 1/4 MILE OR LESS
LOWEST:     26 ON  6                               3 = THUNDER
                        SNOW, ICE PELLETS, HAIL    4 = ICE PELLETS
                        TOTAL MONTH:   0.0 INCH    5 = HAIL
                        GRTST 24HR     0.0         6 = FREEZING RAIN OR DRIZZLE
                        GRTST DEPTH:   0           7 = DUSTSTORM OR SANDSTORM:
                                                       VSBY 1/2 MILE OR LESS
                                                   8 = SMOKE OR HAZE
[NO. OF DAYS WITH]      [WEATHER - DAYS WITH]      9 = BLOWING SNOW
                                                   X = TORNADO
MAX 32 OR BELOW:   0    0.01 INCH OR MORE:  11
MAX 90 OR ABOVE:   0    0.10 INCH OR MORE:   8
MIN 32 OR BELOW:   5    0.50 INCH OR MORE:   6
MIN  0 OR BELOW:   0    1.00 INCH OR MORE:   6

[HDD (BASE 65) ]
TOTAL THIS MO.   337    CLEAR  (SCALE 0-3)   0
DPTR FM NORMAL    -2    PTCLDY (SCALE 4-7)  10
TOTAL FM JUL 1  1417    CLOUDY (SCALE 8-10)  8
DPTR FM NORMAL  -107

[CDD (BASE 65) ]
TOTAL THIS MO.     0
DPTR FM NORMAL     0    [PRESSURE DATA]
TOTAL FM JAN 1     0    HIGHEST SLP M ON M
DPTR FM NORMAL     0    LOWEST  SLP 29.68 ON 10

[REMARKS]
