000
CXUS53 KGRB 230740
CF6SUE
PRELIMINARY LOCAL CLIMATOLOGICAL DATA (WS FORM: F-6)

                                          STATION:   STURGEON BAY WI
                                          MONTH:     APRIL
                                          YEAR:      2014
                                          LATITUDE:   44 55 N
                                          LONGITUDE:  87 25 W

  TEMPERATURE IN F:       :PCPN:    SNOW:  WIND      :SUNSHINE: SKY     :PK WND
================================================================================
1   2   3   4   5  6A  6B    7    8   9   10  11  12  13   14  15   16   17  18
                                     12Z  AVG MX 2MIN
DY MAX MIN AVG DEP HDD CDD  WTR  SNW DPTH SPD SPD DIR MIN PSBL S-S WX    SPD DR
================================================================================

 1  32  27  30   M  35   0 0.00  0.0    M 13.5 22 260   M    M   7        29 240
 2  37  23  30   M  35   0 0.00  0.0    0  6.2 12 350   M    M   1        16 350
 3  34  28  31   M  34   0 0.00  0.0    0 11.3 15  60   M    M   9        22  60
 4  34  27  31   M  34   0 0.30    M    0 12.5 22 330   M    M  10        31 320
 5  45  23  34   M  31   0 0.00  0.0    0  9.6 20 330   M    M   1        24 330
 6  52  30  41   M  24   0 0.00  0.0    0 12.9 23 170   M    M   5        30 180
 7  55  37  46   M  19   0 0.00  0.0    0  5.5 12  10   M    M   7         M  M
 8  55  30  43   M  22   0 0.00  0.0    0  8.6 15  10   M    M   6        17 360
 9  54  28  41   M  24   0 0.00  0.0    0 11.1 20 210   M    M   2        25 170
10  61  45  53   M  12   0 0.00  0.0    0 13.6 23 220   M    M   2        33 220
11  55  36  46   M  19   0 0.03    M    0  4.8 15 280   M    M   4        20 280
12  45  39  42   M  23   0 0.13    M    0  8.1 13  60   M    M   9        21  90
13  48  34  41   M  24   0 0.45    M    0 10.7 18  30   M    M  10        27  30
14  36  21  29   M  36   0 0.22    M    0 20.6 28 330   M    M   9        44 350
15  30  18  24   M  41   0 0.00  0.0    0  9.6 16 240   M    M   2        20 260
16  39  23  31   M  34   0 0.00  0.0    0  9.9 16 140   M    M   7        22 170
17  46  34  40   M  25   0 0.03    M    0  9.4 17 150   M    M   9        27 150
18  45  30  38   M  27   0 0.00  0.0    0  6.7 12 330   M    M   5         M  M
19  48  30  39   M  26   0 0.00  0.0    0 10.5 17 170   M    M   2        24 170
20  52  37  45   M  20   0 0.13    M    0 10.0 18 180   M    M  10        25 170
21  64  39  52   M  13   0 0.13    M    0  5.9 25 340   M    M   7 3      33 340
22  46  30  38   M  27   0 0.00  0.0    0 14.1 17 350   M    M   7        24 320
================================================================================
SM 1013  669       585   0  1.42     0.0 225.1          M      131
================================================================================
AV 46.0 30.4                              10.2 FASTST   M    M   6    MAX(MPH)
                                 MISC ---->    28   M                 44    M
================================================================================
NOTES:
# LAST OF SEVERAL OCCURRENCES

COLUMN 17 PEAK WIND IN M.P.H.

PRELIMINARY LOCAL CLIMATOLOGICAL DATA (WS FORM: F-6) , PAGE 2

                                          STATION:  STURGEON BAY WI
                                          MONTH:    APRIL
                                          YEAR:     2014
                                          LATITUDE:   44 55 N
                                          LONGITUDE:  87 25 W

[TEMPERATURE DATA]      [PRECIPITATION DATA]       SYMBOLS USED IN COLUMN 16

AVERAGE MONTHLY: 38.2   TOTAL FOR MONTH:   1.42    1 = FOG OR MIST
DPTR FM NORMAL:     M   DPTR FM NORMAL:       M    2 = FOG REDUCING VISIBILITY
HIGHEST:    64 ON 21    GRTST 24HR  0.45 ON 13-13      TO 1/4 MILE OR LESS
LOWEST:     18 ON 15                               3 = THUNDER
                        SNOW, ICE PELLETS, HAIL    4 = ICE PELLETS
                        TOTAL MONTH:   0.0 INCH    5 = HAIL
                        GRTST 24HR     0.0         6 = FREEZING RAIN OR DRIZZLE
                        GRTST DEPTH:   0           7 = DUSTSTORM OR SANDSTORM:
                                                       VSBY 1/2 MILE OR LESS
                                                   8 = SMOKE OR HAZE
[NO. OF DAYS WITH]      [WEATHER - DAYS WITH]      9 = BLOWING SNOW
                                                   X = TORNADO
MAX 32 OR BELOW:   2    0.01 INCH OR MORE:   8
MAX 90 OR ABOVE:   0    0.10 INCH OR MORE:   6
MIN 32 OR BELOW:  14    0.50 INCH OR MORE:   0
MIN  0 OR BELOW:   0    1.00 INCH OR MORE:   0

[HDD (BASE 65) ]
TOTAL THIS MO.   585    CLEAR  (SCALE 0-3)   6
DPTR FM NORMAL     M    PTCLDY (SCALE 4-7)   9
TOTAL FM JUL 1  8244    CLOUDY (SCALE 8-10)  7
DPTR FM NORMAL  8006

[CDD (BASE 65) ]
TOTAL THIS MO.     0
DPTR FM NORMAL     M    [PRESSURE DATA]
TOTAL FM JAN 1     0    HIGHEST SLP M ON M
DPTR FM NORMAL     0    LOWEST  SLP M ON M

[REMARKS]
