000
CXUS55 KFSD 210905
CF6SUX
PRELIMINARY LOCAL CLIMATOLOGICAL DATA (WS FORM: F-6)

                                          STATION:   SIOUX CITY IA
                                          MONTH:     JANUARY
                                          YEAR:      2018
                                          LATITUDE:   42 24 N
                                          LONGITUDE:  96 23 W

  TEMPERATURE IN F:       :PCPN:    SNOW:  WIND      :SUNSHINE: SKY     :PK WND
================================================================================
1   2   3   4   5  6A  6B    7    8   9   10  11  12  13   14  15   16   17  18
                                     12Z  AVG MX 2MIN
DY MAX MIN AVG DEP HDD CDD  WTR  SNW DPTH SPD SPD DIR MIN PSBL S-S WX    SPD DR
================================================================================

 1  -2 -25 -13 -33  78   0 0.00  0.0    6  5.1  9 290   M    M   0        12 290
 2  25 -28  -1 -21  66   0 0.00  0.0    6 13.1 29 330   M    M   3        37 350
 3  21  -2  10 -10  55   0    T    T    6 13.5 35 340   M    M   1 19     43 330
 4  12  -5   4 -16  61   0 0.00  0.0    6  7.4 18 130   M    M   5        21 140
 5  12   7  10 -10  55   0 0.00  0.0    6  8.7 13 100   M    M  10        15  70
 6  17   2  10 -10  55   0 0.00  0.0    6 13.1 23 170   M    M   5        28 170
 7  39  15  27   7  38   0 0.00  0.0    6  8.5 22 320   M    M   3        26 320
 8  46  14  30  10  35   0 0.00  0.0    2  6.5 13 120   M    M   0 12     15 120
 9  46  30  38  18  27   0 0.00  0.0    1 11.1 17 160   M    M   0         M  M
10  42  28  35  15  30   0    T    T    T 12.9 35 320   M    M   7 1      42 320
11  28   2  15  -5  50   0    T    T    T 28.2 44 330   M    M   8 1      52 330
12  10  -4   3 -17  62   0 0.00  0.0    T 11.2 21 340   M    M   5        24 330
13  15   0   8 -12  57   0 0.00  0.0    T  7.2 15 160   M    M   5        19 150
14  30  11  21   1  44   0 0.06  0.8    T 14.4 35 330   M    M   9 1      42 330
15  12  -3   5 -15  60   0    T    T    1 23.5 33 330   M    M   4 1      38 330
16  10  -5   3 -17  62   0    T    T    1 12.1 26 330   M    M   5 89     31 330
17  35  -4  16  -4  49   0 0.00  0.0    1  9.6 17 210   M    M   0        22 210
18  44  10  27   7  38   0 0.00  0.0    T  8.3 15 200   M    M   0        18 190
19  57  24  41  21  24   0 0.00  0.0    T  8.2 15 180   M    M   0        17 170
20  56  22  39  19  26   0 0.00  0.0    T  5.0 14  60   M    M   0        18  20
================================================================================
SM  555   89       972   0  0.06     0.8 227.6          M       70
================================================================================
AV 27.8  4.5                              11.4 FASTST   M    M   4    MAX(MPH)
                                 MISC ---->  # 44 330               # 52  330
================================================================================
NOTES:
# LAST OF SEVERAL OCCURRENCES

COLUMN 17 PEAK WIND IN M.P.H.

PRELIMINARY LOCAL CLIMATOLOGICAL DATA (WS FORM: F-6) , PAGE 2

                                          STATION:  SIOUX CITY IA
                                          MONTH:    JANUARY
                                          YEAR:     2018
                                          LATITUDE:   42 24 N
                                          LONGITUDE:  96 23 W

[TEMPERATURE DATA]      [PRECIPITATION DATA]       SYMBOLS USED IN COLUMN 16

AVERAGE MONTHLY: 16.1   TOTAL FOR MONTH:   0.06    1 = FOG OR MIST
DPTR FM NORMAL:  -3.9   DPTR FM NORMAL:   -0.34    2 = FOG REDUCING VISIBILITY
HIGHEST:    57 ON 19    GRTST 24HR  0.06 ON 14-14      TO 1/4 MILE OR LESS
LOWEST:    -28 ON  2                               3 = THUNDER
                        SNOW, ICE PELLETS, HAIL    4 = ICE PELLETS
                        TOTAL MONTH:   0.8 INCH    5 = HAIL
                        GRTST 24HR   0.8 ON 14-14  6 = FREEZING RAIN OR DRIZZLE
                        GRTST DEPTH:   6 ON  7, 6  7 = DUSTSTORM OR SANDSTORM:
                                                       VSBY 1/2 MILE OR LESS
                                                   8 = SMOKE OR HAZE
[NO. OF DAYS WITH]      [WEATHER - DAYS WITH]      9 = BLOWING SNOW
                                                   X = TORNADO
MAX 32 OR BELOW:  12    0.01 INCH OR MORE:   1
MAX 90 OR ABOVE:   0    0.10 INCH OR MORE:   0
MIN 32 OR BELOW:  20    0.50 INCH OR MORE:   0
MIN  0 OR BELOW:   9    1.00 INCH OR MORE:   0

[HDD (BASE 65) ]
TOTAL THIS MO.   972    CLEAR  (SCALE 0-3)   9
DPTR FM NORMAL    72    PTCLDY (SCALE 4-7)   9
TOTAL FM JUL 1  3569    CLOUDY (SCALE 8-10)  2
DPTR FM NORMAL  -123

[CDD (BASE 65) ]
TOTAL THIS MO.     0
DPTR FM NORMAL     0    [PRESSURE DATA]
TOTAL FM JAN 1     0    HIGHEST SLP M ON M
DPTR FM NORMAL     0    LOWEST  SLP 29.39 ON 10

[REMARKS]
