000
CXUS55 KFSD 190905
CF6SUX
PRELIMINARY LOCAL CLIMATOLOGICAL DATA (WS FORM: F-6)

                                          STATION:   SIOUX CITY IA
                                          MONTH:     NOVEMBER
                                          YEAR:      2017
                                          LATITUDE:   42 24 N
                                          LONGITUDE:  96 23 W

  TEMPERATURE IN F:       :PCPN:    SNOW:  WIND      :SUNSHINE: SKY     :PK WND
================================================================================
1   2   3   4   5  6A  6B    7    8   9   10  11  12  13   14  15   16   17  18
                                     12Z  AVG MX 2MIN
DY MAX MIN AVG DEP HDD CDD  WTR  SNW DPTH SPD SPD DIR MIN PSBL S-S WX    SPD DR
================================================================================

 1  46  31  39  -5  26   0 0.00  0.0    0  9.6 18 180   M    M   4        24 150
 2  49  32  41  -2  24   0 0.00  0.0    0  9.9 21 360   M    M   5        27  10
 3  46  28  37  -6  28   0    T  0.0    0  8.5 15  90   M    M   4        19  80
 4  52  37  45   3  20   0 0.00  0.0    0  7.3 14 150   M    M   7 1      19 130
 5  44  23  34  -8  31   0 0.00  0.0    0 15.9 26 350   M    M   5        31 340
 6  40  26  33  -8  32   0 0.00  0.0    0  6.9 15  80   M    M   9        19  30
 7  44  24  34  -7  31   0 0.00  0.0    0  5.8 13  40   M    M   8        15  30
 8  52  16  34  -6  31   0 0.00  0.0    0  8.4 18 220   M    M   2 1      25 230
 9  39  20  30 -10  35   0 0.00  0.0    0 13.6 24 360   M    M   2        31 360
10  33  16  25 -14  40   0 0.00  0.0    0 13.8 23 160   M    M   7        29 160
11  44  33  39   1  26   0 0.00  0.0    0  6.1 15 160   M    M  10        20 150
12  49  26  38   0  27   0 0.00  0.0    0  5.2 10 110   M    M   2        13  10
13  45  22  34  -3  31   0 0.00  0.0    0 10.5 18 170   M    M   6 1      25 170
14  53  43  48  11  17   0 0.00  0.0    0 10.1 23 320   M    M   9 1      28 320
15  47  18  33  -3  32   0 0.00  0.0    0 13.9 36 320   M    M   1        41 330
16  47  19  33  -3  32   0 0.00  0.0    0 10.8 20 140   M    M   0        31 140
17  59  38  49  14  16   0 0.06  0.0    0 10.9 20 340   M    M   6 1      22 150
18  41  24  33  -1  32   0 0.02  0.0    0 16.4 35 320   M    M   2        40 330
================================================================================
SM  830  476       511   0  0.08     0.0 183.6          M       89
================================================================================
AV 46.1 26.4                              10.2 FASTST   M    M   5    MAX(MPH)
                                 MISC ---->  # 36 320               # 41  330
================================================================================
NOTES:
# LAST OF SEVERAL OCCURRENCES

COLUMN 17 PEAK WIND IN M.P.H.

PRELIMINARY LOCAL CLIMATOLOGICAL DATA (WS FORM: F-6) , PAGE 2

                                          STATION:  SIOUX CITY IA
                                          MONTH:    NOVEMBER
                                          YEAR:     2017
                                          LATITUDE:   42 24 N
                                          LONGITUDE:  96 23 W

[TEMPERATURE DATA]      [PRECIPITATION DATA]       SYMBOLS USED IN COLUMN 16

AVERAGE MONTHLY: 36.3   TOTAL FOR MONTH:   0.08    1 = FOG OR MIST
DPTR FM NORMAL:  -2.9   DPTR FM NORMAL:   -0.72    2 = FOG REDUCING VISIBILITY
HIGHEST:    59 ON 17    GRTST 24HR  0.06 ON 17-17      TO 1/4 MILE OR LESS
LOWEST:     16 ON 10, 8                            3 = THUNDER
                        SNOW, ICE PELLETS, HAIL    4 = ICE PELLETS
                        TOTAL MONTH:   0.0 INCH    5 = HAIL
                        GRTST 24HR     0.0         6 = FREEZING RAIN OR DRIZZLE
                        GRTST DEPTH:   0           7 = DUSTSTORM OR SANDSTORM:
                                                       VSBY 1/2 MILE OR LESS
                                                   8 = SMOKE OR HAZE
[NO. OF DAYS WITH]      [WEATHER - DAYS WITH]      9 = BLOWING SNOW
                                                   X = TORNADO
MAX 32 OR BELOW:   0    0.01 INCH OR MORE:   2
MAX 90 OR ABOVE:   0    0.10 INCH OR MORE:   0
MIN 32 OR BELOW:  14    0.50 INCH OR MORE:   0
MIN  0 OR BELOW:   0    1.00 INCH OR MORE:   0

[HDD (BASE 65) ]
TOTAL THIS MO.   511    CLEAR  (SCALE 0-3)   6
DPTR FM NORMAL    47    PTCLDY (SCALE 4-7)   9
TOTAL FM JUL 1  1009    CLOUDY (SCALE 8-10)  3
DPTR FM NORMAL   -55

[CDD (BASE 65) ]
TOTAL THIS MO.     0
DPTR FM NORMAL     0    [PRESSURE DATA]
TOTAL FM JAN 1   951    HIGHEST SLP M ON M
DPTR FM NORMAL    82    LOWEST  SLP 29.50 ON  1

[REMARKS]
