000
CXUS55 KFSD 010905
CF6SUX
PRELIMINARY LOCAL CLIMATOLOGICAL DATA (WS FORM: F-6)

                                          STATION:   SIOUX CITY IA
                                          MONTH:     FEBRUARY
                                          YEAR:      2015
                                          LATITUDE:   42 24 N
                                          LONGITUDE:  96 23 W

  TEMPERATURE IN F:       :PCPN:    SNOW:  WIND      :SUNSHINE: SKY     :PK WND
================================================================================
1   2   3   4   5  6A  6B    7    8   9   10  11  12  13   14  15   16   17  18
                                     12Z  AVG MX 2MIN
DY MAX MIN AVG DEP HDD CDD  WTR  SNW DPTH SPD SPD DIR MIN PSBL S-S WX    SPD DR
================================================================================

 1  30   0  15  -7  50   0 0.17  3.4    7 22.1 35 360   M    M   9 12     42 350
 2  18 -13   3 -19  62   0 0.00  0.0    8  7.0 20 200   M    M   1        22 190
 3  25   2  14  -8  51   0 0.00  0.0    7  6.1 15 330   M    M   3        16 130
 4  20  -6   7 -15  58   0 0.01    T    7 13.8 25 330   M    M   3 1      29 330
 5  22 -11   6 -16  59   0 0.00  0.0    7 10.5 24 210   M    M   0 18     28 200
 6  37  16  27   4  38   0 0.00  0.0    6  8.9 14 150   M    M   0 1      18 150
 7  50  25  38  15  27   0 0.00  0.0    5  6.2 14 120   M    M   0 18     20  50
 8  45  32  39  16  26   0    T  0.0    0  8.0 20 320   M    M   8 1      22 330
 9  34  32  33  10  32   0 0.00  0.0    0  7.2 17 160   M    M  10 18     23 160
10  44  32  38  14  27   0    T  0.0    0 14.7 33 330   M    M   9 1      39 340
11  32  10  21  -3  44   0    T    T    0 24.9 35 350   M    M   8        43 330
12  20   5  13 -11  52   0    T  0.1    0  9.6 22 340   M    M   3        27 340
13  47  15  31   7  34   0 0.00  0.0    T  8.6 21 320   M    M   2        25 320
14  36  12  24  -1  41   0 0.00  0.0    0 14.2 30 360   M    M   7        39  10
15  19   9  14 -11  51   0 0.00  0.0    0 10.4 20 130   M    M  10        23 130
16  36  19  28   3  37   0 0.00  0.0    0 10.4 23 340   M    M   9        27 340
17  22  14  18  -8  47   0    T  0.1    T 15.1 29 320   M    M   5 1      36 320
18  15  -1   7 -19  58   0    T    T    T 15.0 25 340   M    M   2        31 340
19  23  -5   9 -17  56   0 0.00  0.0    0  9.6 22 170   M    M   4        27 170
20  49  15  32   5  33   0 0.00  0.0    0  8.0 20 190   M    M   4        23 190
21  36  14  25  -2  40   0    T    T    0 14.4 25 330   M    M   8 1      29 320
22  15  -2   7 -20  58   0 0.00  0.0    0 14.7 25 330   M    M   1        33 320
23  31  -9  11 -17  54   0 0.00  0.0    0 10.4 22 230   M    M   0        27 210
24  47  21  34   6  31   0    T  0.0    0 13.0 33 330   M    M   4        41 330
25  32   6  19  -9  46   0 0.14  1.3    0 17.5 29 360   M    M   9 126    33 360
26  12  -6   3 -26  62   0 0.00  0.0    1 14.9 26 350   M    M   3        32 340
27  18  -9   5 -24  60   0 0.00  0.0    1  6.2 13 140   M    M   0        16 150
28  29   0  15 -15  50   0 0.00  0.0    0 10.8 20 190   M    M   3        25 200
================================================================================
SM  844  217      1284   0  0.32     4.9 332.2          M      125
================================================================================
AV 30.1  7.8                              11.9 FASTST   M    M   4    MAX(MPH)
                                 MISC ---->  # 35 360               # 43  330
================================================================================
NOTES:
# LAST OF SEVERAL OCCURRENCES

COLUMN 17 PEAK WIND IN M.P.H.

PRELIMINARY LOCAL CLIMATOLOGICAL DATA (WS FORM: F-6) , PAGE 2

                                          STATION:  SIOUX CITY IA
                                          MONTH:    FEBRUARY
                                          YEAR:     2015
                                          LATITUDE:   42 24 N
                                          LONGITUDE:  96 23 W

[TEMPERATURE DATA]      [PRECIPITATION DATA]       SYMBOLS USED IN COLUMN 16

AVERAGE MONTHLY: 18.9   TOTAL FOR MONTH:   0.32    1 = FOG OR MIST
DPTR FM NORMAL:  -6.2   DPTR FM NORMAL:   -0.35    2 = FOG REDUCING VISIBILITY
HIGHEST:    50 ON  7    GRTST 24HR  0.41 ON 31- 1      TO 1/4 MILE OR LESS
LOWEST:    -13 ON  2                               3 = THUNDER
                        SNOW, ICE PELLETS, HAIL    4 = ICE PELLETS
                        TOTAL MONTH:   4.9 INCHES  5 = HAIL
                        GRTST 24HR   3.4 ON   M    6 = FREEZING RAIN OR DRIZZLE
                        GRTST DEPTH:   8 ON  2     7 = DUSTSTORM OR SANDSTORM:
                                                       VSBY 1/2 MILE OR LESS
                                                   8 = SMOKE OR HAZE
[NO. OF DAYS WITH]      [WEATHER - DAYS WITH]      9 = BLOWING SNOW
                                                   X = TORNADO
MAX 32 OR BELOW:  17    0.01 INCH OR MORE:   3
MAX 90 OR ABOVE:   0    0.10 INCH OR MORE:   2
MIN 32 OR BELOW:  28    0.50 INCH OR MORE:   0
MIN  0 OR BELOW:  11    1.00 INCH OR MORE:   0

[HDD (BASE 65) ]
TOTAL THIS MO.  1284    CLEAR  (SCALE 0-3)  12
DPTR FM NORMAL   166    PTCLDY (SCALE 4-7)  10
TOTAL FM JUL 1  5166    CLOUDY (SCALE 8-10)  6
DPTR FM NORMAL  -128

[CDD (BASE 65) ]
TOTAL THIS MO.     0
DPTR FM NORMAL     0    [PRESSURE DATA]
TOTAL FM JAN 1     0    HIGHEST SLP 30.90 ON 23
DPTR FM NORMAL     0    LOWEST  SLP 29.55 ON  7

[REMARKS]
#FINAL-02-15#
