000
CXUS54 KOUN 220700
CF6SWO
PRELIMINARY LOCAL CLIMATOLOGICAL DATA (WS FORM: F-6)

                                          STATION:   STILLWATER
                                          MONTH:     FEBRUARY
                                          YEAR:      2018
                                          LATITUDE:   36 10 N
                                          LONGITUDE:  97  5 W

  TEMPERATURE IN F:       :PCPN:    SNOW:  WIND      :SUNSHINE: SKY     :PK WND
================================================================================
1   2   3   4   5  6A  6B    7    8   9   10  11  12  13   14  15   16   17  18
                                     12Z  AVG MX 2MIN
DY MAX MIN AVG DEP HDD CDD  WTR  SNW DPTH SPD SPD DIR MIN PSBL S-S WX    SPD DR
================================================================================

 1  48  22  35  -4  30   0 0.00  0.0    0 14.4 26  20   M    M   0        34  20
 2  46  18  32  -7  33   0 0.00  0.0    0  8.3 16 180   M    M   0 8      19 190
 3  57  29  43   4  22   0 0.00  0.0    0 10.7 20 170   M    M   0        26 170
 4  39  15  27 -12  38   0 0.00  0.0    0 12.4 30 350   M    M   3        36 360
 5  40  10  25 -14  40   0 0.00  0.0    0  7.9 18 180   M    M   2        23 180
 6  32  16  24 -16  41   0 0.00  0.0    0  9.4 21  20   M    M   5        25  20
 7  44  16  30 -10  35   0 0.00  0.0    0  5.3 14  10   M    M   1        20  40
 8  62  16  39  -1  26   0 0.00  0.0    0  9.7 21 190   M    M   0        25 190
 9  62  29  46   6  19   0 0.00  0.0    0 10.3 21 360   M    M   0        28 350
10  29  19  24 -16  41   0 0.00  0.0    0 13.0 21 360   M    M  10 18     27 350
11  35   8  22 -18  43   0 0.00  0.0    0  6.7 17 340   M    M   4 1      23 340
12  46   6  26 -15  39   0 0.00  0.0    0  7.1 16 100   M    M   1 1      21  90
13  56  23  40  -1  25   0 0.00  0.0    0 10.0 20 180   M    M   6        23 180
14  74  45  60  19   5   0 0.00  0.0    0 12.5 22 210   M    M   5 18     27 210
15  80  54  67  25   0   2 0.00  0.0    0 13.8 29  10   M    M   1        34  10
16  54  33  44   2  21   0    T  0.0    0 13.8 31  10   M    M   1        39  10
17  62  33  48   6  17   0 0.52  0.0    0  6.5 21 150   M    M   3 1      25 150
18  61  33  47   5  18   0 0.00  0.0    0 14.7 29 170   M    M   7 1      37 180
19  70  39  55  13  10   0 0.01    M    0 11.6 28 180   M    M  10 138    37 190
20  40  23  32 -11  33   0 1.30    M    0 13.4 26 330   M    M   9 136    34 330
21  28  20  24 -19  41   0 0.02    M    0 13.0 22  20   M    M   7 16     27  20
================================================================================
SM 1065  507       577   2  1.85     0.0 224.5          M       75
================================================================================
AV 50.7 24.1                              10.7 FASTST   M    M   4    MAX(MPH)
                                 MISC ---->  # 31  10               # 39   10
================================================================================
NOTES:
# LAST OF SEVERAL OCCURRENCES

COLUMN 17 PEAK WIND IN M.P.H.

PRELIMINARY LOCAL CLIMATOLOGICAL DATA (WS FORM: F-6) , PAGE 2

                                          STATION:  STILLWATER
                                          MONTH:    FEBRUARY
                                          YEAR:     2018
                                          LATITUDE:   36 10 N
                                          LONGITUDE:  97  5 W

[TEMPERATURE DATA]      [PRECIPITATION DATA]       SYMBOLS USED IN COLUMN 16

AVERAGE MONTHLY: 37.4   TOTAL FOR MONTH:   1.85    1 = FOG OR MIST
DPTR FM NORMAL:  -3.2   DPTR FM NORMAL:    0.68    2 = FOG REDUCING VISIBILITY
HIGHEST:    80 ON 15    GRTST 24HR  1.30 ON 20-20      TO 1/4 MILE OR LESS
LOWEST:      6 ON 12                               3 = THUNDER
                        SNOW, ICE PELLETS, HAIL    4 = ICE PELLETS
                        TOTAL MONTH:   0.0 INCH    5 = HAIL
                        GRTST 24HR     0.0         6 = FREEZING RAIN OR DRIZZLE
                        GRTST DEPTH:   0           7 = DUSTSTORM OR SANDSTORM:
                                                       VSBY 1/2 MILE OR LESS
                                                   8 = SMOKE OR HAZE
[NO. OF DAYS WITH]      [WEATHER - DAYS WITH]      9 = BLOWING SNOW
                                                   X = TORNADO
MAX 32 OR BELOW:   3    0.01 INCH OR MORE:   4
MAX 90 OR ABOVE:   0    0.10 INCH OR MORE:   2
MIN 32 OR BELOW:  15    0.50 INCH OR MORE:   2
MIN  0 OR BELOW:   0    1.00 INCH OR MORE:   1

[HDD (BASE 65) ]
TOTAL THIS MO.   577    CLEAR  (SCALE 0-3)  12
DPTR FM NORMAL    64    PTCLDY (SCALE 4-7)   6
TOTAL FM JUL 1  2773    CLOUDY (SCALE 8-10)  3
DPTR FM NORMAL  -135

[CDD (BASE 65) ]
TOTAL THIS MO.     2
DPTR FM NORMAL     2    [PRESSURE DATA]
TOTAL FM JAN 1     2    HIGHEST SLP M ON M
DPTR FM NORMAL     2    LOWEST  SLP 29.68 ON 19

[REMARKS]
