000
CXUS54 KFWD 270730
CF6TKI
PRELIMINARY LOCAL CLIMATOLOGICAL DATA (WS FORM: F-6)

                                          STATION:   MCKINNEY
                                          MONTH:     FEBRUARY
                                          YEAR:      2015
                                          LATITUDE:   33 10 N
                                          LONGITUDE:  96 35 W

  TEMPERATURE IN F:       :PCPN:    SNOW:  WIND      :SUNSHINE: SKY     :PK WND
================================================================================
1   2   3   4   5  6A  6B    7    8   9   10  11  12  13   14  15   16   17  18
                                     12Z  AVG MX 2MIN
DY MAX MIN AVG DEP HDD CDD  WTR  SNW DPTH SPD SPD DIR MIN PSBL S-S WX    SPD DR
================================================================================

 1  59  32  46   1  19   0 0.33  0.0    0 16.6 30 330   M    M   6 1      38 330
 2  42  23  33 -12  32   0 0.00  0.0    0  7.2 25 340   M    M   0        36 320
 3  53  29  41  -5  24   0 0.00  0.0    0  8.3 18 170   M    M   1        22 160
 4  57  37  47   1  18   0 0.01  0.0    0 10.9 23 360   M    M   6 18     29 360
 5  37  29  33 -13  32   0    T  0.0    0  9.6 23 360   M    M  10 16     28 360
 6  55  30  43  -3  22   0 0.00  0.0    0  8.4 20 180   M    M   3 1      24 190
 7  69  38  54   8  11   0 0.00  0.0    0 16.7 29 170   M    M   1 1      35 180
 8  74  48  61  14   4   0 0.00  0.0    0  8.4 22 180   M    M   0 1      29 180
 9  74  43  59  12   6   0 0.00  0.0    0  6.3 15  10   M    M   0        19  30
10  70  39  55   8  10   0 0.00  0.0    0  8.1 21 160   M    M   0        25 150
11  66  43  55   8  10   0 0.00  0.0    0 11.1 22 360   M    M   0 8      29  10
12  55  35  45  -3  20   0 0.00  0.0    0  9.2 22  10   M    M   1        26  20
13  66  28  47  -1  18   0 0.00  0.0    0  5.0 17 210   M    M   0        21 210
14  78  33  56   8   9   0 0.00  0.0    0  4.7 14 200   M    M   0        17 220
15  62  44  53   5  12   0 0.11  0.0    0  7.9 18 130   M    M   5 1      23 140
16  55  28  42  -6  23   0 0.32    M    0 14.6 25 350   M    M   8 1      33 330
17  52  27  40  -9  25   0 0.05    M    0  6.6 30 330   M    M   4 1      37 330
18  56  26  41  -8  24   0 0.00  0.0    0  4.3 10  60   M    M   1 1      17  40
19  56  28  42  -7  23   0 0.00  0.0    0  8.0 20 160   M    M   0        24 160
20  69  43  56   7   9   0 0.01    M    0 15.1 33 180   M    M   7 1      43 190
21  67  45  56   6   9   0 0.00  0.0    0 13.6 28 190   M    M   6        37 210
22  49  28  39 -11  26   0 1.29    M    0 14.4 25  20   M    M   9 16     31 360
23  28  25  27 -23  38   0 0.22    M    M 13.5 25  30   M    M  10 146    34  30
24  33  24  29 -21  36   0 0.00  0.0    0  5.0 12 330   M    M   8        16 220
25  46  31  39 -12  26   0 0.47    M    0  2.5 12 350   M    M   6 168    16 330
26  38  29  34 -17  31   0 0.00  0.0    0 12.8 26 360   M    M   8 1      34  10
================================================================================
SM 1466  865       517   0  2.81     0.0 248.8          M      100
================================================================================
AV 56.4 33.3                               9.6 FASTST   M    M   4    MAX(MPH)
                                 MISC ---->  # 33 180               # 43  190
================================================================================
NOTES:
# LAST OF SEVERAL OCCURRENCES

COLUMN 17 PEAK WIND IN M.P.H.

PRELIMINARY LOCAL CLIMATOLOGICAL DATA (WS FORM: F-6) , PAGE 2

                                          STATION:  MCKINNEY
                                          MONTH:    FEBRUARY
                                          YEAR:     2015
                                          LATITUDE:   33 10 N
                                          LONGITUDE:  96 35 W

[TEMPERATURE DATA]      [PRECIPITATION DATA]       SYMBOLS USED IN COLUMN 16

AVERAGE MONTHLY: 44.8   TOTAL FOR MONTH:   2.81    1 = FOG OR MIST
DPTR FM NORMAL:  -3.1   DPTR FM NORMAL:    0.07    2 = FOG REDUCING VISIBILITY
HIGHEST:    78 ON 14    GRTST 24HR  1.50 ON 22-23      TO 1/4 MILE OR LESS
LOWEST:     23 ON  2                               3 = THUNDER
                        SNOW, ICE PELLETS, HAIL    4 = ICE PELLETS
                        TOTAL MONTH:   0.0 INCH    5 = HAIL
                        GRTST 24HR     0.0         6 = FREEZING RAIN OR DRIZZLE
                        GRTST DEPTH:   0           7 = DUSTSTORM OR SANDSTORM:
                                                       VSBY 1/2 MILE OR LESS
                                                   8 = SMOKE OR HAZE
[NO. OF DAYS WITH]      [WEATHER - DAYS WITH]      9 = BLOWING SNOW
                                                   X = TORNADO
MAX 32 OR BELOW:   1    0.01 INCH OR MORE:   9
MAX 90 OR ABOVE:   0    0.10 INCH OR MORE:   6
MIN 32 OR BELOW:  15    0.50 INCH OR MORE:   1
MIN  0 OR BELOW:   0    1.00 INCH OR MORE:   1

[HDD (BASE 65) ]
TOTAL THIS MO.   517    CLEAR  (SCALE 0-3)  12
DPTR FM NORMAL    70    PTCLDY (SCALE 4-7)  10
TOTAL FM JUL 1  2168    CLOUDY (SCALE 8-10)  4
DPTR FM NORMAL    18

[CDD (BASE 65) ]
TOTAL THIS MO.     0
DPTR FM NORMAL     0    [PRESSURE DATA]
TOTAL FM JAN 1     0    HIGHEST SLP M ON M
DPTR FM NORMAL    -1    LOWEST  SLP 29.63 ON 21

[REMARKS]
