000
CXUS52 KTAE 260800
CF6TLH
PRELIMINARY LOCAL CLIMATOLOGICAL DATA (WS FORM: F-6)

                                          STATION:   TALLAHASSEE
                                          MONTH:     NOVEMBER
                                          YEAR:      2014
                                          LATITUDE:   30 22 N
                                          LONGITUDE:  84 22 W

  TEMPERATURE IN F:       :PCPN:    SNOW:  WIND      :SUNSHINE: SKY     :PK WND
================================================================================
1   2   3   4   5  6A  6B    7    8   9   10  11  12  13   14  15   16   17  18
                                     12Z  AVG MX 2MIN
DY MAX MIN AVG DEP HDD CDD  WTR  SNW DPTH SPD SPD DIR MIN PSBL S-S WX    SPD DR
================================================================================

 1  60  43  52 -12  13   0 0.00  0.0    0 14.5 29 330   M    M   1        36 330
 2  66  35  51 -13  14   0 0.00  0.0    0  3.8 13 340   M    M   0        20 330
 3  71  30  51 -13  14   0 0.00  0.0    0  2.7 14 100   M    M   1        18 100
 4  77  37  57  -7   8   0 0.00  0.0    0  2.3 14 200   M    M   4 8      17 200
 5  82  50  66   3   0   1 0.00  0.0    0  2.0 12 160   M    M   6 8      15 200
 6  81  55  68   5   0   3 0.00  0.0    0  5.4 21 310   M    M   6 1      25 310
 7  68  42  55  -8  10   0 0.00  0.0    0  4.9 14  30   M    M   1        18  40
 8  66  37  52 -10  13   0 0.00  0.0    0  2.2 13 300   M    M   7 1       M  M
 9  71  44  58  -4   7   0 0.00    M    0  2.6 12 350   M    M   4        16 340
10  78  37  58  -4   7   0 0.00  0.0    0  2.4  8  20   M    M   1 18     15 320
11  77  38  58  -4   7   0 0.00  0.0    0  2.7 14 330   M    M   4        17 320
12  81  43  62   1   3   0 0.00    M    0  1.8  8 340   M    M   6        10 330
13  67  45  56  -5   9   0 0.00  0.0    0  7.6 15 340   M    M   8         M  M
14  58  35  47 -14  18   0 0.00  0.0    0  8.1 14 340   M    M   1        19 330
15  65  32  49 -11  16   0 0.00  0.0    0  3.6 12 100   M    M   0        15  80
16  76  43  60   0   5   0 0.00  0.0    0  5.1 17 190   M    M   7        20 190
17  73  45  59  -1   6   0 0.22    M    0 11.2 22 320   M    M   9 138    28 320
18  51  30  41 -19  24   0 0.00  0.0    0 11.1 21 350   M    M   2        27 350
19  55  22  39 -20  26   0 0.00  0.0    0  3.6 12  20   M    M   1        16 360
20  67  23  45 -14  20   0 0.00  0.0    0  1.2  9 350   M    M   1        12 330
21  72  33  53  -6  12   0 0.00  0.0    0  3.5 17 100   M    M   1        20 100
22  65  43  54  -4  11   0 1.79  0.0    0  7.7 16  70   M    M   8 1      22  70
23  75  63  69  11   0   4 1.72  0.0    0  7.8 24 250   M    M  10 13     35 280
24  76  63  70  12   0   5 1.50  0.0    0  5.1 17 190   M    M  10 13     23 190
25  63  48  56  -2   9   0 0.36    M    0  8.2 20 330   M    M  10 13     26 330
================================================================================
SM 1741 1016       252  13  5.59     0.0 131.1          M      109
================================================================================
AV 69.6 40.6                               5.2 FASTST   M    M   4    MAX(MPH)
                                 MISC ---->  # 29 330               # 36  330
================================================================================
NOTES:
# LAST OF SEVERAL OCCURRENCES

COLUMN 17 PEAK WIND IN M.P.H.

PRELIMINARY LOCAL CLIMATOLOGICAL DATA (WS FORM: F-6) , PAGE 2

                                          STATION:  TALLAHASSEE
                                          MONTH:    NOVEMBER
                                          YEAR:     2014
                                          LATITUDE:   30 22 N
                                          LONGITUDE:  84 22 W

[TEMPERATURE DATA]      [PRECIPITATION DATA]       SYMBOLS USED IN COLUMN 16

AVERAGE MONTHLY: 55.1   TOTAL FOR MONTH:   5.59    1 = FOG OR MIST
DPTR FM NORMAL:  -5.9   DPTR FM NORMAL:    2.74    2 = FOG REDUCING VISIBILITY
HIGHEST:    82 ON  5    GRTST 24HR  1.79 ON 22-22      TO 1/4 MILE OR LESS
LOWEST:     22 ON 19                               3 = THUNDER
                        SNOW, ICE PELLETS, HAIL    4 = ICE PELLETS
                        TOTAL MONTH:   0.0 INCH    5 = HAIL
                        GRTST 24HR     0.0         6 = FREEZING RAIN OR DRIZZLE
                        GRTST DEPTH:   0           7 = DUSTSTORM OR SANDSTORM:
                                                       VSBY 1/2 MILE OR LESS
                                                   8 = SMOKE OR HAZE
[NO. OF DAYS WITH]      [WEATHER - DAYS WITH]      9 = BLOWING SNOW
                                                   X = TORNADO
MAX 32 OR BELOW:   0    0.01 INCH OR MORE:   5
MAX 90 OR ABOVE:   0    0.10 INCH OR MORE:   5
MIN 32 OR BELOW:   5    0.50 INCH OR MORE:   3
MIN  0 OR BELOW:   0    1.00 INCH OR MORE:   3

[HDD (BASE 65) ]
TOTAL THIS MO.   252    CLEAR  (SCALE 0-3)  11
DPTR FM NORMAL   108    PTCLDY (SCALE 4-7)  10
TOTAL FM JUL 1   277    CLOUDY (SCALE 8-10)  4
DPTR FM NORMAL    86

[CDD (BASE 65) ]
TOTAL THIS MO.    13
DPTR FM NORMAL   -29    [PRESSURE DATA]
TOTAL FM JAN 1  2792    HIGHEST SLP M ON M
DPTR FM NORMAL   217    LOWEST  SLP 29.69 ON 23

[REMARKS]
