000
CXUS54 KBMX 191216
CF6TOI
PRELIMINARY LOCAL CLIMATOLOGICAL DATA (WS FORM: F-6)

                                          STATION:   TROY
                                          MONTH:     APRIL
                                          YEAR:      2014
                                          LATITUDE:   31 51 N
                                          LONGITUDE:  86  1 W

  TEMPERATURE IN F:       :PCPN:    SNOW:  WIND      :SUNSHINE: SKY     :PK WND
================================================================================
1   2   3   4   5  6A  6B    7    8   9   10  11  12  13   14  15   16   17  18
                                     12Z  AVG MX 2MIN
DY MAX MIN AVG DEP HDD CDD  WTR  SNW DPTH SPD SPD DIR MIN PSBL S-S WX    SPD DR
================================================================================

 1  82  42  62   2   3   0 0.00  0.0    0  4.3 20 310   M    M   2        24 320
 2  82  53  68   8   0   3 0.00  0.0    0  5.8 15 210   M    M   4 12     20 220
 3  85  62  74  14   0   9 0.00  0.0    0  8.7 22 180   M    M   3        29 210
 4  77  57  67   7   0   2 0.04  0.0    0  5.0 26 340   M    M   6 12     34 350
 5  73  59  66   5   0   1 0.00  0.0    0  4.0 12  20   M    M   8        14 350
 6  69  52  61   0   4   0 4.29  0.0    0  9.0 20  30   M    M  10 13     27  40
 7  75  55  65   4   0   0 1.19  0.0    0  9.9 20 320   M    M   7 13     31 290
 8  68  46  57  -4   8   0 0.00  0.0    0  7.1 21 260   M    M   4        27 270
 9  71  45  58  -4   7   0    T  0.0    0  8.0 21 330   M    M   3        27 340
10  77  41  59  -3   6   0 0.00  0.0    0  4.4 14 200   M    M   0        18 200
11  77  44  61  -1   4   0 0.00  0.0    0  2.9 14 220   M    M   1 1      19 250
12  82  48  65   3   0   0 0.00  0.0    0  2.9 14 190   M    M   0 1      18 150
13  84  53  69   7   0   4 0.00  0.0    0  5.3 17 160   M    M   3 1      25 150
14  77  60  69   6   0   4 1.15  0.0    0  5.8 20 190   M    M   6 13     26 160
15  65  38  52 -11  13   0 0.28  0.0    0 11.1 25 340   M    M   6 1      34 310
16  67  35  51 -12  14   0 0.00  0.0    0  6.6 16  90   M    M   0        22  70
17  70  45  58  -6   7   0 0.00  0.0    0  8.2 16  90   M    M   5        22 100
18  61  54  58  -6   7   0 1.84  0.0    0 11.8 24  50   M    M  10 1      38  40
================================================================================
SM 1342  889        73  23  8.79     0.0 120.8          M       78
================================================================================
AV 74.6 49.4                               6.7 FASTST   M    M   4    MAX(MPH)
                                 MISC ---->  # 26 340               # 38   40
================================================================================
NOTES:
# LAST OF SEVERAL OCCURRENCES

COLUMN 17 PEAK WIND IN M.P.H.

PRELIMINARY LOCAL CLIMATOLOGICAL DATA (WS FORM: F-6) , PAGE 2

                                          STATION:  TROY
                                          MONTH:    APRIL
                                          YEAR:     2014
                                          LATITUDE:   31 51 N
                                          LONGITUDE:  86  1 W

[TEMPERATURE DATA]      [PRECIPITATION DATA]       SYMBOLS USED IN COLUMN 16

AVERAGE MONTHLY: 62.0   TOTAL FOR MONTH:   8.79    1 = FOG OR MIST
DPTR FM NORMAL:   0.2   DPTR FM NORMAL:    6.00    2 = FOG REDUCING VISIBILITY
HIGHEST:    85 ON  3    GRTST 24HR  4.29 ON  5- 6      TO 1/4 MILE OR LESS
LOWEST:     35 ON 16                               3 = THUNDER
                        SNOW, ICE PELLETS, HAIL    4 = ICE PELLETS
                        TOTAL MONTH:   0.0 INCH    5 = HAIL
                        GRTST 24HR     0.0         6 = FREEZING RAIN OR DRIZZLE
                        GRTST DEPTH:   0           7 = DUSTSTORM OR SANDSTORM:
                                                       VSBY 1/2 MILE OR LESS
                                                   8 = SMOKE OR HAZE
[NO. OF DAYS WITH]      [WEATHER - DAYS WITH]      9 = BLOWING SNOW
                                                   X = TORNADO
MAX 32 OR BELOW:   0    0.01 INCH OR MORE:   6
MAX 90 OR ABOVE:   0    0.10 INCH OR MORE:   5
MIN 32 OR BELOW:   0    0.50 INCH OR MORE:   4
MIN  0 OR BELOW:   0    1.00 INCH OR MORE:   4

[HDD (BASE 65) ]
TOTAL THIS MO.    73    CLEAR  (SCALE 0-3)   8
DPTR FM NORMAL   -13    PTCLDY (SCALE 4-7)   7
TOTAL FM JUL 1  2310    CLOUDY (SCALE 8-10)  3
DPTR FM NORMAL    23

[CDD (BASE 65) ]
TOTAL THIS MO.    23
DPTR FM NORMAL    -4    [PRESSURE DATA]
TOTAL FM JAN 1    35    HIGHEST SLP M ON M
DPTR FM NORMAL   -11    LOWEST  SLP 29.64 ON  7

[REMARKS]
