000
CXUS51 KCLE 291147
CF6TOL
PRELIMINARY LOCAL CLIMATOLOGICAL DATA (WS FORM: F-6)

                                          STATION:   TOLEDO OH
                                          MONTH:     MARCH
                                          YEAR:      2015
                                          LATITUDE:   41 35 N
                                          LONGITUDE:  83 48 W

  TEMPERATURE IN F:       :PCPN:    SNOW:  WIND      :SUNSHINE: SKY     :PK WND
================================================================================
1   2   3   4   5  6A  6B    7    8   9   10  11  12  13   14  15   16   17  18
                                     12Z  AVG MX 2MIN
DY MAX MIN AVG DEP HDD CDD  WTR  SNW DPTH SPD SPD DIR MIN PSBL S-S WX    SPD DR
================================================================================

 1  23  10  17 -15  48   0 0.32  4.1    7  3.5 13 260   M    M   8 128    15 260
 2  28   7  18 -14  47   0 0.00  0.0    9  9.5 16 270   M    M   2 18     20 260
 3  36  21  29  -4  36   0 0.08  0.2    9  8.7 26 270   M    M  10 168    32 270
 4  34  16  25  -8  40   0 0.00  0.0    6 11.4 22 310   M    M   7        29 320
 5  18   1  10 -24  55   0 0.00  0.0    6  6.0 16 340   M    M   0        22 330
 6  22  -5   9 -25  56   0 0.00  0.0    6  8.7 21 230   M    M   1 18     29 230
 7  40  19  30  -4  35   0 0.00  0.0    6 11.2 23 230   M    M   3        31 240
 8  39  24  32  -2  33   0 0.00  0.0    5  9.0 16 240   M    M   4 18     18 230
 9  47  25  36   1  29   0 0.00  0.0    3  3.5 10 280   M    M   1 18     13 280
10  47  27  37   2  28   0 0.00  0.0    2  1.9  8 240   M    M   7 128     9 240
11  52  30  41   5  24   0 0.00  0.0    T  4.7 12 250   M    M   5 128    14  70
12  46  28  37   1  28   0 0.00  0.0    0  7.2 14  90   M    M   0 1      18 100
13  48  27  38   2  27   0    T  0.0    0  4.1 12 230   M    M   5 1      14 230
14  51  38  45   8  20   0 0.01  0.0    0 11.1 21 310   M    M   7 128    29 290
15  54  29  42   5  23   0 0.00  0.0    0  6.9 17 320   M    M   1        22 320
16  63  44  54  16  11   0 0.00  0.0    0 10.8 18 240   M    M   0        22 240
17  56  28  42   4  23   0 0.00  0.0    0 13.2 26 350   M    M   2        35 330
18  49  22  36  -2  29   0 0.00  0.0    0  8.4 20 320   M    M   0        31 300
19  41  27  34  -5  31   0 0.00  0.0    0  9.1 16  60   M    M   3        20  80
20  48  31  40   1  25   0 0.00  0.0    0  6.5 17 250   M    M  10        22 270
21  51  31  41   2  24   0 0.00  0.0    0 11.6 20 250   M    M   6 18     28 250
22  38  24  31  -9  34   0 0.00  0.0    0  5.7 14  30   M    M   4        17  40
23  30  21  26 -14  39   0    T    T    0  7.8 16  50   M    M   7 18     18  70
24  39  17  28 -13  37   0 0.00  0.0    0  8.6 15  60   M    M   0        20  70
25  50  28  39  -2  26   0 0.26  0.0    0 12.9 31 250   M    M   7 18     39 250
26  44  32  38  -3  27   0 0.60  1.1    0  6.9 17 310   M    M  10 12     22 300
27  34  18  26 -16  39   0    T    T    0  9.8 17 350   M    M   8        24 340
28  36  14  25 -17  40   0 0.00  0.0    0  6.7 17  10   M    M   1        23 360
================================================================================
SM 1164  634       914   0  1.27     5.4 225.4          M      119
================================================================================
AV 41.6 22.6                               8.1 FASTST   M    M   4    MAX(MPH)
                                 MISC ---->  # 31 250               # 39  250
================================================================================
NOTES:
# LAST OF SEVERAL OCCURRENCES

COLUMN 17 PEAK WIND IN M.P.H.

PRELIMINARY LOCAL CLIMATOLOGICAL DATA (WS FORM: F-6) , PAGE 2

                                          STATION:  TOLEDO OH
                                          MONTH:    MARCH
                                          YEAR:     2015
                                          LATITUDE:   41 35 N
                                          LONGITUDE:  83 48 W

[TEMPERATURE DATA]      [PRECIPITATION DATA]       SYMBOLS USED IN COLUMN 16

AVERAGE MONTHLY: 32.1   TOTAL FOR MONTH:   1.27    1 = FOG OR MIST
DPTR FM NORMAL:  -4.9   DPTR FM NORMAL:   -0.93    2 = FOG REDUCING VISIBILITY
HIGHEST:    63 ON 16    GRTST 24HR  0.60 ON 26-26      TO 1/4 MILE OR LESS
LOWEST:     -5 ON  6                               3 = THUNDER
                        SNOW, ICE PELLETS, HAIL    4 = ICE PELLETS
                        TOTAL MONTH:   5.4 INCHES  5 = HAIL
                        GRTST 24HR   4.1 ON   M    6 = FREEZING RAIN OR DRIZZLE
                        GRTST DEPTH:   9 ON  3, 2  7 = DUSTSTORM OR SANDSTORM:
                                                       VSBY 1/2 MILE OR LESS
                                                   8 = SMOKE OR HAZE
[NO. OF DAYS WITH]      [WEATHER - DAYS WITH]      9 = BLOWING SNOW
                                                   X = TORNADO
MAX 32 OR BELOW:   5    0.01 INCH OR MORE:   5
MAX 90 OR ABOVE:   0    0.10 INCH OR MORE:   3
MIN 32 OR BELOW:  26    0.50 INCH OR MORE:   1
MIN  0 OR BELOW:   1    1.00 INCH OR MORE:   0

[HDD (BASE 65) ]
TOTAL THIS MO.   914    CLEAR  (SCALE 0-3)  13
DPTR FM NORMAL   130    PTCLDY (SCALE 4-7)  11
TOTAL FM JUL 1  6170    CLOUDY (SCALE 8-10)  4
DPTR FM NORMAL   810

[CDD (BASE 65) ]
TOTAL THIS MO.     0
DPTR FM NORMAL     0    [PRESSURE DATA]
TOTAL FM JAN 1     0    HIGHEST SLP M ON M
DPTR FM NORMAL     0    LOWEST  SLP 29.60 ON  3

[REMARKS]
