000
CXUS51 KCLE 210804
CF6TOL
PRELIMINARY LOCAL CLIMATOLOGICAL DATA (WS FORM: F-6)

                                          STATION:   TOLEDO OH
                                          MONTH:     OCTOBER
                                          YEAR:      2014
                                          LATITUDE:   41 35 N
                                          LONGITUDE:  83 48 W

  TEMPERATURE IN F:       :PCPN:    SNOW:  WIND      :SUNSHINE: SKY     :PK WND
================================================================================
1   2   3   4   5  6A  6B    7    8   9   10  11  12  13   14  15   16   17  18
                                     12Z  AVG MX 2MIN
DY MAX MIN AVG DEP HDD CDD  WTR  SNW DPTH SPD SPD DIR MIN PSBL S-S WX    SPD DR
================================================================================

 1  69  46  58   0   7   0 0.00  0.0    0  1.8 10  70   M    M   3 12     12  70
 2  77  47  62   5   3   0 0.24  0.0    0  3.4  9 300   M    M   5 128    14 140
 3  69  48  59   2   6   0 0.49  0.0    0 11.0 29 240   M    M   7 18     36 240
 4  49  40  45 -11  20   0 0.08  0.0    0 14.5 30 240   M    M  10 1      40 240
 5  56  40  48  -8  17   0    T  0.0    0  9.9 22 230   M    M   9        30 240
 6  58  43  51  -5  14   0 0.18  0.0    0  5.1 17 200   M    M   6 12     23 200
 7  57  44  51  -4  14   0 0.16  0.0    0  5.1 13 200   M    M   5 12     16 200
 8  62  45  54  -1  11   0 0.00  0.0    0 11.6 26 270   M    M   1        37 270
 9  61  40  51  -3  14   0 0.00  0.0    0  4.7 17 260   M    M   0 8      21 250
10  58  38  48  -6  17   0 0.00  0.0    0  3.2 12  60   M    M   1        15  20
11  59  35  47  -7  18   0 0.00  0.0    0  3.6 15  50   M    M   0        18  60
12  61  31  46  -8  19   0 0.00  0.0    0  5.8 17  90   M    M   2        23  90
13  76  52  64  11   1   0 0.06  0.0    0  5.7 15 190   M    M   8 1      22 170
14  72  57  65  12   0   0 0.31  0.0    0  8.5 25 220   M    M   8 1      36 210
15  63  51  57   5   8   0 0.12  0.0    0  4.2 12  80   M    M   8 12     15 200
16  66  53  60   8   5   0 0.02  0.0    0  4.6 16 290   M    M   9 12     21 280
17  68  52  60   8   5   0    T  0.0    0 13.6 24 250   M    M   9 1      30 270
18  52  44  48  -4  17   0 0.01    M    0 10.1 25 290   M    M   9 1      32 300
19  52  33  43  -8  22   0 0.00  0.0    0  6.0 10 230   M    M   1         M  M
20  56  46  51   0  14   0 0.05    M    0  6.9 18 240   M    M  10 1      24 240
================================================================================
SM 1241  885       232   0  1.72     0.0 139.3          M      111
================================================================================
AV 62.0 44.2                               7.0 FASTST   M    M   6    MAX(MPH)
                                 MISC ---->  # 30 240               # 40  240
================================================================================
NOTES:
# LAST OF SEVERAL OCCURRENCES

COLUMN 17 PEAK WIND IN M.P.H.

PRELIMINARY LOCAL CLIMATOLOGICAL DATA (WS FORM: F-6) , PAGE 2

                                          STATION:  TOLEDO OH
                                          MONTH:    OCTOBER
                                          YEAR:     2014
                                          LATITUDE:   41 35 N
                                          LONGITUDE:  83 48 W

[TEMPERATURE DATA]      [PRECIPITATION DATA]       SYMBOLS USED IN COLUMN 16

AVERAGE MONTHLY: 53.2   TOTAL FOR MONTH:   1.72    1 = FOG OR MIST
DPTR FM NORMAL:  -0.9   DPTR FM NORMAL:    0.02    2 = FOG REDUCING VISIBILITY
HIGHEST:    77 ON  2    GRTST 24HR  0.65 ON  2- 3      TO 1/4 MILE OR LESS
LOWEST:     31 ON 12                               3 = THUNDER
                        SNOW, ICE PELLETS, HAIL    4 = ICE PELLETS
                        TOTAL MONTH:   0.0 INCH    5 = HAIL
                        GRTST 24HR     0.0         6 = FREEZING RAIN OR DRIZZLE
                        GRTST DEPTH:   0           7 = DUSTSTORM OR SANDSTORM:
                                                       VSBY 1/2 MILE OR LESS
                                                   8 = SMOKE OR HAZE
[NO. OF DAYS WITH]      [WEATHER - DAYS WITH]      9 = BLOWING SNOW
                                                   X = TORNADO
MAX 32 OR BELOW:   0    0.01 INCH OR MORE:  11
MAX 90 OR ABOVE:   0    0.10 INCH OR MORE:   6
MIN 32 OR BELOW:   1    0.50 INCH OR MORE:   0
MIN  0 OR BELOW:   0    1.00 INCH OR MORE:   0

[HDD (BASE 65) ]
TOTAL THIS MO.   232    CLEAR  (SCALE 0-3)   6
DPTR FM NORMAL     5    PTCLDY (SCALE 4-7)   6
TOTAL FM JUL 1   371    CLOUDY (SCALE 8-10)  8
DPTR FM NORMAL    20

[CDD (BASE 65) ]
TOTAL THIS MO.     0
DPTR FM NORMAL    -8    [PRESSURE DATA]
TOTAL FM JAN 1   654    HIGHEST SLP M ON M
DPTR FM NORMAL  -138    LOWEST  SLP 29.52 ON 17

[REMARKS]
