000
CXUS53 KTOP 270200
CF6TOP
PRELIMINARY LOCAL CLIMATOLOGICAL DATA (WS FORM: F-6)

                                          STATION:   Topeka KS
                                          MONTH:     DECEMBER
                                          YEAR:      2014
                                          LATITUDE:   39  4 N
                                          LONGITUDE:  95 38 W

  TEMPERATURE IN F:       :PCPN:    SNOW:  WIND      :SUNSHINE: SKY     :PK WND
================================================================================
1   2   3   4   5  6A  6B    7    8   9   10  11  12  13   14  15   16   17  18
                                     12Z  AVG MX 2MIN
DY MAX MIN AVG DEP HDD CDD  WTR  SNW DPTH SPD SPD DIR MIN PSBL S-S WX    SPD DR
================================================================================

 1  30  16  23 -13  42   0 0.00  0.0    0  9.3 21 360   M    M   0        26 360
 2  44  19  32  -4  33   0 0.00  0.0    0  7.2 18 180   M    M   3        23 190
 3  45  21  33  -2  32   0 0.00  0.0    0  4.8 14  40   M    M   0        20  30
 4  42  35  39   4  26   0 0.00  0.0    0  5.2  9 120   M    M   9 18     12 130
 5  48  41  45  10  20   0 1.04  0.0    0  5.9 12 360   M    M  10 1      14  10
 6  43  36  40   6  25   0    T  0.0    0  7.5 14 360   M    M  10 1      16 360
 7  45  35  40   6  25   0 0.03  0.0    0  7.3 15 170   M    M  10 1      21 150
 8  56  37  47  13  18   0 0.00  0.0    0  6.6 21 360   M    M   3 1      27  20
 9  37  27  32  -1  33   0 0.00  0.0    0  6.4 14  10   M    M   1        16  20
10  36  28  32  -1  33   0 0.02  0.0    0  6.5 12  90   M    M  10 1      14  80
11  40  35  38   5  27   0 0.00  0.0    0  3.8  8  80   M    M  10 1       9  70
12  54  40  47  15  18   0 0.00  0.0    0  5.9 14 160   M    M  10 18     17 160
13  57  49  53  21  12   0 0.00  0.0    0  8.0 15 160   M    M  10 1      19 150
14  62  50  56  24   9   0 0.72  0.0    0 10.8 20 110   M    M  10 1      25 110
15  54  32  43  11  22   0 0.10    T    0 13.2 25 310   M    M  10 13     34 300
16  35  28  32   0  33   0 0.00  0.0    0 13.8 29 310   M    M   9        36 300
17  31  24  28  -3  37   0 0.07  0.9    0  5.2 12 350   M    M   9 1      14 360
18  34  29  32   1  33   0 0.11  1.1    2  3.5 10  70   M    M  10 18     12  70
19  34  30  32   1  33   0 0.00  0.0    1  3.5  9 260   M    M  10 1      12 200
20  51  31  41  10  24   0 0.00  0.0    T  7.5 15 230   M    M   4        19 200
21  47  36  42  11  23   0 0.01  0.0    0 10.2 18 160   M    M   9 18     23 170
22  50  42  46  16  19   0 0.13  0.0    0  8.4 16 270   M    M   9 1      21 260
23  44  34  39   9  26   0 0.01  0.0    0  9.4 20 340   M    M   7        27 320
24  37  31  34   4  31   0 0.02    T    0 10.3 18 310   M    M   8        23 330
25  56  32  44  14  21   0 0.00  0.0    0 12.6 29 180   M    M   0        40 170
================================================================================
SM 1112  818       655   0  2.26     2.0 192.8          M      181
================================================================================
AV 44.5 32.7                               7.7 FASTST   M    M   7    MAX(MPH)
                                 MISC ---->  # 29 310               # 40  170
================================================================================
NOTES:
# LAST OF SEVERAL OCCURRENCES

COLUMN 17 PEAK WIND IN M.P.H.

PRELIMINARY LOCAL CLIMATOLOGICAL DATA (WS FORM: F-6) , PAGE 2

                                          STATION:  Topeka KS
                                          MONTH:    DECEMBER
                                          YEAR:     2014
                                          LATITUDE:   39  4 N
                                          LONGITUDE:  95 38 W

[TEMPERATURE DATA]      [PRECIPITATION DATA]       SYMBOLS USED IN COLUMN 16

AVERAGE MONTHLY: 38.6   TOTAL FOR MONTH:   2.26    1 = FOG OR MIST
DPTR FM NORMAL:   6.1   DPTR FM NORMAL:    1.10    2 = FOG REDUCING VISIBILITY
HIGHEST:    62 ON 14    GRTST 24HR  1.04 ON  5- 5      TO 1/4 MILE OR LESS
LOWEST:     16 ON  1                               3 = THUNDER
                        SNOW, ICE PELLETS, HAIL    4 = ICE PELLETS
                        TOTAL MONTH:   2.0 INCHES  5 = HAIL
                        GRTST 24HR   1.1 ON   M    6 = FREEZING RAIN OR DRIZZLE
                        GRTST DEPTH:   2 ON 18     7 = DUSTSTORM OR SANDSTORM:
                                                       VSBY 1/2 MILE OR LESS
                                                   8 = SMOKE OR HAZE
[NO. OF DAYS WITH]      [WEATHER - DAYS WITH]      9 = BLOWING SNOW
                                                   X = TORNADO
MAX 32 OR BELOW:   2    0.01 INCH OR MORE:  11
MAX 90 OR ABOVE:   0    0.10 INCH OR MORE:   5
MIN 32 OR BELOW:  13    0.50 INCH OR MORE:   2
MIN  0 OR BELOW:   0    1.00 INCH OR MORE:   1

[HDD (BASE 65) ]
TOTAL THIS MO.   655    CLEAR  (SCALE 0-3)   6
DPTR FM NORMAL  -158    PTCLDY (SCALE 4-7)   2
TOTAL FM JUL 1  1686    CLOUDY (SCALE 8-10) 17
DPTR FM NORMAL  -121

[CDD (BASE 65) ]
TOTAL THIS MO.     0
DPTR FM NORMAL     0    [PRESSURE DATA]
TOTAL FM JAN 1  1611    HIGHEST SLP M ON M
DPTR FM NORMAL   189    LOWEST  SLP 29.45 ON 22

[REMARKS]
