000
CXUS55 KCYS 221000
CF6TOR
PRELIMINARY LOCAL CLIMATOLOGICAL DATA (WS FORM: F-6)

                                          STATION:   TORRINGTON WY AIRPORT
                                          MONTH:     MAY
                                          YEAR:      2015
                                          LATITUDE:   42  3 N
                                          LONGITUDE: 104  9 W

  TEMPERATURE IN F:       :PCPN:    SNOW:  WIND      :SUNSHINE: SKY     :PK WND
================================================================================
1   2   3   4   5  6A  6B    7    8   9   10  11  12  13   14  15   16   17  18
                                     12Z  AVG MX 2MIN
DY MAX MIN AVG DEP HDD CDD  WTR  SNW DPTH SPD SPD DIR MIN PSBL S-S WX    SPD DR
================================================================================

 1  72  46  59   7   6   0    T    M    M  7.0 22 200   M    M   5        26 190
 2  82  43  63  11   2   0 0.00    M    M  8.7 25 260   M    M   0 1      34 260
 3  73  47  60   7   5   0    T    M    M  9.8 21  50   M    M   2        27 340
 4  60  44  52  -1  13   0    T    M    M 12.4 22 120   M    M   7        27 120
 5  62  45  54   1  11   0 0.02    M    M 12.3 23 130   M    M  10 1      29 120
 6  61  48  55   1  10   0 0.79    M    M 11.7 26 340   M    M  10 1      35 340
 7  60  42  51  -3  14   0 0.01    M    M 10.6 24 320   M    M   9        30 330
 8  54  42  48  -6  17   0 0.09    M    M 11.6 20 120   M    M  10 1      25 110
 9  49  29  39 -15  26   0 1.49    M    M 17.4 33  60   M    M  10 12     39  60
10  38  29  34 -21  31   0 0.46    M    M 15.3 26 330   M    M   7 12     35 330
11  53  26  40 -15  25   0 0.00    M    M  8.8 17 300   M    M   0        22 300
12  75  30  53  -2  12   0 0.00    M    M 11.0 22 160   M    M   0        26 130
13  61  44  53  -3  12   0    T    M    M  5.3 15 130   M    M   5        19 130
14  74  37  56   0   9   0 0.00    M    M  8.8 24  80   M    M   2 12     30  80
15  66  43  55  -1  10   0 0.81    M    M 11.9 45 110   M    M   6 13     63 110
16  69  39  54  -3  11   0 0.00    M    M  5.8 22 220   M    M   1        29 210
17  64  42  53  -4  12   0    T    M    M 16.0 31 320   M    M   4        40 320
18  59  41  50  -7  15   0 0.02    M    M  8.1 17  90   M    M  10        23  90
19  47  32  40 -18  25   0 0.69    M    M 12.7 23 100   M    M   9 1      30 100
20  46  33  40 -18  25   0 0.01    M    M  5.5 12  80   M    M  10 1      13  90
21  56  40  48 -10  17   0 0.00    M    M 10.9 22 150   M    M  10        29 170
================================================================================
SM 1281  822       308   0  4.39    M    221.6          M      127
================================================================================
AV 61.0 39.1                              10.6 FASTST   M    M   6    MAX(MPH)
                                 MISC ---->  # 45 110               # 63  110
================================================================================
NOTES:
# LAST OF SEVERAL OCCURRENCES

COLUMN 17 PEAK WIND IN M.P.H.

PRELIMINARY LOCAL CLIMATOLOGICAL DATA (WS FORM: F-6) , PAGE 2

                                          STATION:  TORRINGTON WY AIRPORT
                                          MONTH:    MAY
                                          YEAR:     2015
                                          LATITUDE:   42  3 N
                                          LONGITUDE: 104  9 W

[TEMPERATURE DATA]      [PRECIPITATION DATA]       SYMBOLS USED IN COLUMN 16

AVERAGE MONTHLY: 50.1   TOTAL FOR MONTH:   4.39    1 = FOG OR MIST
DPTR FM NORMAL:  -5.0   DPTR FM NORMAL:    2.99    2 = FOG REDUCING VISIBILITY
HIGHEST:    82 ON  2    GRTST 24HR  1.58 ON  8- 9      TO 1/4 MILE OR LESS
LOWEST:     26 ON 11                               3 = THUNDER
                        SNOW, ICE PELLETS, HAIL    4 = ICE PELLETS
                        TOTAL MONTH:    M          5 = HAIL
                        GRTST 24HR    M  ON   M    6 = FREEZING RAIN OR DRIZZLE
                        GRTST DEPTH:  M  ON   M    7 = DUSTSTORM OR SANDSTORM:
                                                       VSBY 1/2 MILE OR LESS
                                                   8 = SMOKE OR HAZE
[NO. OF DAYS WITH]      [WEATHER - DAYS WITH]      9 = BLOWING SNOW
                                                   X = TORNADO
MAX 32 OR BELOW:   0    0.01 INCH OR MORE:  10
MAX 90 OR ABOVE:   0    0.10 INCH OR MORE:   5
MIN 32 OR BELOW:   5    0.50 INCH OR MORE:   4
MIN  0 OR BELOW:   0    1.00 INCH OR MORE:   1

[HDD (BASE 65) ]
TOTAL THIS MO.   308    CLEAR  (SCALE 0-3)   6
DPTR FM NORMAL    91    PTCLDY (SCALE 4-7)   6
TOTAL FM JUL 1  6180    CLOUDY (SCALE 8-10)  9
DPTR FM NORMAL  -269

[CDD (BASE 65) ]
TOTAL THIS MO.     0
DPTR FM NORMAL     0    [PRESSURE DATA]
TOTAL FM JAN 1     0    HIGHEST SLP M ON M
DPTR FM NORMAL    -1    LOWEST  SLP 29.52 ON M

[REMARKS]
