000
CXUS56 KLKN 301009
CF6TPH
PRELIMINARY LOCAL CLIMATOLOGICAL DATA (WS FORM: F-6)

                                          STATION:   TONOPAH AIRPORT NV
                                          MONTH:     APRIL
                                          YEAR:      2016
                                          LATITUDE:   38  3 N
                                          LONGITUDE: 117  5 W

  TEMPERATURE IN F:       :PCPN:    SNOW:  WIND      :SUNSHINE: SKY     :PK WND
================================================================================
1   2   3   4   5  6A  6B    7    8   9   10  11  12  13   14  15   16   17  18
                                     12Z  AVG MX 2MIN
DY MAX MIN AVG DEP HDD CDD  WTR  SNW DPTH SPD SPD DIR MIN PSBL S-S WX    SPD DR
================================================================================

 1  67  33  50   4  15   0 0.00    M    M  5.9 14  10   M    M   0        20 330
 2  70  36  53   7  12   0 0.00    M    M  6.7 20 220   M    M   0        25 210
 3  70  38  54   8  11   0 0.00    M    M  7.7 15 160   M    M   0        21 200
 4  70  38  54   8  11   0 0.00    M    M  8.9 20 330   M    M   0        25 330
 5  71  38  55   8  10   0 0.00    M    M 12.2 24 330   M    M   0        29 320
 6  75  39  57  10   8   0 0.00    M    M  8.4 18  10   M    M   0        21  10
 7  73  44  59  12   6   0 0.00    M    M  9.5 20 100   M    M   0        27 140
 8  69  42  56   9   9   0 0.07    M    M  7.3 25 200   M    M   5 1      29 190
 9  57  39  48   0  17   0 0.15    M    M  9.0 23 170   M    M   6 1      29 150
10  60  39  50   2  15   0    T    M    M  5.6 18 180   M    M   7        23 170
11  64  43  54   6  11   0 0.00    M    M  5.6 18 200   M    M   8        23 200
12  69  38  54   6  11   0 0.00    M    M  8.2 21 320   M    M   2        29 320
13  68  44  56   7   9   0 0.00    M    M  8.4 21 200   M    M   4        33 190
14  62  39  51   2  14   0 0.00    M    M 17.4 33 320   M    M   0        42 340
15  53  33  43  -6  22   0 0.00    M    M 21.8 39  10   M    M   2        50  10
16  66  32  49   0  16   0 0.00    M    M 14.4 29  10   M    M   0        36  20
17  72  37  55   5  10   0 0.00    M    M 12.7 23 330   M    M   0        32 320
18  73  38  56   6   9   0 0.00    M    M 10.3 18 320   M    M   0        29 300
19  73  39  56   6   9   0 0.00    M    M  7.1 17 360   M    M   0        19 360
20  77  41  59   8   6   0 0.00    M    M  9.6 25 210   M    M   0        31 210
21  77  42  60   9   5   0 0.00    M    M 12.9 29 200   M    M   0        37 190
22  74  38  56   5   9   0    T    M    M 19.9 43 210   M    M   3 8      58 180
23  60  36  48  -4  17   0 0.00    M    M 17.4 33 330   M    M   1        44 330
24  59  34  47  -5  18   0 0.06    M    M  8.8 29 310   M    M   7        35 310
25  48  36  42 -10  23   0    T    M    M 29.5 45 320   M    M   6        55 320
26  60  38  49  -3  16   0 0.00    M    M 15.5 25 320   M    M   2        33 320
27  57  38  48  -5  17   0 0.01    M    M 13.3 23 330   M    M   7        31 330
28  56  37  47  -6  18   0    T    M    M 19.2 37 360   M    M   4        44 320
29  63  37  50  -4  15   0 0.05    M    M 12.4 26 320   M    M   5        34 320
================================================================================
SM 1913 1106       369   0  0.34    M    345.6          M       69
================================================================================
AV 66.0 38.1                              11.9 FASTST   M    M   2    MAX(MPH)
                                 MISC ---->  # 45 320               # 58  180
================================================================================
NOTES:
# LAST OF SEVERAL OCCURRENCES

COLUMN 17 PEAK WIND IN M.P.H.

PRELIMINARY LOCAL CLIMATOLOGICAL DATA (WS FORM: F-6) , PAGE 2

                                          STATION:  TONOPAH AIRPORT NV
                                          MONTH:    APRIL
                                          YEAR:     2016
                                          LATITUDE:   38  3 N
                                          LONGITUDE: 117  5 W

[TEMPERATURE DATA]      [PRECIPITATION DATA]       SYMBOLS USED IN COLUMN 16

AVERAGE MONTHLY: 52.1   TOTAL FOR MONTH:   0.34    1 = FOG OR MIST
DPTR FM NORMAL:   2.7   DPTR FM NORMAL:   -0.07    2 = FOG REDUCING VISIBILITY
HIGHEST:    77 ON 21,20 GRTST 24HR  0.22 ON  8- 9      TO 1/4 MILE OR LESS
LOWEST:     32 ON 16                               3 = THUNDER
                        SNOW, ICE PELLETS, HAIL    4 = ICE PELLETS
                        TOTAL MONTH:    M          5 = HAIL
                        GRTST 24HR    M  ON   M    6 = FREEZING RAIN OR DRIZZLE
                        GRTST DEPTH:  M  ON   M    7 = DUSTSTORM OR SANDSTORM:
                                                       VSBY 1/2 MILE OR LESS
                                                   8 = SMOKE OR HAZE
[NO. OF DAYS WITH]      [WEATHER - DAYS WITH]      9 = BLOWING SNOW
                                                   X = TORNADO
MAX 32 OR BELOW:   0    0.01 INCH OR MORE:   5
MAX 90 OR ABOVE:   0    0.10 INCH OR MORE:   1
MIN 32 OR BELOW:   1    0.50 INCH OR MORE:   0
MIN  0 OR BELOW:   0    1.00 INCH OR MORE:   0

[HDD (BASE 65) ]
TOTAL THIS MO.   369    CLEAR  (SCALE 0-3)  19
DPTR FM NORMAL   -86    PTCLDY (SCALE 4-7)  10
TOTAL FM JUL 1  4893    CLOUDY (SCALE 8-10)  0
DPTR FM NORMAL  -289

[CDD (BASE 65) ]
TOTAL THIS MO.     0
DPTR FM NORMAL     0    [PRESSURE DATA]
TOTAL FM JAN 1     0    HIGHEST SLP M ON M
DPTR FM NORMAL     0    LOWEST  SLP 29.54 ON 22

[REMARKS]
