000
CXUS53 KOAX 011000
CF6TQE
PRELIMINARY LOCAL CLIMATOLOGICAL DATA (WS FORM: F-6)

                                          STATION:   TEKAMAH, NEBRASKA
                                          MONTH:     APRIL
                                          YEAR:      2016
                                          LATITUDE:   41 46 N
                                          LONGITUDE:  96 11 W

  TEMPERATURE IN F:       :PCPN:    SNOW:  WIND      :SUNSHINE: SKY     :PK WND
================================================================================
1   2   3   4   5  6A  6B    7    8   9   10  11  12  13   14  15   16   17  18
                                     12Z  AVG MX 2MIN
DY MAX MIN AVG DEP HDD CDD  WTR  SNW DPTH SPD SPD DIR MIN PSBL S-S WX    SPD DR
================================================================================

 1  46  29  38  -7  27   0 0.06    M    M 15.5 26 300   M    M   7        33 310
 2  56  33  45  -1  20   0 0.00    M    M 16.6 31 320   M    M   1        38 320
 3  83  37  60  14   5   0 0.00    M    M 18.0 32 260   M    M   1        39 260
 4  57  33  45  -2  20   0 0.00    M    M  9.4 22 360   M    M   0        24 350
 5  70  35  53   6  12   0    T    M    M 16.2 31 150   M    M   3        38 160
 6  58  33  46  -1  19   0 0.00    M    M 18.9 37 320   M    M   4        46 320
 7  56  27  42  -6  23   0    T    M    M 20.6 44 340   M    M   4        52 330
 8  52  25  39  -9  26   0 0.00    M    M 16.2 33 330   M    M   1        43 310
 9  57  16  37 -11  28   0 0.00    M    M 14.9 29 170   M    M   0        37 170
10  68  42  55   6  10   0    T    M    M 15.0 29 360   M    M   2        35  10
11  53  22  38 -11  27   0 0.00    M    M 13.6 30 330   M    M   0        44 320
12  69  20  45  -5  20   0 0.00    M    M 14.2 29 180   M    M   2        36 180
13  80  44  62  12   3   0 0.00    M    M 15.1 26 190   M    M   2        32 190
14  77  48  63  13   2   0 0.00    M    M 15.5 28 150   M    M   1 8      37 140
15  80  44  62  11   3   0 0.00    M    M 18.5 33 180   M    M   0        44 140
16  77  56  67  16   0   2 0.00    M    M 14.8 28 150   M    M   6        33 160
17  77  53  65  13   0   0 0.09    M    M 16.1 28 150   M    M   7 1      33 150
18  63  47  55   3  10   0 0.36    M    M 10.3 20 260   M    M   9 1      25 250
19  63  40  52   0  13   0 0.00    M    M  6.4 14 320   M    M   7        17 320
20  55  51  53   0  12   0 2.93    M    M 17.8 29 250   M    M   9 1      36 250
21  69  50  60   7   5   0 0.01    M    M 15.3 25 350   M    M   9 1      31 350
22  65  44  55   2  10   0 0.00    M    M  7.4 16 340   M    M   2        19 350
23  77  44  61   7   4   0 0.00    M    M 16.0 29 170   M    M   0 1      34 160
24  77  57  67  13   0   2 0.75    M    M 17.7 30 190   M    M   3 13     50 240
25  71  50  61   7   4   0 0.00    M    M 11.4 20 270   M    M   2        23 260
26  73  48  61   6   4   0 0.04    M    M 12.5 22  70   M    M   4 3      26  70
27  59  47  53  -2  12   0 1.35    M    M 19.0 28 100   M    M  10 13     33 100
28  49  44  47  -9  18   0 0.03    M    M 11.1 18 320   M    M  10 1      23 320
29  49  43  46 -10  19   0    T    M    M 10.8 21  70   M    M  10 1      25  50
30  49  44  47  -9  18   0 1.33    M    M 13.9 24  60   M    M  10 1      29  60
================================================================================
SM 1935 1206       374   4  6.95    M    438.7          M      126
================================================================================
AV 64.5 40.2                              14.6 FASTST   M    M   4    MAX(MPH)
                                 MISC ---->  # 44 340               # 52  330
================================================================================
NOTES:
# LAST OF SEVERAL OCCURRENCES

COLUMN 17 PEAK WIND IN M.P.H.

PRELIMINARY LOCAL CLIMATOLOGICAL DATA (WS FORM: F-6) , PAGE 2

                                          STATION:  TEKAMAH, NEBRASKA
                                          MONTH:    APRIL
                                          YEAR:     2016
                                          LATITUDE:   41 46 N
                                          LONGITUDE:  96 11 W

[TEMPERATURE DATA]      [PRECIPITATION DATA]       SYMBOLS USED IN COLUMN 16

AVERAGE MONTHLY: 52.3   TOTAL FOR MONTH:   6.95    1 = FOG OR MIST
DPTR FM NORMAL:   1.4   DPTR FM NORMAL:    3.67    2 = FOG REDUCING VISIBILITY
HIGHEST:    83 ON  3    GRTST 24HR  2.93 ON 20-20      TO 1/4 MILE OR LESS
LOWEST:     16 ON  9                               3 = THUNDER
                        SNOW, ICE PELLETS, HAIL    4 = ICE PELLETS
                        TOTAL MONTH:    M          5 = HAIL
                        GRTST 24HR    M  ON   M    6 = FREEZING RAIN OR DRIZZLE
                        GRTST DEPTH:  M  ON   M    7 = DUSTSTORM OR SANDSTORM:
                                                       VSBY 1/2 MILE OR LESS
                                                   8 = SMOKE OR HAZE
[NO. OF DAYS WITH]      [WEATHER - DAYS WITH]      9 = BLOWING SNOW
                                                   X = TORNADO
MAX 32 OR BELOW:   0    0.01 INCH OR MORE:  10
MAX 90 OR ABOVE:   0    0.10 INCH OR MORE:   5
MIN 32 OR BELOW:   6    0.50 INCH OR MORE:   4
MIN  0 OR BELOW:   0    1.00 INCH OR MORE:   3

[HDD (BASE 65) ]
TOTAL THIS MO.   374    CLEAR  (SCALE 0-3)  15
DPTR FM NORMAL   -57    PTCLDY (SCALE 4-7)   8
TOTAL FM JUL 1  5335    CLOUDY (SCALE 8-10)  7
DPTR FM NORMAL  -994

[CDD (BASE 65) ]
TOTAL THIS MO.     4
DPTR FM NORMAL    -4    [PRESSURE DATA]
TOTAL FM JAN 1     4    HIGHEST SLP 30.34 ON 12
DPTR FM NORMAL    -4    LOWEST  SLP 29.44 ON 24

[REMARKS]
#FINAL-04-16#
