261
CXUS53 KOAX 291000
CF6TQE
PRELIMINARY LOCAL CLIMATOLOGICAL DATA (WS FORM: F-6)

                                          STATION:   TEKAMAH, NEBRASKA
                                          MONTH:     JULY
                                          YEAR:      2016
                                          LATITUDE:   41 46 N
                                          LONGITUDE:  96 11 W

  TEMPERATURE IN F:       :PCPN:    SNOW:  WIND      :SUNSHINE: SKY     :PK WND
================================================================================
1   2   3   4   5  6A  6B    7    8   9   10  11  12  13   14  15   16   17  18
                                     12Z  AVG MX 2MIN
DY MAX MIN AVG DEP HDD CDD  WTR  SNW DPTH SPD SPD DIR MIN PSBL S-S WX    SPD DR
================================================================================

 1  80  52  66  -9   0   1 0.01    M    M  6.1 12 130   M    M   1        16 170
 2  67  57  62 -13   3   0 0.79    M    M  8.4 16 150   M    M  10 1      19 100
 3  73  61  67  -8   0   2    T    M    M  6.5 12  70   M    M   9        15  60
 4  80  64  72  -3   0   7 0.00    M    M  7.2 14 230   M    M   9 1      18 240
 5  91  63  77   2   0  12 0.51    M    M   M  55 240   M    M   2 123    78 230
 6  90  68  79   4   0  14 0.22    M    M  7.7  M   M   M    M   2 3      45 310
 7  86  66  76   0   0  11 0.48    M    M  7.1 33 300   M    M   1 13     41 290
 8  87  60  74  -2   0   9 0.00    M    M  4.7 13 330   M    M   1 12     17 300
 9  87  65  76   0   0  11 0.00    M    M  9.2 20 130   M    M   2        25 130
10  91  73  82   6   0  17 0.00    M    M 14.2 28 160   M    M   2        33 150
11  93  66  80   4   0  15 1.42    M    M 17.3 43 310   M    M   3 13     58 310
12  84  64  74  -2   0   9 0.00    M    M  3.9 12 320   M    M   0        13 320
13  88  66  77   1   0  12 0.00    M    M  6.5 17 330   M    M   1 13     21 340
14  86  63  75  -1   0  10 0.00    M    M  8.2 17 300   M    M   0        22 330
15  72  57  65 -11   0   0 0.07    M    M  4.6 12 340   M    M   2        14 150
16  86  54  70  -6   0   5 0.00    M    M  9.9 23 150   M    M   2 12     30 150
17  89  68  79   3   0  14 0.23    M    M  5.1 20 300   M    M   4 13     26 310
18  86  69  78   2   0  13 0.76    M    M  5.9 17 170   M    M   5 13     21 150
19  84  72  78   2   0  13 0.03    M    M  9.8 20 150   M    M   3 13     26 150
20  94  73  84   8   0  19 0.00    M    M 11.9 22 190   M    M   0        27 190
21  95  79  87  11   0  22 0.00    M    M  9.8 18 190   M    M   0        22 210
22  94  77  86  10   0  21 0.00    M    M  6.9 16 130   M    M   0        20 150
23  92  78  85   9   0  20 0.01    M    M  7.8 17 180   M    M   1 3      20 180
24  89  67  78   2   0  13 0.00    M    M  8.6 16 350   M    M   0        21 330
25  88  59  74  -2   0   9 0.00    M    M  3.7 10 140   M    M   0 1      13 170
26  88  59  74  -2   0   9 0.00    M    M  5.4 14 130   M    M   1 12     17 140
27  88  67  78   3   0  13    T    M    M  5.7 18 100   M    M   1        22 100
28  85  65  75   0   0  10    T    M    M  8.0 16 330   M    M   1        20 290
================================================================================
SM 2413 1832         3 311  4.53    M    210.1          M       63
================================================================================
AV 86.2 65.4                               7.8 FASTST   M    M   2    MAX(MPH)
                                 MISC ---->  # 55 240               # 78  230
================================================================================
NOTES:
# LAST OF SEVERAL OCCURRENCES

COLUMN 17 PEAK WIND IN M.P.H.

PRELIMINARY LOCAL CLIMATOLOGICAL DATA (WS FORM: F-6) , PAGE 2

                                          STATION:  TEKAMAH, NEBRASKA
                                          MONTH:    JULY
                                          YEAR:     2016
                                          LATITUDE:   41 46 N
                                          LONGITUDE:  96 11 W

[TEMPERATURE DATA]      [PRECIPITATION DATA]       SYMBOLS USED IN COLUMN 16

AVERAGE MONTHLY: 75.8   TOTAL FOR MONTH:   4.53    1 = FOG OR MIST
DPTR FM NORMAL:   0.1   DPTR FM NORMAL:    1.27    2 = FOG REDUCING VISIBILITY
HIGHEST:    95 ON 21    GRTST 24HR  1.42 ON 11-11      TO 1/4 MILE OR LESS
LOWEST:     52 ON  1                               3 = THUNDER
                        SNOW, ICE PELLETS, HAIL    4 = ICE PELLETS
                        TOTAL MONTH:    M          5 = HAIL
                        GRTST 24HR    M  ON   M    6 = FREEZING RAIN OR DRIZZLE
                        GRTST DEPTH:  M  ON   M    7 = DUSTSTORM OR SANDSTORM:
                                                       VSBY 1/2 MILE OR LESS
                                                   8 = SMOKE OR HAZE
[NO. OF DAYS WITH]      [WEATHER - DAYS WITH]      9 = BLOWING SNOW
                                                   X = TORNADO
MAX 32 OR BELOW:   0    0.01 INCH OR MORE:  11
MAX 90 OR ABOVE:   8    0.10 INCH OR MORE:   7
MIN 32 OR BELOW:   0    0.50 INCH OR MORE:   4
MIN  0 OR BELOW:   0    1.00 INCH OR MORE:   1

[HDD (BASE 65) ]
TOTAL THIS MO.     3    CLEAR  (SCALE 0-3)  22
DPTR FM NORMAL     3    PTCLDY (SCALE 4-7)   3
TOTAL FM JUL 1     3    CLOUDY (SCALE 8-10)  3
DPTR FM NORMAL     3

[CDD (BASE 65) ]
TOTAL THIS MO.   311
DPTR FM NORMAL    10    [PRESSURE DATA]
TOTAL FM JAN 1   758    HIGHEST SLP M ON M
DPTR FM NORMAL   159    LOWEST  SLP 29.56 ON 11

[REMARKS]
