000
CXUS53 KOAX 271000
CF6TQE
PRELIMINARY LOCAL CLIMATOLOGICAL DATA (WS FORM: F-6)

                                          STATION:   TEKAMAH, NEBRASKA
                                          MONTH:     MARCH
                                          YEAR:      2015
                                          LATITUDE:   41 46 N
                                          LONGITUDE:  96 11 W

  TEMPERATURE IN F:       :PCPN:    SNOW:  WIND      :SUNSHINE: SKY     :PK WND
================================================================================
1   2   3   4   5  6A  6B    7    8   9   10  11  12  13   14  15   16   17  18
                                     12Z  AVG MX 2MIN
DY MAX MIN AVG DEP HDD CDD  WTR  SNW DPTH SPD SPD DIR MIN PSBL S-S WX    SPD DR
================================================================================

 1  40  12  26  -5  39   0 0.00    M    M  9.0 20 320   M    M   1        23 310
 2  41  14  28  -4  37   0 0.00    M    M 10.0 23 150   M    M   4        26 150
 3  36  17  27  -5  38   0 0.00    M    M 15.7 35 320   M    M   6 18     42 310
 4  30   5  18 -14  47   0 0.00    M    M 13.0 31 310   M    M   3        39 320
 5  33  -1  16 -17  49   0 0.00    M    M  8.2 20 170   M    M   0        24 170
 6  64  16  40   7  25   0 0.00    M    M  8.2 26 310   M    M   2        33 320
 7  58  31  45  11  20   0 0.00    M    M  9.5 22 330   M    M   1        30 330
 8  57  28  43   9  22   0 0.00    M    M  9.0 20 340   M    M   2        22 340
 9  61  25  43   8  22   0 0.00    M    M  8.2 17 170   M    M   0        21 200
10  71  28  50  15  15   0 0.00    M    M  6.8 16  10   M    M   0 1      19  10
11  70  30  50  14  15   0 0.00    M    M  8.3 15 140   M    M   0        19 120
12  78  33  56  20   9   0 0.00    M    M 13.5 29 180   M    M   0        35 180
13  74  32  53  16  12   0 0.00    M    M 12.5 30 350   M    M   0        34 350
14  71  30  51  14  14   0 0.00    M    M  6.1 15 350   M    M   0        17 360
15  83  35  59  21   6   0 0.00    M    M 15.9 33 210   M    M   0        41 220
16  91  39  65  27   0   0 0.00    M    M 19.6 38 360   M    M   0 8      45  20
17  51  31  41   2  24   0 0.00    M    M 13.3 28 360   M    M   1        32 360
18  56  32  44   5  21   0 0.00    M    M  7.8 21 140   M    M   5 8      30 140
19  55  31  43   3  22   0 0.00    M    M  9.0 15 200   M    M   5        20 200
20  76  22  49   9  16   0 0.00    M    M  8.5 24 220   M    M   0 1      43 220
21  63  31  47   7  18   0 0.00    M    M  8.5 16 120   M    M   1 1      19 120
22  75  31  53  12  12   0    T    M    M 14.4 39 340   M    M   0 8      45 330
23  55  32  44   3  21   0 0.00    M    M 11.7 23 330   M    M   5        33 320
24  37  33  35  -7  30   0 0.10    M    M 11.1 35 100   M    M   9 18     44 100
25  48  29  39  -3  26   0 0.00    M    M 17.0 29 330   M    M   5 1      36 320
26  50  24  37  -6  28   0    T    M    M 16.1 26 290   M    M   3 1      34 290
================================================================================
SM 1524  670       588   0  0.10    M    290.9          M       53
================================================================================
AV 58.6 25.8                              11.2 FASTST   M    M   2    MAX(MPH)
                                 MISC ---->  # 39 340               # 45   20
================================================================================
NOTES:
# LAST OF SEVERAL OCCURRENCES

COLUMN 17 PEAK WIND IN M.P.H.

PRELIMINARY LOCAL CLIMATOLOGICAL DATA (WS FORM: F-6) , PAGE 2

                                          STATION:  TEKAMAH, NEBRASKA
                                          MONTH:    MARCH
                                          YEAR:     2015
                                          LATITUDE:   41 46 N
                                          LONGITUDE:  96 11 W

[TEMPERATURE DATA]      [PRECIPITATION DATA]       SYMBOLS USED IN COLUMN 16

AVERAGE MONTHLY: 42.2   TOTAL FOR MONTH:   0.10    1 = FOG OR MIST
DPTR FM NORMAL:   5.3   DPTR FM NORMAL:   -1.46    2 = FOG REDUCING VISIBILITY
HIGHEST:    91 ON 16    GRTST 24HR  0.10 ON 24-24      TO 1/4 MILE OR LESS
LOWEST:     -1 ON  5                               3 = THUNDER
                        SNOW, ICE PELLETS, HAIL    4 = ICE PELLETS
                        TOTAL MONTH:    M          5 = HAIL
                        GRTST 24HR    M  ON   M    6 = FREEZING RAIN OR DRIZZLE
                        GRTST DEPTH:  M  ON   M    7 = DUSTSTORM OR SANDSTORM:
                                                       VSBY 1/2 MILE OR LESS
                                                   8 = SMOKE OR HAZE
[NO. OF DAYS WITH]      [WEATHER - DAYS WITH]      9 = BLOWING SNOW
                                                   X = TORNADO
MAX 32 OR BELOW:   1    0.01 INCH OR MORE:   1
MAX 90 OR ABOVE:   1    0.10 INCH OR MORE:   1
MIN 32 OR BELOW:  22    0.50 INCH OR MORE:   0
MIN  0 OR BELOW:   1    1.00 INCH OR MORE:   0

[HDD (BASE 65) ]
TOTAL THIS MO.   588    CLEAR  (SCALE 0-3)  18
DPTR FM NORMAL  -141    PTCLDY (SCALE 4-7)   7
TOTAL FM JUL 1  5511    CLOUDY (SCALE 8-10)  1
DPTR FM NORMAL  -282

[CDD (BASE 65) ]
TOTAL THIS MO.     0
DPTR FM NORMAL     0    [PRESSURE DATA]
TOTAL FM JAN 1     0    HIGHEST SLP M ON M
DPTR FM NORMAL     0    LOWEST  SLP 29.66 ON  3

[REMARKS]
