000
CXUS54 KMRX 011600
CF6TRI
PRELIMINARY LOCAL CLIMATOLOGICAL DATA (WS FORM: F-6)

                                          STATION:   TRI-CITIES      ASOS
                                          MONTH:     JUNE
                                          YEAR:      2015
                                          LATITUDE:   36 28 N
                                          LONGITUDE:  82 24 W

  TEMPERATURE IN F:       :PCPN:    SNOW:  WIND      :SUNSHINE: SKY     :PK WND
================================================================================
1   2   3   4   5  6A  6B    7    8   9   10  11  12  13   14  15   16   17  18
                                     12Z  AVG MX 2MIN
DY MAX MIN AVG DEP HDD CDD  WTR  SNW DPTH SPD SPD DIR MIN PSBL S-S WX    SPD DR
================================================================================

 1  83  61  72   4   0   7 0.51  0.0    0  3.1 20 230   M    M   8 13     25 230
 2  75  57  66  -2   0   1 0.03  0.0    0  1.2 23 320   M    M   8 1238   29 310
 3  80  58  69   1   0   4    T  0.0    0  2.9 15 150   M    M   6 13     19 140
 4  84  55  70   1   0   5 0.00  0.0    0  2.5  9 360   M    M   4 1      12 360
 5  82  59  71   2   0   6    T  0.0    0  2.4 12 250   M    M   6 1      19 250
 6  87  59  73   4   0   8 0.00  0.0    0  1.3 12 330   M    M   6 12     16 290
 7  90  60  75   5   0  10 0.00  0.0    0  4.7 15 180   M    M   7 1      20 180
 8  88  63  76   6   0  11 0.45  0.0    0  7.4 44 260   M    M   6 138    59 260
 9  84  63  74   4   0   9 0.06  0.0    0  3.7 15 240   M    M   M 1      20 260
10  88  59  74   4   0   9 0.00  0.0    0  2.2  9 230   M    M   4 18     15 180
11  91  62  77   6   0  12 0.00  0.0    0  2.1 17 180   M    M   4 138    21 180
12  86  64  75   4   0  10 0.00  0.0    0  5.5 17 220   M    M   6 1      20 230
13  87  67  77   6   0  12    T  0.0    0  4.2 17 270   M    M   5 13     22 310
14  91  64  78   7   0  13 0.00  0.0    0  3.5 15 220   M    M   3 1      22 260
15  93  64  79   7   0  14 0.00  0.0    0  4.8 16 220   M    M   3        23 270
16  94  65  80   8   0  15    T  0.0    0  5.3 16 240   M    M   3 3      22 230
17  94  67  81   9   0  16 0.00  0.0    0  4.0 17 240   M    M   5 1      25 230
18  93  67  80   8   0  15 0.11  0.0    0  5.5 26 270   M    M   7 13     33 270
19  88  67  78   6   0  13 0.08  0.0    0  1.7 13 210   M    M   8 13     16 220
20  88  66  77   4   0  12 0.22  0.0    0  8.9 25 190   M    M   6 1      33 190
21  92  66  79   6   0  14 0.37  0.0    0  6.7 25 350   M    M   7 13     34 280
22  90  66  78   5   0  13 0.00  0.0    0  3.3 14 240   M    M   6 1      18 240
23  91  67  79   6   0  14 0.00  0.0    0  6.4 18 240   M    M   7 13     23 260
24  92  70  81   8   0  16 0.00  0.0    0  2.1 12 320   M    M   5 3      15 310
25  92  65  79   5   0  14 0.00  0.0    0  4.5 15 220   M    M   5        19 260
26  92  69  81   7   0  16 0.17  0.0    0  4.1 30 240   M    M   8 13     38 230
27  81  66  74   0   0   9 0.34  0.0    0  6.6 22 240   M    M   8 138    27 240
28  79  58  69  -5   0   4 0.00  0.0    0  6.7 15 280   M    M   4        25 300
29  82  53  68  -6   0   3    T  0.0    0  5.3 21 210   M    M   4 13     26 200
30  82  65  74   0   0   9 0.11  0.0    0  6.3 17 230   M    M   9 1      22 180
================================================================================
SM 2619 1892         0 314  2.45     0.0 128.9          M      168
================================================================================
AV 87.3 63.1                               4.3 FASTST   M    M   6    MAX(MPH)
                                 MISC ---->  # 44 260               # 59  260
================================================================================
NOTES:
# LAST OF SEVERAL OCCURRENCES

COLUMN 17 PEAK WIND IN M.P.H.

PRELIMINARY LOCAL CLIMATOLOGICAL DATA (WS FORM: F-6) , PAGE 2

                                          STATION:  TRI-CITIES      ASOS
                                          MONTH:    JUNE
                                          YEAR:     2015
                                          LATITUDE:   36 28 N
                                          LONGITUDE:  82 24 W

[TEMPERATURE DATA]      [PRECIPITATION DATA]       SYMBOLS USED IN COLUMN 16

AVERAGE MONTHLY: 75.2   TOTAL FOR MONTH:   2.45    1 = FOG OR MIST
DPTR FM NORMAL:   3.7   DPTR FM NORMAL:   -1.45    2 = FOG REDUCING VISIBILITY
HIGHEST:    94 ON 17,16 GRTST 24HR  0.53 ON  1- 2      TO 1/4 MILE OR LESS
LOWEST:     53 ON 29                               3 = THUNDER
                        SNOW, ICE PELLETS, HAIL    4 = ICE PELLETS
                        TOTAL MONTH:   0.0 INCH    5 = HAIL
                        GRTST 24HR     0.0         6 = FREEZING RAIN OR DRIZZLE
                        GRTST DEPTH:   0           7 = DUSTSTORM OR SANDSTORM:
                                                       VSBY 1/2 MILE OR LESS
                                                   8 = SMOKE OR HAZE
[NO. OF DAYS WITH]      [WEATHER - DAYS WITH]      9 = BLOWING SNOW
                                                   X = TORNADO
MAX 32 OR BELOW:   0    0.01 INCH OR MORE:  11
MAX 90 OR ABOVE:  13    0.10 INCH OR MORE:   8
MIN 32 OR BELOW:   0    0.50 INCH OR MORE:   1
MIN  0 OR BELOW:   0    1.00 INCH OR MORE:   0

[HDD (BASE 65) ]
TOTAL THIS MO.     0    CLEAR  (SCALE 0-3)   3
DPTR FM NORMAL   -11    PTCLDY (SCALE 4-7)  23
TOTAL FM JUL 1  4376    CLOUDY (SCALE 8-10)  3
DPTR FM NORMAL     2

[CDD (BASE 65) ]
TOTAL THIS MO.   314
DPTR FM NORMAL   108    [PRESSURE DATA]
TOTAL FM JAN 1   480    HIGHEST SLP 30.14 ON 22
DPTR FM NORMAL   201    LOWEST  SLP 29.74 ON 27

[REMARKS]
#FINAL-06-15#
