000
CXUS54 KMRX 241000
CF6TRI
PRELIMINARY LOCAL CLIMATOLOGICAL DATA (WS FORM: F-6)

                                          STATION:   TRI-CITIES      ASOS
                                          MONTH:     NOVEMBER
                                          YEAR:      2017
                                          LATITUDE:   36 28 N
                                          LONGITUDE:  82 24 W

  TEMPERATURE IN F:       :PCPN:    SNOW:  WIND      :SUNSHINE: SKY     :PK WND
================================================================================
1   2   3   4   5  6A  6B    7    8   9   10  11  12  13   14  15   16   17  18
                                     12Z  AVG MX 2MIN
DY MAX MIN AVG DEP HDD CDD  WTR  SNW DPTH SPD SPD DIR MIN PSBL S-S WX    SPD DR
================================================================================

 1  63  38  51   0  14   0    T  0.0    0  1.0  6 350   M    M   9        10 220
 2  76  51  64  13   1   0    T  0.0    0  2.1 16 220   M    M   7        22 220
 3  68  47  58   7   7   0    T  0.0    0  1.3  8 340   M    M   8 1      10 340
 4  74  54  64  14   1   0 0.01  0.0    0  1.1  8 320   M    M   9 1      12 340
 5  78  53  66  16   0   1 0.00  0.0    0  2.4 12 230   M    M   6 18     14 260
 6  69  55  62  12   3   0 0.14  0.0    0  1.4  9 210   M    M   8 1      14  10
 7  70  49  60  10   5   0 0.38  0.0    0  4.8 14 350   M    M   9 1      18 360
 8  52  48  50   1  15   0    T  0.0    0  4.7  9 350   M    M  10        12  10
 9  53  38  46  -3  19   0 0.17  0.0    0  1.2  8 270   M    M   9 12     12 210
10  51  32  42  -7  23   0 0.00  0.0    0  2.9 10 340   M    M   6 12     16  10
11  56  29  43  -5  22   0 0.00  0.0    0  2.7  9  60   M    M   5        13  50
12  49  35  42  -6  23   0 0.01  0.0    0  1.2  7  80   M    M   9        14  90
13  52  44  48   0  17   0    T  0.0    0  5.0 13 350   M    M   9 1      16 340
14  52  30  41  -6  24   0 0.00  0.0    0  1.0  9 280   M    M   4 1      11 270
15  56  27  42  -5  23   0 0.01  0.0    0  3.5 13 230   M    M   5 1      16 250
16  60  35  48   2  17   0 0.00  0.0    0  6.8 15 260   M    M   4 1      21 260
17  63  28  46   0  19   0 0.00  0.0    0  0.8  8 240   M    M   2 18      9 250
18  65  38  52   6  13   0 0.27  0.0    0  5.5 41 220   M    M  10 1      60 220
19  55  32  44  -2  21   0 0.01  0.0    0 10.5 29 270   M    M   7 18     39 270
20  52  23  38  -7  27   0 0.00  0.0    0  1.0  7 280   M    M   2 18     10 290
21  63  26  45   0  20   0 0.00  0.0    0  1.0  8 170   M    M   5 8      11 160
22  54  29  42  -2  23   0 0.00  0.0    0  2.7 13 350   M    M   4        15 350
23  55  23  39  -5  26   0 0.00  0.0    0  1.4 12 260   M    M   1        15 240
================================================================================
SM 1386  864       363   1  1.00     0.0  66.0          M      148
================================================================================
AV 60.3 37.6                               2.9 FASTST   M    M   6    MAX(MPH)
                                 MISC ---->  # 41 220               # 60  220
================================================================================
NOTES:
# LAST OF SEVERAL OCCURRENCES

COLUMN 17 PEAK WIND IN M.P.H.

PRELIMINARY LOCAL CLIMATOLOGICAL DATA (WS FORM: F-6) , PAGE 2

                                          STATION:  TRI-CITIES      ASOS
                                          MONTH:    NOVEMBER
                                          YEAR:     2017
                                          LATITUDE:   36 28 N
                                          LONGITUDE:  82 24 W

[TEMPERATURE DATA]      [PRECIPITATION DATA]       SYMBOLS USED IN COLUMN 16

AVERAGE MONTHLY: 48.9   TOTAL FOR MONTH:   1.00    1 = FOG OR MIST
DPTR FM NORMAL:   1.1   DPTR FM NORMAL:   -1.30    2 = FOG REDUCING VISIBILITY
HIGHEST:    78 ON  5    GRTST 24HR  0.38 ON  7- 7      TO 1/4 MILE OR LESS
LOWEST:     23 ON 23,20                            3 = THUNDER
                        SNOW, ICE PELLETS, HAIL    4 = ICE PELLETS
                        TOTAL MONTH:   0.0 INCH    5 = HAIL
                        GRTST 24HR     0.0         6 = FREEZING RAIN OR DRIZZLE
                        GRTST DEPTH:   0           7 = DUSTSTORM OR SANDSTORM:
                                                       VSBY 1/2 MILE OR LESS
                                                   8 = SMOKE OR HAZE
[NO. OF DAYS WITH]      [WEATHER - DAYS WITH]      9 = BLOWING SNOW
                                                   X = TORNADO
MAX 32 OR BELOW:   0    0.01 INCH OR MORE:   8
MAX 90 OR ABOVE:   0    0.10 INCH OR MORE:   4
MIN 32 OR BELOW:  10    0.50 INCH OR MORE:   0
MIN  0 OR BELOW:   0    1.00 INCH OR MORE:   0

[HDD (BASE 65) ]
TOTAL THIS MO.   363    CLEAR  (SCALE 0-3)   3
DPTR FM NORMAL   -32    PTCLDY (SCALE 4-7)  12
TOTAL FM JUL 1   629    CLOUDY (SCALE 8-10)  8
DPTR FM NORMAL  -101

[CDD (BASE 65) ]
TOTAL THIS MO.     1
DPTR FM NORMAL     1    [PRESSURE DATA]
TOTAL FM JAN 1  1142    HIGHEST SLP M ON M
DPTR FM NORMAL   162    LOWEST  SLP 29.54 ON 18

[REMARKS]
