803
CXUS56 KSGX 291545
CF6TRM
PRELIMINARY LOCAL CLIMATOLOGICAL DATA (WS FORM: F-6)

                                          STATION:   THERMAL AIRPORT CA
                                          MONTH:     AUGUST
                                          YEAR:      2016
                                          LATITUDE:   33 37 N
                                          LONGITUDE: 116 10 W

  TEMPERATURE IN F:       :PCPN:    SNOW:  WIND      :SUNSHINE: SKY     :PK WND
================================================================================
1   2   3   4   5  6A  6B    7    8   9   10  11  12  13   14  15   16   17  18
                                     12Z  AVG MX 2MIN
DY MAX MIN AVG DEP HDD CDD  WTR  SNW DPTH SPD SPD DIR MIN PSBL S-S WX    SPD DR
================================================================================

 1 104  80  92   1   0  27 0.00  0.0    0  4.9 13 350   M    M   0        16 340
 2 106  79  93   2   0  28 0.00  0.0    0  6.3 17 120   M    M   0        23 110
 3 106  80  93   2   0  28 0.00  0.0    0  6.0 15 310   M    M   0        20 160
 4 107  81  94   3   0  29 0.00  0.0    0  6.0 15 140   M    M   0 8      21 140
 5 108  83  96   6   0  31 0.00  0.0    0  6.2 15 350   M    M   0        19 350
 6 108  80  94   4   0  29 0.00  0.0    0  6.5 15 140   M    M   0        20 140
 7 111  82  97   7   0  32 0.00  0.0    0  8.8 17 330   M    M   0        22 310
 8 111  76  94   4   0  29 0.00  0.0    0  8.0 20 130   M    M   0        25 330
 9 107  70  89  -1   0  24 0.00  0.0    0  7.7 20 140   M    M   0 8      25 150
10 104  80  92   2   0  27 0.00  0.0    0  3.7 10 150   M    M   1        16 210
11 103  79  91   1   0  26 0.00  0.0    M  5.3 14 310   M    M   M        19 170
12 106  77  92   2   0  27 0.00  0.0    M  5.1 13 130   M    M   0        17 130
13 114  78  96   6   0  31 0.00  0.0    0  5.6 13 130   M    M   1        18 120
14 112  86  99   9   0  34 0.00  0.0    0  7.9 18 130   M    M   1        25 130
15 113  76  95   5   0  30 0.00  0.0    0  6.6 14 150   M    M   2        18 150
16 115  69  92   2   0  27 0.00  0.0    0  7.2 18 270   M    M   2        26 270
17 113  72  93   3   0  28 0.00  0.0    0  5.8 14 340   M    M   1        17 340
18 106  75  91   1   0  26 0.00  0.0    0  4.7 16 120   M    M   0 8      22 130
19 106  78  92   2   0  27 0.00  0.0    0  6.1 15 330   M    M   0 8      19 330
20 105  78  92   2   0  27 0.00  0.0    0  6.2 17 120   M    M   0 8      23 120
21 100  76  88  -1   0  23 0.00  0.0    0  4.3 14 120   M    M   0        19 130
22 106  71  89   0   0  24 0.00  0.0    0  6.3 21 340   M    M   0 8      26 340
23 105  79  92   3   0  27 0.00  0.0    0  6.4 13 110   M    M   0        17 150
24 106  76  91   2   0  26 0.00  0.0    0  6.8 15 300   M    M   0        18 310
25 104  70  87  -2   0  22 0.00  0.0    0  5.2 20 330   M    M   0        24 330
26 104  71  88  -1   0  23 0.00  0.0    0  6.7 16 320   M    M   0        22 320
27 103  72  88  -1   0  23 0.00  0.0    0  6.5 15 160   M    M   0        20 180
28 105  70  88  -1   0  23 0.00  0.0    0  5.7 15 150   M    M   0        19 150
================================================================================
SM 2998 2144         0 758  0.00     0.0 172.5          M        8
================================================================================
AV107.1 76.6                               6.2 FASTST   M    M   0    MAX(MPH)
                                 MISC ---->  # 21 340               # 26  270
================================================================================
NOTES:
# LAST OF SEVERAL OCCURRENCES

COLUMN 17 PEAK WIND IN M.P.H.

PRELIMINARY LOCAL CLIMATOLOGICAL DATA (WS FORM: F-6) , PAGE 2

                                          STATION:  THERMAL AIRPORT CA
                                          MONTH:    AUGUST
                                          YEAR:     2016
                                          LATITUDE:   33 37 N
                                          LONGITUDE: 116 10 W

[TEMPERATURE DATA]      [PRECIPITATION DATA]       SYMBOLS USED IN COLUMN 16

AVERAGE MONTHLY: 91.8   TOTAL FOR MONTH:   0.00    1 = FOG OR MIST
DPTR FM NORMAL:   2.0   DPTR FM NORMAL:   -0.17    2 = FOG REDUCING VISIBILITY
HIGHEST:   115 ON 16    GRTST 24HR    T  ON 20-21      TO 1/4 MILE OR LESS
LOWEST:     69 ON 16                               3 = THUNDER
                        SNOW, ICE PELLETS, HAIL    4 = ICE PELLETS
                        TOTAL MONTH:   0.0 INCH    5 = HAIL
                        GRTST 24HR     0.0         6 = FREEZING RAIN OR DRIZZLE
                        GRTST DEPTH:   0           7 = DUSTSTORM OR SANDSTORM:
                                                       VSBY 1/2 MILE OR LESS
                                                   8 = SMOKE OR HAZE
[NO. OF DAYS WITH]      [WEATHER - DAYS WITH]      9 = BLOWING SNOW
                                                   X = TORNADO
MAX 32 OR BELOW:   0    0.01 INCH OR MORE:   0
MAX 90 OR ABOVE:  28    0.10 INCH OR MORE:   0
MIN 32 OR BELOW:   0    0.50 INCH OR MORE:   0
MIN  0 OR BELOW:   0    1.00 INCH OR MORE:   0

[HDD (BASE 65) ]
TOTAL THIS MO.     0    CLEAR  (SCALE 0-3)  27
DPTR FM NORMAL     0    PTCLDY (SCALE 4-7)   0
TOTAL FM JUL 1     0    CLOUDY (SCALE 8-10)  0
DPTR FM NORMAL     0

[CDD (BASE 65) ]
TOTAL THIS MO.   758
DPTR FM NORMAL    61    [PRESSURE DATA]
TOTAL FM JAN 1  3253    HIGHEST SLP M ON M
DPTR FM NORMAL   489    LOWEST  SLP 29.76 ON  7

[REMARKS]
