000
CXUS56 KSGX 281445
CF6TRM
PRELIMINARY LOCAL CLIMATOLOGICAL DATA (WS FORM: F-6)

                                          STATION:   THERMAL AIRPORT CA
                                          MONTH:     FEBRUARY
                                          YEAR:      2015
                                          LATITUDE:   33 37 N
                                          LONGITUDE: 116 10 W

  TEMPERATURE IN F:       :PCPN:    SNOW:  WIND      :SUNSHINE: SKY     :PK WND
================================================================================
1   2   3   4   5  6A  6B    7    8   9   10  11  12  13   14  15   16   17  18
                                     12Z  AVG MX 2MIN
DY MAX MIN AVG DEP HDD CDD  WTR  SNW DPTH SPD SPD DIR MIN PSBL S-S WX    SPD DR
================================================================================

 1  80  45  63   7   2   0 0.00  0.0    0  4.1 10 140   M    M   0        13 160
 2  80  40  60   4   5   0 0.00  0.0    0  3.3  9 150   M    M   0        11 160
 3  81  41  61   5   4   0 0.00  0.0    0  3.3 10 350   M    M   0        13 130
 4  82  42  62   6   3   0 0.00  0.0    0  3.8  9 130   M    M   0        13 140
 5  82  38  60   4   5   0 0.00  0.0    0  2.5 10 130   M    M   0        11 130
 6  83  43  63   7   2   0 0.00  0.0    0  3.5 12 160   M    M   0        15 150
 7  85  41  63   6   2   0 0.00  0.0    0  5.0 17 330   M    M   0 8      25 340
 8  87  53  70  13   0   5 0.00  0.0    0  3.2 10 140   M    M   0        15 150
 9  90  51  71  14   0   6 0.00  0.0    0  4.7 13 320   M    M   0        16 310
10  87  50  69  12   0   4 0.00  0.0    0  5.0 15 330   M    M   0        21 330
11  88  44  66   9   0   1 0.00  0.0    0  7.6 18 310   M    M   0 8      24 280
12  86  45  66   9   0   1 0.00  0.0    0  3.2 12 210   M    M   0        16 200
13  88  42  65   7   0   0 0.00  0.0    0  4.2 14 150   M    M   0        18 130
14  90  46  68  10   0   3 0.00  0.0    0  4.8  9 150   M    M   0        13 150
15  80  49  65   7   0   0 0.00  0.0    0  5.7 13 150   M    M   0        18 150
16  79  44  62   4   3   0 0.00  0.0    0  4.0 10 140   M    M   0        15 130
17  83  46  65   7   0   0 0.00  0.0    0  4.5 13 140   M    M   0 1      18 130
18  85  44  65   6   0   0 0.00  0.0    0  4.1 14 140   M    M   0        17 150
19  83  45  64   5   1   0 0.00  0.0    0  3.5 10 140   M    M   0        14 130
20  82  50  66   7   0   1 0.00  0.0    0  4.3 13 320   M    M   0        19 310
21  82  45  64   5   1   0 0.00  0.0    0  7.2 24 340   M    M   0 8      31 340
22  77  51  64   5   1   0    T  0.0    0  9.2 22 280   M    M   3 8      31 280
23  72  54  63   3   2   0 0.04  0.0    0  8.6 21 330   M    M   6        28 310
24  77  47  62   2   3   0 0.00  0.0    0 11.4 26 310   M    M   0 8      35 330
25  82  35  59  -1   6   0 0.00  0.0    0  4.7  9 140   M    M   0        12 190
26  80  41  61   1   4   0 0.00  0.0    0  5.8 17 340   M    M   0        21 330
27  80  51  66   5   0   1 0.00  0.0    0 10.7 24 350   M    M   0 8      30 350
================================================================================
SM 2231 1223        44  22  0.04     0.0 141.9          M        9
================================================================================
AV 82.6 45.3                               5.3 FASTST   M    M   0    MAX(MPH)
                                 MISC ---->  # 26 310               # 35  330
================================================================================
NOTES:
# LAST OF SEVERAL OCCURRENCES

COLUMN 17 PEAK WIND IN M.P.H.

PRELIMINARY LOCAL CLIMATOLOGICAL DATA (WS FORM: F-6) , PAGE 2

                                          STATION:  THERMAL AIRPORT CA
                                          MONTH:    FEBRUARY
                                          YEAR:     2015
                                          LATITUDE:   33 37 N
                                          LONGITUDE: 116 10 W

[TEMPERATURE DATA]      [PRECIPITATION DATA]       SYMBOLS USED IN COLUMN 16

AVERAGE MONTHLY: 64.0   TOTAL FOR MONTH:   0.04    1 = FOG OR MIST
DPTR FM NORMAL:   6.0   DPTR FM NORMAL:   -0.60    2 = FOG REDUCING VISIBILITY
HIGHEST:    90 ON 14, 9 GRTST 24HR  0.04 ON 23-23      TO 1/4 MILE OR LESS
LOWEST:     35 ON 25                               3 = THUNDER
                        SNOW, ICE PELLETS, HAIL    4 = ICE PELLETS
                        TOTAL MONTH:   0.0 INCH    5 = HAIL
                        GRTST 24HR     0.0         6 = FREEZING RAIN OR DRIZZLE
                        GRTST DEPTH:   0           7 = DUSTSTORM OR SANDSTORM:
                                                       VSBY 1/2 MILE OR LESS
                                                   8 = SMOKE OR HAZE
[NO. OF DAYS WITH]      [WEATHER - DAYS WITH]      9 = BLOWING SNOW
                                                   X = TORNADO
MAX 32 OR BELOW:   0    0.01 INCH OR MORE:   1
MAX 90 OR ABOVE:   2    0.10 INCH OR MORE:   0
MIN 32 OR BELOW:   0    0.50 INCH OR MORE:   0
MIN  0 OR BELOW:   0    1.00 INCH OR MORE:   0

[HDD (BASE 65) ]
TOTAL THIS MO.    44    CLEAR  (SCALE 0-3)  25
DPTR FM NORMAL  -156    PTCLDY (SCALE 4-7)   2
TOTAL FM JUL 1   703    CLOUDY (SCALE 8-10)  0
DPTR FM NORMAL  -357

[CDD (BASE 65) ]
TOTAL THIS MO.    22
DPTR FM NORMAL    15    [PRESSURE DATA]
TOTAL FM JAN 1    22    HIGHEST SLP M ON M
DPTR FM NORMAL    13    LOWEST  SLP 29.75 ON 27

[REMARKS]
