000
CXUS51 KPHI 270800
CF6TTN
PRELIMINARY LOCAL CLIMATOLOGICAL DATA (WS FORM: F-6)

                                          STATION:   TRENTON NJ
                                          MONTH:     DECEMBER
                                          YEAR:      2014
                                          LATITUDE:   40 16 N
                                          LONGITUDE:  74 49 W

  TEMPERATURE IN F:       :PCPN:    SNOW:  WIND      :SUNSHINE: SKY     :PK WND
================================================================================
1   2   3   4   5  6A  6B    7    8   9   10  11  12  13   14  15   16   17  18
                                     12Z  AVG MX 2MIN
DY MAX MIN AVG DEP HDD CDD  WTR  SNW DPTH SPD SPD DIR MIN PSBL S-S WX    SPD DR
================================================================================

 1  67  39  53  13  12   0 0.10    M    M  7.4 24 350   M    M   8        31 350
 2  45  34  40   0  25   0 0.17    M    M  8.6 16  60   M    M   9 14     19 350
 3  46  38  42   2  23   0 0.18    M    M  7.5 16 300   M    M   8 1      24 320
 4  45  29  37  -2  28   0 0.00    M    M  5.3 12 340   M    M   2        16 310
 5  43  31  37  -2  28   0 0.18    M    M  6.6 13  80   M    M   8 1      16  60
 6  47  38  43   5  22   0 0.92    M    M  5.0 16  20   M    M  10 1      22  20
 7  46  29  38   0  27   0 0.01    M    M 13.3 23  40   M    M   2        31 350
 8  35  23  29  -9  36   0 0.00    M    M 11.6 18  50   M    M   7        23  60
 9  42  34  38   1  27   0 1.46    M    M 13.1 22 350   M    M  10 18     29 350
10  41  32  37   0  28   0 0.01    M    M 13.2 24 320   M    M   9 8      41 350
11  35  30  33  -4  32   0 0.01    M    M  9.5 22 290   M    M  10 18     32 280
12  38  32  35  -1  30   0 0.00    M    M  8.2 17 330   M    M  10        23 330
13  42  33  38   2  27   0 0.00    M    M  8.5 16 310   M    M   5        27 330
14  46  37  42   6  23   0 0.00    M    M  8.2 17 330   M    M  10        24 350
15  47  32  40   5  25   0 0.00    M    M  3.9 12 320   M    M   6 1      16 320
16  51  29  40   5  25   0 0.06    M    M  4.6 14 150   M    M   7 18     17 150
17  52  36  44   9  21   0 0.00    M    M  8.9 18 290   M    M   6 12     29 280
18  40  32  36   2  29   0 0.00    M    M  9.3 17 300   M    M   7        27 300
19  40  30  35   1  30   0 0.00    M    M  8.6 18 340   M    M   7        25 350
20  33  30  32  -2  33   0    T    M    M  3.3 12 360   M    M  10        16 360
21  37  29  33  -1  32   0 0.00    M    M  4.1 12 350   M    M  10        17 350
22  45  32  39   6  26   0 0.02    M    M  4.8 13  60   M    M  10 18     15  60
23  48  45  47  14  18   0 0.10    M    M  9.1 17  70   M    M  10 1      21  70
24  63  45  54  21  11   0 0.85    M    M  7.5 18 220   M    M  10 12     23 200
25  64  39  52  19  13   0 0.07    M    M 11.7 23 280   M    M   6 1      33 290
26  49  32  41   9  24   0 0.00    M    M  5.8 13 310   M    M   0        17 290
================================================================================
SM 1187  870       655   0  4.14    M    207.6          M      197
================================================================================
AV 45.7 33.5                               8.0 FASTST   M    M   8    MAX(MPH)
                                 MISC ---->  # 24 350               # 41  350
================================================================================
NOTES:
# LAST OF SEVERAL OCCURRENCES

COLUMN 17 PEAK WIND IN M.P.H.

PRELIMINARY LOCAL CLIMATOLOGICAL DATA (WS FORM: F-6) , PAGE 2

                                          STATION:  TRENTON NJ
                                          MONTH:    DECEMBER
                                          YEAR:     2014
                                          LATITUDE:   40 16 N
                                          LONGITUDE:  74 49 W

[TEMPERATURE DATA]      [PRECIPITATION DATA]       SYMBOLS USED IN COLUMN 16

AVERAGE MONTHLY: 39.6   TOTAL FOR MONTH:   4.14    1 = FOG OR MIST
DPTR FM NORMAL:   3.6   DPTR FM NORMAL:    0.86    2 = FOG REDUCING VISIBILITY
HIGHEST:    67 ON  1    GRTST 24HR  1.46 ON  9- 9      TO 1/4 MILE OR LESS
LOWEST:     23 ON  8                               3 = THUNDER
                        SNOW, ICE PELLETS, HAIL    4 = ICE PELLETS
                        TOTAL MONTH:    M          5 = HAIL
                        GRTST 24HR    M  ON   M    6 = FREEZING RAIN OR DRIZZLE
                        GRTST DEPTH:  M  ON   M    7 = DUSTSTORM OR SANDSTORM:
                                                       VSBY 1/2 MILE OR LESS
                                                   8 = SMOKE OR HAZE
[NO. OF DAYS WITH]      [WEATHER - DAYS WITH]      9 = BLOWING SNOW
                                                   X = TORNADO
MAX 32 OR BELOW:   0    0.01 INCH OR MORE:  14
MAX 90 OR ABOVE:   0    0.10 INCH OR MORE:   8
MIN 32 OR BELOW:  15    0.50 INCH OR MORE:   3
MIN  0 OR BELOW:   0    1.00 INCH OR MORE:   1

[HDD (BASE 65) ]
TOTAL THIS MO.   655    CLEAR  (SCALE 0-3)   3
DPTR FM NORMAL   -99    PTCLDY (SCALE 4-7)  11
TOTAL FM JUL 1  1625    CLOUDY (SCALE 8-10) 12
DPTR FM NORMAL  -105

[CDD (BASE 65) ]
TOTAL THIS MO.     0
DPTR FM NORMAL     0    [PRESSURE DATA]
TOTAL FM JAN 1   930    HIGHEST SLP M ON M
DPTR FM NORMAL   -35    LOWEST  SLP 29.55 ON 25

[REMARKS]
