625
CXUS54 KTSA 270840
CF6TUL
PRELIMINARY LOCAL CLIMATOLOGICAL DATA (WS FORM: F-6)

                                          STATION:   TULSA OKLAHOMA
                                          MONTH:     JUNE
                                          YEAR:      2017
                                          LATITUDE:   36 12 N
                                          LONGITUDE:  95 54 W

  TEMPERATURE IN F:       :PCPN:    SNOW:  WIND      :SUNSHINE: SKY     :PK WND
================================================================================
1   2   3   4   5  6A  6B    7    8   9   10  11  12  13   14  15   16   17  18
                                     12Z  AVG MX 2MIN
DY MAX MIN AVG DEP HDD CDD  WTR  SNW DPTH SPD SPD DIR MIN PSBL S-S WX    SPD DR
================================================================================

 1  87  66  77   3   0  12 0.00  0.0    0  7.3 17 170   M    M   8        23 190
 2  84  62  73  -1   0   8 0.00  0.0    0  6.9 15 140   M    M   8        20 110
 3  81  69  75   1   0  10 0.04  0.0    0  5.0 13  90   M    M   9 1      16 110
 4  81  69  75   1   0  10 0.01  0.0    0  5.2 10  70   M    M  10 1      15 100
 5  90  68  79   4   0  14 0.00  0.0    0  6.8 18  40   M    M   6        23  10
 6  92  66  79   4   0  14 0.00  0.0    0  8.7 17  40   M    M   4 1      23  40
 7  84  58  71  -4   0   6 0.00  0.0    0  6.4 14  60   M    M   5        21  10
 8  86  56  71  -5   0   6 0.00  0.0    0  3.8 13 110   M    M   5        18 120
 9  85  62  74  -2   0   9 0.00  0.0    0 10.1 20 180   M    M   4        27 180
10  89  69  79   3   0  14 0.00  0.0    0 16.8 25 180   M    M   3        34 170
11  90  72  81   5   0  16 0.00  0.0    0 16.9 29 170   M    M   2        37 150
12  92  73  83   6   0  18 0.00  0.0    0 15.1 25 170   M    M   4        32 180
13  92  76  84   7   0  19 0.00  0.0    0 17.3 26 180   M    M   6        33 180
14  92  78  85   8   0  20 0.00  0.0    0 16.4 26 170   M    M   5 3      33 170
15  93  66  80   2   0  15 0.87  0.0    0 12.6 32 360   M    M   5 13     46 350
16  95  67  81   3   0  16    T  0.0    0 11.3 23 140   M    M   6 3      29  80
17  91  77  84   6   0  19 0.00  0.0    0 13.8 29 190   M    M  10        37 190
18  80  68  74  -4   0   9 0.70  0.0    0  7.7 40 340   M    M   9 13     54 350
19  86  63  75  -4   0  10 0.00  0.0    0  4.0 10 180   M    M   4        12 120
20  92  63  78  -1   0  13 0.00  0.0    0  5.6 15 180   M    M   2        18 170
21  92  68  80   1   0  15 0.00  0.0    0  9.5 21 130   M    M   5        27 120
22  89  68  79   0   0  14 0.00  0.0    0  6.7 16 120   M    M   5        21 120
23  89  72  81   1   0  16    T  0.0    0  9.7 23  20   M    M   4        32  20
24  85  65  75  -5   0  10    T  0.0    0  6.0 14  40   M    M   6        17  40
25  88  66  77  -3   0  12 0.00  0.0    0  5.1 15 150   M    M   5        18 150
26  89  66  78  -2   0  13 0.00  0.0    0  6.9 15 190   M    M   6        20 200
================================================================================
SM 2294 1753         0 338  1.62     0.0 241.6          M      146
================================================================================
AV 88.2 67.4                               9.3 FASTST   M    M   6    MAX(MPH)
                                 MISC ---->  # 40 340               # 54  350
================================================================================
NOTES:
# LAST OF SEVERAL OCCURRENCES

COLUMN 17 PEAK WIND IN M.P.H.

PRELIMINARY LOCAL CLIMATOLOGICAL DATA (WS FORM: F-6) , PAGE 2

                                          STATION:  TULSA OKLAHOMA
                                          MONTH:    JUNE
                                          YEAR:     2017
                                          LATITUDE:   36 12 N
                                          LONGITUDE:  95 54 W

[TEMPERATURE DATA]      [PRECIPITATION DATA]       SYMBOLS USED IN COLUMN 16

AVERAGE MONTHLY: 77.8   TOTAL FOR MONTH:   1.62    1 = FOG OR MIST
DPTR FM NORMAL:   0.8   DPTR FM NORMAL:   -2.57    2 = FOG REDUCING VISIBILITY
HIGHEST:    95 ON 16    GRTST 24HR  0.87 ON 15-15      TO 1/4 MILE OR LESS
LOWEST:     56 ON  8                               3 = THUNDER
                        SNOW, ICE PELLETS, HAIL    4 = ICE PELLETS
                        TOTAL MONTH:   0.0 INCH    5 = HAIL
                        GRTST 24HR     0.0         6 = FREEZING RAIN OR DRIZZLE
                        GRTST DEPTH:   0           7 = DUSTSTORM OR SANDSTORM:
                                                       VSBY 1/2 MILE OR LESS
                                                   8 = SMOKE OR HAZE
[NO. OF DAYS WITH]      [WEATHER - DAYS WITH]      9 = BLOWING SNOW
                                                   X = TORNADO
MAX 32 OR BELOW:   0    0.01 INCH OR MORE:   4
MAX 90 OR ABOVE:  11    0.10 INCH OR MORE:   2
MIN 32 OR BELOW:   0    0.50 INCH OR MORE:   2
MIN  0 OR BELOW:   0    1.00 INCH OR MORE:   0

[HDD (BASE 65) ]
TOTAL THIS MO.     0    CLEAR  (SCALE 0-3)   3
DPTR FM NORMAL     0    PTCLDY (SCALE 4-7)  19
TOTAL FM JUL 1  2680    CLOUDY (SCALE 8-10)  4
DPTR FM NORMAL  -892

[CDD (BASE 65) ]
TOTAL THIS MO.   338
DPTR FM NORMAL    23    [PRESSURE DATA]
TOTAL FM JAN 1   625    HIGHEST SLP M ON M
DPTR FM NORMAL    76    LOWEST  SLP 29.57 ON 17

[REMARKS]
