000
CXUS54 KMEG 270638
CF6TUP
PRELIMINARY LOCAL CLIMATOLOGICAL DATA (WS FORM: F-6)

                                          STATION:   TUPELO
                                          MONTH:     JULY
                                          YEAR:      2015
                                          LATITUDE:   34 16 N
                                          LONGITUDE:  88 46 W

  TEMPERATURE IN F:       :PCPN:    SNOW:  WIND      :SUNSHINE: SKY     :PK WND
================================================================================
1   2   3   4   5  6A  6B    7    8   9   10  11  12  13   14  15   16   17  18
                                     12Z  AVG MX 2MIN
DY MAX MIN AVG DEP HDD CDD  WTR  SNW DPTH SPD SPD DIR MIN PSBL S-S WX    SPD DR
================================================================================

 1  88  71  80  -1   0  15 0.01  0.0    0  7.0 16  50   M    M   2 3      21 280
 2  85  76  81   0   0  16 0.00  0.0    0  9.2 18 270   M    M   1        23 270
 3  80  70  75  -6   0  10 6.30  0.0    0  5.7 18  70   M    M   9 13     27 320
 4  78  69  74  -7   0   9 1.73  0.0    0  3.6 14 220   M    M   6 13     19 350
 5  82  68  75  -6   0  10 0.00  0.0    0  4.6 13 200   M    M   5 12     16 200
 6  85  69  77  -4   0  12 0.00  0.0    0  6.2 12 260   M    M   5 1      15 270
 7  92  72  82   1   0  17 0.09  0.0    0  8.0 21 250   M    M   2        27 250
 8  93  71  82   1   0  17 0.00  0.0    0  6.8 15 240   M    M   1        20 220
 9  93  73  83   2   0  18 0.00  0.0    0  4.6 13 260   M    M   0        17 290
10  94  74  84   3   0  19 0.00  0.0    0  2.1  9 280   M    M   1 1      12 270
11  96  74  85   3   0  20 0.01  0.0    0  2.8 15 230   M    M   1        19 240
12  94  76  85   3   0  20 0.00  0.0    0  2.5 10 320   M    M   1        14 270
13  95  77  86   4   0  21 0.00  0.0    0  4.6 13 260   M    M   0        17 270
14  96  75  86   4   0  21 0.37  0.0    0  7.3 38  20   M    M   2 13     46  30
15  96  75  86   4   0  21 0.00  0.0    0  4.6 13  40   M    M   2 3      16 290
16  94  76  85   3   0  20 0.00  0.0    0  2.0  8  50   M    M   3        10  50
17  96  78  87   5   0  22 0.00  0.0    0  3.1 12 270   M    M   0 1      14 270
18  97  77  87   5   0  22 0.02  0.0    0  2.7 10 200   M    M   1 8      15 280
19  96  77  87   5   0  22 0.00  0.0    0  3.6 10 320   M    M   0        14 340
20  97  78  88   6   0  23 0.00  0.0    0  4.5  9 230   M    M   1         9 230
21  93  77  85   3   0  20 0.00  0.0    0  4.3 10 320   M    M   1        10 320
22  90  74  82   0   0  17 0.22  0.0    0  5.2 21 270   M    M   2 13     27 280
23  90  74  82   0   0  17 0.75  0.0    0  4.3 23  30   M    M   4 138    28  30
24  93  75  84   2   0  19 0.69  0.0    0  2.7 24  40   M    M   4 138    34  30
25  93  74  84   2   0  19 0.00  0.0    0  4.6 13  80   M    M   1        17  40
26  95  73  84   2   0  19 0.00  0.0    0  2.5  9  60   M    M   1 18     12 250
================================================================================
SM 2381 1923         0 466 10.19     0.0 119.1          M       56
================================================================================
AV 91.6 74.0                               4.6 FASTST   M    M   2    MAX(MPH)
                                 MISC ---->  # 38  20               # 46   30
================================================================================
NOTES:
# LAST OF SEVERAL OCCURRENCES

COLUMN 17 PEAK WIND IN M.P.H.

PRELIMINARY LOCAL CLIMATOLOGICAL DATA (WS FORM: F-6) , PAGE 2

                                          STATION:  TUPELO
                                          MONTH:    JULY
                                          YEAR:     2015
                                          LATITUDE:   34 16 N
                                          LONGITUDE:  88 46 W

[TEMPERATURE DATA]      [PRECIPITATION DATA]       SYMBOLS USED IN COLUMN 16

AVERAGE MONTHLY: 82.8   TOTAL FOR MONTH:  10.19    1 = FOG OR MIST
DPTR FM NORMAL:   1.2   DPTR FM NORMAL:    6.89    2 = FOG REDUCING VISIBILITY
HIGHEST:    97 ON 20,18 GRTST 24HR  7.13 ON  3- 4      TO 1/4 MILE OR LESS
LOWEST:     68 ON  5                               3 = THUNDER
                        SNOW, ICE PELLETS, HAIL    4 = ICE PELLETS
                        TOTAL MONTH:   0.0 INCH    5 = HAIL
                        GRTST 24HR     0.0         6 = FREEZING RAIN OR DRIZZLE
                        GRTST DEPTH:   0           7 = DUSTSTORM OR SANDSTORM:
                                                       VSBY 1/2 MILE OR LESS
                                                   8 = SMOKE OR HAZE
[NO. OF DAYS WITH]      [WEATHER - DAYS WITH]      9 = BLOWING SNOW
                                                   X = TORNADO
MAX 32 OR BELOW:   0    0.01 INCH OR MORE:  10
MAX 90 OR ABOVE:  20    0.10 INCH OR MORE:   6
MIN 32 OR BELOW:   0    0.50 INCH OR MORE:   4
MIN  0 OR BELOW:   0    1.00 INCH OR MORE:   2

[HDD (BASE 65) ]
TOTAL THIS MO.     0    CLEAR  (SCALE 0-3)  20
DPTR FM NORMAL     0    PTCLDY (SCALE 4-7)   5
TOTAL FM JUL 1     0    CLOUDY (SCALE 8-10)  1
DPTR FM NORMAL     0

[CDD (BASE 65) ]
TOTAL THIS MO.   466
DPTR FM NORMAL    35    [PRESSURE DATA]
TOTAL FM JAN 1  1204    HIGHEST SLP M ON M
DPTR FM NORMAL   101    LOWEST  SLP 29.76 ON 14

[REMARKS]
