000
CXUS54 KMEG 250623
CF6TUP
PRELIMINARY LOCAL CLIMATOLOGICAL DATA (WS FORM: F-6)

                                          STATION:   TUPELO
                                          MONTH:     SEPTEMBER
                                          YEAR:      2016
                                          LATITUDE:   34 16 N
                                          LONGITUDE:  88 46 W

  TEMPERATURE IN F:       :PCPN:    SNOW:  WIND      :SUNSHINE: SKY     :PK WND
================================================================================
1   2   3   4   5  6A  6B    7    8   9   10  11  12  13   14  15   16   17  18
                                     12Z  AVG MX 2MIN
DY MAX MIN AVG DEP HDD CDD  WTR  SNW DPTH SPD SPD DIR MIN PSBL S-S WX    SPD DR
================================================================================

 1  92  74  83   4   0  18 0.00  0.0    0 10.7 21 340   M    M   0 1      25 340
 2  87  67  77  -2   0  12 0.00  0.0    0 10.2 16 330   M    M   0        20 340
 3  91  63  77  -1   0  12 0.00  0.0    0  4.4 10 350   M    M   1        13 340
 4  93  72  83   5   0  18 0.00  0.0    0  7.1 15 140   M    M   2        20 110
 5  92  73  83   5   0  18 0.00  0.0    0  5.9 17 150   M    M   2        21 160
 6  94  68  81   3   0  16 0.00  0.0    0  2.5 14 150   M    M   1        19 110
 7  95  69  82   5   0  17 0.00  0.0    0  2.7 15 150   M    M   1        19 160
 8  95  68  82   5   0  17 0.00  0.0    0  4.4 16 150   M    M   2        20 220
 9  94  68  81   4   0  16 0.00  0.0    0  3.0 13 150   M    M   2        21 150
10  96  71  84   8   0  19 0.00  0.0    0  4.9 21 300   M    M   4 3      31 300
11  87  64  76   0   0  11 0.00  0.0    0  6.6 16 360   M    M   1        20 360
12  93  61  77   1   0  12 0.00  0.0    0  3.9 10  40   M    M   0        14  40
13  93  70  82   7   0  17 0.00  0.0    0  4.1 13  20   M    M   0        15  40
14  94  70  82   7   0  17 0.00  0.0    0  4.0 14  10   M    M   1 1      17  20
15  97  70  84   9   0  19 0.01  0.0    0  3.7 13  70   M    M   1        14  30
16  96  71  84  10   0  19 0.00  0.0    0  7.2 18 100   M    M   1        26 110
17  88  74  81   7   0  16 0.02  0.0    0  6.5 13 320   M    M   7 13     16 160
18  90  69  80   7   0  15 0.40  0.0    0  3.3 17 300   M    M   6 13     25 280
19  90  68  79   6   0  14 0.00  0.0    0  5.0 13 350   M    M   2 1      16  30
20  92  64  78   5   0  13 0.00  0.0    0  7.2 20 360   M    M   0        27 360
21  93  64  79   7   0  14 0.00  0.0    0  5.8 13  20   M    M   0        20  50
22  95  66  81   9   0  16 0.00  0.0    0  2.7  9  20   M    M   1        12  40
23  97  67  82  10   0  17 0.00  0.0    0  2.3  9 340   M    M   1        14 240
24  98  67  83  12   0  18 0.00  0.0    0  4.0 14  10   M    M   0        18 340
================================================================================
SM 2232 1638         0 381  0.43     0.0 122.1          M       36
================================================================================
AV 93.0 68.2                               5.1 FASTST   M    M   2    MAX(MPH)
                                 MISC ---->  # 21 340               # 31  300
================================================================================
NOTES:
# LAST OF SEVERAL OCCURRENCES

COLUMN 17 PEAK WIND IN M.P.H.

PRELIMINARY LOCAL CLIMATOLOGICAL DATA (WS FORM: F-6) , PAGE 2

                                          STATION:  TUPELO
                                          MONTH:    SEPTEMBER
                                          YEAR:     2016
                                          LATITUDE:   34 16 N
                                          LONGITUDE:  88 46 W

[TEMPERATURE DATA]      [PRECIPITATION DATA]       SYMBOLS USED IN COLUMN 16

AVERAGE MONTHLY: 80.6   TOTAL FOR MONTH:   0.43    1 = FOG OR MIST
DPTR FM NORMAL:   5.3   DPTR FM NORMAL:   -2.21    2 = FOG REDUCING VISIBILITY
HIGHEST:    98 ON 24    GRTST 24HR  0.40 ON 18-18      TO 1/4 MILE OR LESS
LOWEST:     61 ON 12                               3 = THUNDER
                        SNOW, ICE PELLETS, HAIL    4 = ICE PELLETS
                        TOTAL MONTH:   0.0 INCH    5 = HAIL
                        GRTST 24HR     0.0         6 = FREEZING RAIN OR DRIZZLE
                        GRTST DEPTH:   0           7 = DUSTSTORM OR SANDSTORM:
                                                       VSBY 1/2 MILE OR LESS
                                                   8 = SMOKE OR HAZE
[NO. OF DAYS WITH]      [WEATHER - DAYS WITH]      9 = BLOWING SNOW
                                                   X = TORNADO
MAX 32 OR BELOW:   0    0.01 INCH OR MORE:   3
MAX 90 OR ABOVE:  21    0.10 INCH OR MORE:   1
MIN 32 OR BELOW:   0    0.50 INCH OR MORE:   0
MIN  0 OR BELOW:   0    1.00 INCH OR MORE:   0

[HDD (BASE 65) ]
TOTAL THIS MO.     0    CLEAR  (SCALE 0-3)  21
DPTR FM NORMAL    -4    PTCLDY (SCALE 4-7)   3
TOTAL FM JUL 1     0    CLOUDY (SCALE 8-10)  0
DPTR FM NORMAL    -4

[CDD (BASE 65) ]
TOTAL THIS MO.   381
DPTR FM NORMAL   130    [PRESSURE DATA]
TOTAL FM JAN 1  2304    HIGHEST SLP M ON M
DPTR FM NORMAL   381    LOWEST  SLP 29.90 ON 16

[REMARKS]
