000
CXUS55 KTWC 280855
CF6TUS
PRELIMINARY LOCAL CLIMATOLOGICAL DATA (WS FORM: F-6)

                                          STATION:   TUCSON AZ
                                          MONTH:     MAY
                                          YEAR:      2016
                                          LATITUDE:   32  7 N
                                          LONGITUDE: 110 56 W

  TEMPERATURE IN F:       :PCPN:    SNOW:  WIND      :SUNSHINE: SKY     :PK WND
================================================================================
1   2   3   4   5  6A  6B    7    8   9   10  11  12  13   14  15   16   17  18
                                     12Z  AVG MX 2MIN
DY MAX MIN AVG DEP HDD CDD  WTR  SNW DPTH SPD SPD DIR MIN PSBL S-S WX    SPD DR
================================================================================

 1  76  54  65  -7   0   0 0.00    M    M  4.9 13 130   M    M   3        17 130
 2  85  53  69  -3   0   4 0.00    M    M  6.9 17 140   M    M   0        22 130
 3  91  56  74   2   0   9 0.00    M    M  5.0 13 350   M    M   0        17 250
 4  99  62  81   9   0  16 0.00    M    M  8.3 25 140   M    M   0        30 130
 5  94  62  78   5   0  13 0.00    M    M 11.4 25 190   M    M   0        33 220
 6  81  61  71  -2   0   6 0.00    M    M 12.7 26 220   M    M   0        51 250
 7  79  53  66  -7   0   1 0.00    M    M  6.8 17 280   M    M   1        25 300
 8  77  54  66  -8   0   1 0.00    M    M  7.0 17 290   M    M   2        23 290
 9  84  56  70  -4   0   5 0.00    M    M  5.3 17 340   M    M   M        21 340
10  90  55  73  -1   0   8 0.00    M    M  5.6 15 300   M    M   0        20 290
11  94  60  77   3   0  12 0.00    M    M  6.8 15 350   M    M   0        18 360
12  99  64  82   7   0  17 0.00    M    M  6.1 14 190   M    M   M        21 210
13  98  66  82   7   0  17 0.00    M    M  6.2 17 270   M    M   M        22 270
14  99  70  85  10   0  20 0.00    M    M  7.1 21 260   M    M   M        27 260
15  95  71  83   7   0  18 0.00    M    M 11.4 26 250   M    M   M        37 250
16  91  60  76   0   0  11 0.00    M    M  8.4 25 210   M    M   0        45 260
17  88  64  76   0   0  11 0.00    M    M  8.5 21 260   M    M   1        39 220
18  82  62  72  -5   0   7 0.00    M    M  5.1 18 270   M    M   2        26 240
19  88  60  74  -3   0   9 0.00    M    M  5.5 13 340   M    M   0        18 360
20  94  67  81   4   0  16 0.00    M    M 11.0 25 210   M    M   0        31 230
21  89  65  77  -1   0  12 0.00    M    M  9.5 21 220   M    M   0        34 180
22  90  60  75  -3   0  10 0.00    M    M  8.9 21 260   M    M   0        30 270
23  91  61  76  -2   0  11 0.00    M    M  7.1 21 270   M    M   0        31 220
24  90  60  75  -3   0  10 0.00    M    M  8.1 24 260   M    M   0        33 270
25  89  59  74  -5   0   9 0.00    M    M 10.7 28 230   M    M   0        34 220
26  82  56  69 -10   0   4 0.00    M    M  5.9 18 290   M    M   0        26 270
27  88  57  73  -6   0   8 0.00    M    M  5.5 14  10   M    M   0        17 360
================================================================================
SM 2403 1628         0 265  0.00    M    205.7          M        9
================================================================================
AV 89.0 60.3                               7.6 FASTST   M    M   0    MAX(MPH)
                                 MISC ---->  # 28 230               # 51  250
================================================================================
NOTES:
# LAST OF SEVERAL OCCURRENCES

COLUMN 17 PEAK WIND IN M.P.H.

PRELIMINARY LOCAL CLIMATOLOGICAL DATA (WS FORM: F-6) , PAGE 2

                                          STATION:  TUCSON AZ
                                          MONTH:    MAY
                                          YEAR:     2016
                                          LATITUDE:   32  7 N
                                          LONGITUDE: 110 56 W

[TEMPERATURE DATA]      [PRECIPITATION DATA]       SYMBOLS USED IN COLUMN 16

AVERAGE MONTHLY: 74.6   TOTAL FOR MONTH:   0.00    1 = FOG OR MIST
DPTR FM NORMAL:  -0.8   DPTR FM NORMAL:   -0.20    2 = FOG REDUCING VISIBILITY
HIGHEST:    99 ON 14,12 GRTST 24HR  0.00 ON 27-27      TO 1/4 MILE OR LESS
LOWEST:     53 ON  7, 2                            3 = THUNDER
                        SNOW, ICE PELLETS, HAIL    4 = ICE PELLETS
                        TOTAL MONTH:    M          5 = HAIL
                        GRTST 24HR    M  ON   M    6 = FREEZING RAIN OR DRIZZLE
                        GRTST DEPTH:  M  ON   M    7 = DUSTSTORM OR SANDSTORM:
                                                       VSBY 1/2 MILE OR LESS
                                                   8 = SMOKE OR HAZE
[NO. OF DAYS WITH]      [WEATHER - DAYS WITH]      9 = BLOWING SNOW
                                                   X = TORNADO
MAX 32 OR BELOW:   0    0.01 INCH OR MORE:   0
MAX 90 OR ABOVE:  14    0.10 INCH OR MORE:   0
MIN 32 OR BELOW:   0    0.50 INCH OR MORE:   0
MIN  0 OR BELOW:   0    1.00 INCH OR MORE:   0

[HDD (BASE 65) ]
TOTAL THIS MO.     0    CLEAR  (SCALE 0-3)  22
DPTR FM NORMAL    -3    PTCLDY (SCALE 4-7)   0
TOTAL FM JUL 1  1217    CLOUDY (SCALE 8-10)  0
DPTR FM NORMAL  -292

[CDD (BASE 65) ]
TOTAL THIS MO.   265
DPTR FM NORMAL   -22    [PRESSURE DATA]
TOTAL FM JAN 1   514    HIGHEST SLP M ON M
DPTR FM NORMAL    73    LOWEST  SLP 29.63 ON 15

[REMARKS]
