000
CXUS55 KTWC 290855
CF6TUS
PRELIMINARY LOCAL CLIMATOLOGICAL DATA (WS FORM: F-6)

                                          STATION:   TUCSON AZ
                                          MONTH:     MARCH
                                          YEAR:      2015
                                          LATITUDE:   32  7 N
                                          LONGITUDE: 110 56 W

  TEMPERATURE IN F:       :PCPN:    SNOW:  WIND      :SUNSHINE: SKY     :PK WND
================================================================================
1   2   3   4   5  6A  6B    7    8   9   10  11  12  13   14  15   16   17  18
                                     12Z  AVG MX 2MIN
DY MAX MIN AVG DEP HDD CDD  WTR  SNW DPTH SPD SPD DIR MIN PSBL S-S WX    SPD DR
================================================================================

 1  76  53  65   8   0   0 0.00    M    M  7.7 20 200   M    M   1        27  90
 2  69  51  60   2   5   0 0.34    M    M 10.1 35 200   M    M   7 1      47 200
 3  63  46  55  -3  10   0 0.00    M    M  4.7 15 360   M    M   4        17 330
 4  63  47  55  -3  10   0 0.00    M    M  6.4 16 320   M    M   4        21 350
 5  71  39  55  -3  10   0 0.00    M    M  6.8 17  40   M    M   0 8      22  30
 6  77  48  63   5   2   0 0.00    M    M 12.1 32 120   M    M   0        42 120
 7  79  53  66   8   0   1 0.00  0.0    0  9.7 28 180   M    M   1        35 200
 8  77  48  63   4   2   0 0.00  0.0    0  6.9 16 330   M    M   0        23 340
 9  79  47  63   4   2   0 0.00  0.0    0  7.4 16 340   M    M   0        22 330
10  81  49  65   6   0   0 0.00  0.0    0  6.7 16 140   M    M   0        22 200
11  82  50  66   7   0   1 0.00  0.0    0  7.8 18 100   M    M   0        24  90
12  80  60  70  11   0   5 0.00  0.0    0  5.7 17 130   M    M   4        25 290
13  80  53  67   7   0   2 0.00  0.0    0  7.3 18  80   M    M   1        24 360
14  81  54  68   8   0   3 0.00  0.0    0 10.8 24 120   M    M   0        31 110
15  81  54  68   8   0   3 0.00  0.0    0 11.7 29 120   M    M   0        37 110
16  85  58  72  12   0   7 0.00  0.0    0  8.3 23 130   M    M   1        27 120
17  83  57  70  10   0   5 0.00  0.0    0  8.2 17 280   M    M   5        23 250
18  72  56  64   4   1   0 0.14  0.0    0  6.9 22 280   M    M   M        28 280
19  69  53  61   0   4   0 0.02  0.0    0  5.0 15 250   M    M   M 1      21 290
20  78  49  64   3   1   0 0.00  0.0    0  6.4 14 330   M    M   M        18 330
21  80  52  66   5   0   1 0.00  0.0    0  7.1 17 350   M    M   M        21 340
22  83  52  68   7   0   3 0.00  0.0    0  5.5 13 260   M    M   M        17 270
23  84  53  69   8   0   4 0.00  0.0    0  6.5 15 280   M    M   0        20 280
24  84  50  67   5   0   2 0.00  0.0    0  7.2 16 300   M    M   0        24 310
25  82  52  67   5   0   2 0.00  0.0    0  6.0 16 340   M    M   0        21 340
26  86  52  69   7   0   4 0.00  0.0    0  5.8 13 140   M    M   0        16  50
27  93  53  73  11   0   8 0.00  0.0    0  6.8 15 140   M    M   0        19 190
28  93  53  73  11   0   8 0.00  0.0    0  6.1 14 270   M    M   0        19 270
================================================================================
SM 2211 1442        47  59  0.50     0.0 207.6          M       28
================================================================================
AV 79.0 51.5                               7.4 FASTST   M    M   1    MAX(MPH)
                                 MISC ---->  # 35 200               # 47  200
================================================================================
NOTES:
# LAST OF SEVERAL OCCURRENCES

COLUMN 17 PEAK WIND IN M.P.H.

PRELIMINARY LOCAL CLIMATOLOGICAL DATA (WS FORM: F-6) , PAGE 2

                                          STATION:  TUCSON AZ
                                          MONTH:    MARCH
                                          YEAR:     2015
                                          LATITUDE:   32  7 N
                                          LONGITUDE: 110 56 W

[TEMPERATURE DATA]      [PRECIPITATION DATA]       SYMBOLS USED IN COLUMN 16

AVERAGE MONTHLY: 65.2   TOTAL FOR MONTH:   0.50    1 = FOG OR MIST
DPTR FM NORMAL:   5.4   DPTR FM NORMAL:   -0.18    2 = FOG REDUCING VISIBILITY
HIGHEST:    93 ON 28,27 GRTST 24HR  0.34 ON  2- 2      TO 1/4 MILE OR LESS
LOWEST:     39 ON  5                               3 = THUNDER
                        SNOW, ICE PELLETS, HAIL    4 = ICE PELLETS
                        TOTAL MONTH:   0.0 INCH    5 = HAIL
                        GRTST 24HR     0.0         6 = FREEZING RAIN OR DRIZZLE
                        GRTST DEPTH:   0           7 = DUSTSTORM OR SANDSTORM:
                                                       VSBY 1/2 MILE OR LESS
                                                   8 = SMOKE OR HAZE
[NO. OF DAYS WITH]      [WEATHER - DAYS WITH]      9 = BLOWING SNOW
                                                   X = TORNADO
MAX 32 OR BELOW:   0    0.01 INCH OR MORE:   3
MAX 90 OR ABOVE:   2    0.10 INCH OR MORE:   2
MIN 32 OR BELOW:   0    0.50 INCH OR MORE:   0
MIN  0 OR BELOW:   0    1.00 INCH OR MORE:   0

[HDD (BASE 65) ]
TOTAL THIS MO.    47    CLEAR  (SCALE 0-3)  18
DPTR FM NORMAL  -120    PTCLDY (SCALE 4-7)   5
TOTAL FM JUL 1   889    CLOUDY (SCALE 8-10)  0
DPTR FM NORMAL  -545

[CDD (BASE 65) ]
TOTAL THIS MO.    59
DPTR FM NORMAL    38    [PRESSURE DATA]
TOTAL FM JAN 1    67    HIGHEST SLP M ON M
DPTR FM NORMAL    42    LOWEST  SLP 29.77 ON  3

[REMARKS]
