000
CXUS53 KAPX 280631
CF6TVC
PRELIMINARY LOCAL CLIMATOLOGICAL DATA (WS FORM: F-6)

                                          STATION:   TRAVERSE CITY MI
                                          MONTH:     AUGUST
                                          YEAR:      2014
                                          LATITUDE:   44 44 N
                                          LONGITUDE:  85 34 W

  TEMPERATURE IN F:       :PCPN:    SNOW:  WIND      :SUNSHINE: SKY     :PK WND
================================================================================
1   2   3   4   5  6A  6B    7    8   9   10  11  12  13   14  15   16   17  18
                                     12Z  AVG MX 2MIN
DY MAX MIN AVG DEP HDD CDD  WTR  SNW DPTH SPD SPD DIR MIN PSBL S-S WX    SPD DR
================================================================================

 1  81  58  70   1   0   5 0.00    M    M  3.3 13  30   M    M   3        16  40
 2  79  56  68  -1   0   3 0.00    M    M  3.2 12  30   M    M   3        15  20
 3  87  55  71   2   0   6 0.00    M    M  4.2 17 280   M    M   3        22 290
 4  78  63  71   2   0   6    T    M    M  5.0 12  30   M    M   6        17  30
 5  79  57  68  -1   0   3 0.00    M    M  4.1 13  30   M    M   5        19  10
 6  79  51  65  -3   0   0 0.00    M    M  2.8 13  50   M    M   3        17  20
 7  82  52  67  -1   0   2 0.00    M    M  3.9 13  40   M    M   2        18  40
 8  83  62  73   5   0   8 0.00    M    M  3.5 10  50   M    M   4        19  10
 9  82  54  68   0   0   3 0.00    M    M  3.3 13  40   M    M   3        16  40
10  85  56  71   3   0   6 0.00    M    M  3.3 13  40   M    M   3        17  20
11  77  64  71   3   0   6    T    M    M  3.3 13  10   M    M   8        17  10
12  69  59  64  -4   1   0 1.00    M    M 11.5 21 330   M    M  10 1      29 330
13  73  53  63  -5   2   0    T    M    M  8.5 16 360   M    M   3        24 350
14  67  48  58 -10   7   0 0.00    M    M  8.1 21 310   M    M   2        28 310
15  77  47  62  -6   3   0 0.00    M    M  4.2 16 270   M    M   2        21 280
16  72  62  67  -1   0   2 0.57    M    M  7.7 15 330   M    M   7 13     21 210
17  71  57  64  -4   1   0 0.00    M    M  4.4 10  10   M    M   7        15  20
18  78  58  68   1   0   3 0.01    M    M  4.7 12 120   M    M   8        18 120
19  78  65  72   5   0   7 0.03    M    M  4.7 12 280   M    M   7 1      19 220
20  72  60  66  -1   0   1    T    M    M  5.6 13 290   M    M   9        17 290
21  77  61  69   2   0   4 0.00    M    M  3.3 12  30   M    M   8        16  20
22  82  67  75   8   0  10 0.00    M    M  2.3  9  10   M    M   8        14  10
23  87  65  76   9   0  11 0.00    M    M  3.7 13 100   M    M   6        16 130
24  82  63  73   7   0   8 0.00    M    M  4.5 13 120   M    M   6        21 120
25  84  69  77  11   0  12 0.14    M    M  4.7 15 320   M    M   7 13     21 330
26  76  56  66   0   0   1    T    M    M  5.1 14  40   M    M   5 18     18  50
27  70  52  61  -5   4   0 0.00    M    M  4.7 15 320   M    M   5        21 330
================================================================================
SM 2107 1570        18 107  1.75    M    127.6          M      143
================================================================================
AV 78.0 58.1                               4.7 FASTST   M    M   5    MAX(MPH)
                                 MISC ---->  # 21 330               # 29  330
================================================================================
NOTES:
# LAST OF SEVERAL OCCURRENCES

COLUMN 17 PEAK WIND IN M.P.H.

PRELIMINARY LOCAL CLIMATOLOGICAL DATA (WS FORM: F-6) , PAGE 2

                                          STATION:  TRAVERSE CITY MI
                                          MONTH:    AUGUST
                                          YEAR:     2014
                                          LATITUDE:   44 44 N
                                          LONGITUDE:  85 34 W

[TEMPERATURE DATA]      [PRECIPITATION DATA]       SYMBOLS USED IN COLUMN 16

AVERAGE MONTHLY: 68.1   TOTAL FOR MONTH:   1.75    1 = FOG OR MIST
DPTR FM NORMAL:   0.4   DPTR FM NORMAL:   -1.19    2 = FOG REDUCING VISIBILITY
HIGHEST:    87 ON 23, 3 GRTST 24HR  1.00 ON 12-12      TO 1/4 MILE OR LESS
LOWEST:     47 ON 15                               3 = THUNDER
                        SNOW, ICE PELLETS, HAIL    4 = ICE PELLETS
                        TOTAL MONTH:    M          5 = HAIL
                        GRTST 24HR    M  ON   M    6 = FREEZING RAIN OR DRIZZLE
                        GRTST DEPTH:  M  ON   M    7 = DUSTSTORM OR SANDSTORM:
                                                       VSBY 1/2 MILE OR LESS
                                                   8 = SMOKE OR HAZE
[NO. OF DAYS WITH]      [WEATHER - DAYS WITH]      9 = BLOWING SNOW
                                                   X = TORNADO
MAX 32 OR BELOW:   0    0.01 INCH OR MORE:   5
MAX 90 OR ABOVE:   0    0.10 INCH OR MORE:   3
MIN 32 OR BELOW:   0    0.50 INCH OR MORE:   2
MIN  0 OR BELOW:   0    1.00 INCH OR MORE:   1

[HDD (BASE 65) ]
TOTAL THIS MO.    18    CLEAR  (SCALE 0-3)   7
DPTR FM NORMAL   -13    PTCLDY (SCALE 4-7)  17
TOTAL FM JUL 1    73    CLOUDY (SCALE 8-10)  3
DPTR FM NORMAL    14

[CDD (BASE 65) ]
TOTAL THIS MO.   107
DPTR FM NORMAL     2    [PRESSURE DATA]
TOTAL FM JAN 1   314    HIGHEST SLP M ON M
DPTR FM NORMAL   -44    LOWEST  SLP 29.59 ON 12

[REMARKS]
