000
CXUS53 KAPX 280631
CF6TVC
PRELIMINARY LOCAL CLIMATOLOGICAL DATA (WS FORM: F-6)

                                          STATION:   TRAVERSE CITY MI
                                          MONTH:     MARCH
                                          YEAR:      2017
                                          LATITUDE:   44 44 N
                                          LONGITUDE:  85 34 W

  TEMPERATURE IN F:       :PCPN:    SNOW:  WIND      :SUNSHINE: SKY     :PK WND
================================================================================
1   2   3   4   5  6A  6B    7    8   9   10  11  12  13   14  15   16   17  18
                                     12Z  AVG MX 2MIN
DY MAX MIN AVG DEP HDD CDD  WTR  SNW DPTH SPD SPD DIR MIN PSBL S-S WX    SPD DR
================================================================================

 1  42  23  33   7  32   0 0.61    M    M 12.4 22 340   M    M  10 149    30 340
 2  26  20  23  -3  42   0 0.05    M    M  9.7 20 340   M    M   8 1      27 340
 3  21   4  13 -13  52   0    T    M    M  9.9 20 290   M    M   6 18     24 300
 4  33   3  18  -8  47   0 0.00    M    M  4.5 13 120   M    M   1 18     18 110
 5  44  22  33   6  32   0 0.00    M    M  7.3 18 160   M    M   7        29 140
 6  56  42  49  22  16   0    T    M    M  6.2 13 160   M    M  10 1      19 120
 7  61  37  49  22  16   0 0.33    M    M 16.1 24 260   M    M   4 13     43 240
 8  41  30  36   8  29   0    T    M    M 21.3 40 260   M    M   6 8      56 260
 9  33  23  28   0  37   0 0.00    M    M  9.1 25 300   M    M   6        33 310
10  25  14  20  -8  45   0    T    M    M 16.8 25 310   M    M   9 9      33 310
11  20  15  18 -11  47   0    T    M    M 13.4 22 300   M    M  10        28 300
12  26  17  22  -7  43   0 0.02    M    M  6.5 14 310   M    M  10 18     18 330
13  24  17  21  -8  44   0 0.03    M    M  9.0 15  50   M    M  10 18     20  40
14  23   6  15 -15  50   0    T    M    M 12.2 21 350   M    M   5 8      31 350
15  31  22  27  -3  38   0    T    M    M 12.5 21 310   M    M   7        28  20
16  39  14  27  -3  38   0 0.00    M    M  4.5 17 300   M    M   2        22 310
17  41  23  32   1  33   0    T    M    M  3.8 15 130   M    M   7 1      24 130
18  37  34  36   5  29   0    T    M    M  4.6 12 320   M    M  10 12     14 320
19  50  33  42  10  23   0 0.01    M    M  4.1  9  20   M    M  10 12     16 220
20  53  28  41   9  24   0    T    M    M  4.5 16 300   M    M   8 1      21 310
21  40  24  32   0  33   0    T    M    M 12.0 25 330   M    M   6 1      35 330
22  30  19  25  -8  40   0    T    M    M  8.0 23 360   M    M   5        34 360
23  43  18  31  -2  34   0    T    M    M  5.0 13 140   M    M   7        19 190
24  43  35  39   5  26   0 0.42    M    M  4.4 17 310   M    M  10 1      20 300
25  41  36  39   5  26   0 0.07    M    M  9.6 21 110   M    M  10 1      28  90
26  48  37  43   9  22   0 0.09    M    M  4.0 12 110   M    M  10 1      17 100
27  43  37  40   5  25   0    T    M    M  3.9 10 330   M    M  10 1      14 340
================================================================================
SM 1014  633       923   0  1.63    M    235.3          M      204
================================================================================
AV 37.6 23.4                               8.7 FASTST   M    M   8    MAX(MPH)
                                 MISC ---->  # 40 260               # 56  260
================================================================================
NOTES:
# LAST OF SEVERAL OCCURRENCES

COLUMN 17 PEAK WIND IN M.P.H.

PRELIMINARY LOCAL CLIMATOLOGICAL DATA (WS FORM: F-6) , PAGE 2

                                          STATION:  TRAVERSE CITY MI
                                          MONTH:    MARCH
                                          YEAR:     2017
                                          LATITUDE:   44 44 N
                                          LONGITUDE:  85 34 W

[TEMPERATURE DATA]      [PRECIPITATION DATA]       SYMBOLS USED IN COLUMN 16

AVERAGE MONTHLY: 30.5   TOTAL FOR MONTH:   1.63    1 = FOG OR MIST
DPTR FM NORMAL:   0.6   DPTR FM NORMAL:    0.05    2 = FOG REDUCING VISIBILITY
HIGHEST:    61 ON  7    GRTST 24HR  0.61 ON  1- 1      TO 1/4 MILE OR LESS
LOWEST:      3 ON  4                               3 = THUNDER
                        SNOW, ICE PELLETS, HAIL    4 = ICE PELLETS
                        TOTAL MONTH:    M          5 = HAIL
                        GRTST 24HR    M  ON   M    6 = FREEZING RAIN OR DRIZZLE
                        GRTST DEPTH:  M  ON   M    7 = DUSTSTORM OR SANDSTORM:
                                                       VSBY 1/2 MILE OR LESS
                                                   8 = SMOKE OR HAZE
[NO. OF DAYS WITH]      [WEATHER - DAYS WITH]      9 = BLOWING SNOW
                                                   X = TORNADO
MAX 32 OR BELOW:   9    0.01 INCH OR MORE:   9
MAX 90 OR ABOVE:   0    0.10 INCH OR MORE:   3
MIN 32 OR BELOW:  19    0.50 INCH OR MORE:   1
MIN  0 OR BELOW:   0    1.00 INCH OR MORE:   0

[HDD (BASE 65) ]
TOTAL THIS MO.   923    CLEAR  (SCALE 0-3)   2
DPTR FM NORMAL   -23    PTCLDY (SCALE 4-7)  13
TOTAL FM JUL 1  5096    CLOUDY (SCALE 8-10) 12
DPTR FM NORMAL -1190

[CDD (BASE 65) ]
TOTAL THIS MO.     0
DPTR FM NORMAL     0    [PRESSURE DATA]
TOTAL FM JAN 1     0    HIGHEST SLP M ON M
DPTR FM NORMAL     0    LOWEST  SLP 29.43 ON  1

[REMARKS]
