000
CXUS53 KAPX 200631
CF6TVC
PRELIMINARY LOCAL CLIMATOLOGICAL DATA (WS FORM: F-6)

                                          STATION:   TRAVERSE CITY MI
                                          MONTH:     FEBRUARY
                                          YEAR:      2018
                                          LATITUDE:   44 44 N
                                          LONGITUDE:  85 34 W

  TEMPERATURE IN F:       :PCPN:    SNOW:  WIND      :SUNSHINE: SKY     :PK WND
================================================================================
1   2   3   4   5  6A  6B    7    8   9   10  11  12  13   14  15   16   17  18
                                     12Z  AVG MX 2MIN
DY MAX MIN AVG DEP HDD CDD  WTR  SNW DPTH SPD SPD DIR MIN PSBL S-S WX    SPD DR
================================================================================

 1  34  10  22   1  43   0 0.02    M    M 14.1 24 290   M    M  10 189    29 290
 2  16  12  14  -7  51   0    T    M    M 11.3 23 280   M    M   9 8      26 280
 3  27  14  21   0  44   0 0.13    M    M  3.2 14 270   M    M  10 1      17 280
 4  22   9  16  -5  49   0 0.02    M    M 11.7 20  20   M    M  10 189    27  20
 5  18   7  13  -8  52   0    T    M    M  8.2 20 270   M    M   8 8      26 220
 6  16   0   8 -13  57   0    T    M    M  5.9 16 300   M    M   8 8      19 280
 7  18   7  13  -9  52   0    T    M    M  4.5 14 280   M    M   9 1      17 290
 8  19  15  17  -5  48   0    T    M    M  8.0 21 280   M    M   9 8      28 270
 9  20  10  15  -7  50   0    T    M    M  4.9 12 360   M    M  10 1      13 360
10  23   6  15  -7  50   0 0.00    M    M  1.7 10 270   M    M   6 18     13 280
11  24   7  16  -6  49   0 0.06    M    M  4.4 14 280   M    M   6 18     19 260
12  22   1  12 -10  53   0 0.00    M    M  7.0 16 290   M    M   4 8      19 300
13  31   3  17  -5  48   0 0.00    M    M  5.5 15 210   M    M   5        24 210
14  49  29  39  17  26   0 0.00    M    M  9.0 16 220   M    M   1 8      25 220
15  46  28  37  15  28   0 0.00    M    M  9.6 17 320   M    M   8 18     24 220
16  28  21  25   2  40   0    T    M    M  9.0 18 310   M    M   6 1      25 330
17  35  19  27   4  38   0    T    M    M  9.2 18 270   M    M   6 1      27 230
18  40  25  33  10  32   0 0.00    M    M  7.9 16 280   M    M   8        28 170
19  42  33  38  15  27   0 0.16    M    M  3.4 12 110   M    M   8 14     16 210
================================================================================
SM  530  256       837   0  0.39    M    138.5          M      141
================================================================================
AV 27.9 13.5                               7.3 FASTST   M    M   7    MAX(MPH)
                                 MISC ---->  # 24 290               # 29  290
================================================================================
NOTES:
# LAST OF SEVERAL OCCURRENCES

COLUMN 17 PEAK WIND IN M.P.H.

PRELIMINARY LOCAL CLIMATOLOGICAL DATA (WS FORM: F-6) , PAGE 2

                                          STATION:  TRAVERSE CITY MI
                                          MONTH:    FEBRUARY
                                          YEAR:     2018
                                          LATITUDE:   44 44 N
                                          LONGITUDE:  85 34 W

[TEMPERATURE DATA]      [PRECIPITATION DATA]       SYMBOLS USED IN COLUMN 16

AVERAGE MONTHLY: 20.7   TOTAL FOR MONTH:   0.39    1 = FOG OR MIST
DPTR FM NORMAL:  -1.2   DPTR FM NORMAL:   -0.63    2 = FOG REDUCING VISIBILITY
HIGHEST:    49 ON 14    GRTST 24HR  0.16 ON 19-19      TO 1/4 MILE OR LESS
LOWEST:      0 ON  6                               3 = THUNDER
                        SNOW, ICE PELLETS, HAIL    4 = ICE PELLETS
                        TOTAL MONTH:    M          5 = HAIL
                        GRTST 24HR    M  ON   M    6 = FREEZING RAIN OR DRIZZLE
                        GRTST DEPTH:  M  ON   M    7 = DUSTSTORM OR SANDSTORM:
                                                       VSBY 1/2 MILE OR LESS
                                                   8 = SMOKE OR HAZE
[NO. OF DAYS WITH]      [WEATHER - DAYS WITH]      9 = BLOWING SNOW
                                                   X = TORNADO
MAX 32 OR BELOW:  13    0.01 INCH OR MORE:   5
MAX 90 OR ABOVE:   0    0.10 INCH OR MORE:   2
MIN 32 OR BELOW:  18    0.50 INCH OR MORE:   0
MIN  0 OR BELOW:   1    1.00 INCH OR MORE:   0

[HDD (BASE 65) ]
TOTAL THIS MO.   837    CLEAR  (SCALE 0-3)   1
DPTR FM NORMAL    18    PTCLDY (SCALE 4-7)   9
TOTAL FM JUL 1  4659    CLOUDY (SCALE 8-10)  9
DPTR FM NORMAL  -316

[CDD (BASE 65) ]
TOTAL THIS MO.     0
DPTR FM NORMAL     0    [PRESSURE DATA]
TOTAL FM JAN 1     0    HIGHEST SLP M ON M
DPTR FM NORMAL     0    LOWEST  SLP 29.57 ON 15

[REMARKS]
