000
CXUS56 KPQR 251200
CF6UAO
PRELIMINARY LOCAL CLIMATOLOGICAL DATA (WS FORM: F-6)

                                          STATION:   AURORA STATE OR
                                          MONTH:     SEPTEMBER
                                          YEAR:      2017
                                          LATITUDE:   45 15 N
                                          LONGITUDE: 122 46 W

  TEMPERATURE IN F:       :PCPN:    SNOW:  WIND      :SUNSHINE: SKY     :PK WND
================================================================================
1   2   3   4   5  6A  6B    7    8   9   10  11  12  13   14  15   16   17  18
                                     12Z  AVG MX 2MIN
DY MAX MIN AVG DEP HDD CDD  WTR  SNW DPTH SPD SPD DIR MIN PSBL S-S WX    SPD DR
================================================================================

 1  95  57  76  10   0  11 0.00  0.0    0  5.9 15  10   M    M   0        18  20
 2 100  57  79  13   0  14 0.00  0.0    0  2.3 10  40   M    M   1        13  10
 3  96  61  79  13   0  14 0.00  0.0    0  1.2  7  40   M    M   2 8      11  40
 4  92  63  78  12   0  13 0.00  0.0    0  4.2 13  20   M    M   2 8      15  20
 5  92  66  79  13   0  14 0.00  0.0    0  3.1  8 190   M    M   4 8      11 210
 6  83  64  74   8   0   9 0.00  0.0    0  3.5  9  30   M    M   4 8      12 190
 7  85  65  75  10   0  10 0.00  0.0    0  4.0 18 220   M    M   3 8      26 220
 8  78  65  72   7   0   7    T  0.0    0  1.7  8  40   M    M  10 8      13  30
 9  81  63  72   7   0   7 0.05  0.0    0  3.6 15 220   M    M   9 18     20 200
10  80  58  69   4   0   4 0.01  0.0    0  6.2 14  20   M    M   3 1      19  20
11  95  51  73   8   0   8 0.00  0.0    0  5.9 15  20   M    M   0 8      18  30
12  89  56  73   9   0   8 0.00  0.0    0  4.9 17 350   M    M   1        23 350
13  77  50  64   0   1   0 0.00  0.0    0  4.5 12  40   M    M   2        17  60
14  77  52  65   1   0   0 0.00  0.0    0  2.4  9  20   M    M   2 8      13 280
15  81  47  64   0   1   0 0.00  0.0    0  1.3  9 350   M    M   0        13  20
16  77  50  64   1   1   0 0.00  0.0    0  1.6  8  30   M    M   1 8      12  60
17  66  55  61  -2   4   0 0.32  0.0    0  9.4 21 180   M    M   7 18     26 180
18  61  53  57  -6   8   0 0.39  0.0    0  7.2 20 180   M    M   9 13     24 190
19  61  51  56  -6   9   0 0.76  0.0    0  6.9 18 180   M    M   7 138    27 170
20  62  49  56  -6   9   0 0.34  0.0    0  5.5 16 190   M    M   8 1      24 190
21  64  47  56  -6   9   0    T  0.0    0  1.9  9 220   M    M   9 12     13 220
22  69  47  58  -4   7   0 0.00  0.0    0  1.4  7  40   M    M   6 1      10  80
23  71  50  61   0   4   0 0.00  0.0    0  1.4  8 210   M    M   3 8      10 220
24  75  46  61   0   4   0 0.00  0.0    0  1.9  9 350   M    M   0        13 350
================================================================================
SM 1907 1323        57 119  1.87     0.0  91.9          M       93
================================================================================
AV 79.5 55.1                               3.8 FASTST   M    M   4    MAX(MPH)
                                 MISC ---->  # 21 180               # 27  170
================================================================================
NOTES:
# LAST OF SEVERAL OCCURRENCES

COLUMN 17 PEAK WIND IN M.P.H.

PRELIMINARY LOCAL CLIMATOLOGICAL DATA (WS FORM: F-6) , PAGE 2

                                          STATION:  AURORA STATE OR
                                          MONTH:    SEPTEMBER
                                          YEAR:     2017
                                          LATITUDE:   45 15 N
                                          LONGITUDE: 122 46 W

[TEMPERATURE DATA]      [PRECIPITATION DATA]       SYMBOLS USED IN COLUMN 16

AVERAGE MONTHLY: 67.3   TOTAL FOR MONTH:   1.87    1 = FOG OR MIST
DPTR FM NORMAL:   3.3   DPTR FM NORMAL:    0.65    2 = FOG REDUCING VISIBILITY
HIGHEST:   100 ON  2    GRTST 24HR  0.76 ON 19-19      TO 1/4 MILE OR LESS
LOWEST:     46 ON 24                               3 = THUNDER
                        SNOW, ICE PELLETS, HAIL    4 = ICE PELLETS
                        TOTAL MONTH:   0.0 INCH    5 = HAIL
                        GRTST 24HR     0.0         6 = FREEZING RAIN OR DRIZZLE
                        GRTST DEPTH:   0           7 = DUSTSTORM OR SANDSTORM:
                                                       VSBY 1/2 MILE OR LESS
                                                   8 = SMOKE OR HAZE
[NO. OF DAYS WITH]      [WEATHER - DAYS WITH]      9 = BLOWING SNOW
                                                   X = TORNADO
MAX 32 OR BELOW:   0    0.01 INCH OR MORE:   6
MAX 90 OR ABOVE:   6    0.10 INCH OR MORE:   4
MIN 32 OR BELOW:   0    0.50 INCH OR MORE:   1
MIN  0 OR BELOW:   0    1.00 INCH OR MORE:   0

[HDD (BASE 65) ]
TOTAL THIS MO.    57    CLEAR  (SCALE 0-3)  14
DPTR FM NORMAL    -8    PTCLDY (SCALE 4-7)   6
TOTAL FM JUL 1    59    CLOUDY (SCALE 8-10)  4
DPTR FM NORMAL   -53

[CDD (BASE 65) ]
TOTAL THIS MO.   119
DPTR FM NORMAL    78    [PRESSURE DATA]
TOTAL FM JAN 1   715    HIGHEST SLP M ON M
DPTR FM NORMAL   384    LOWEST  SLP 29.60 ON 20

[REMARKS]
