000
CXUS54 KCRP 011300
CF6VCT
PRELIMINARY LOCAL CLIMATOLOGICAL DATA (WS FORM: F-6)

                                          STATION:   VICTORIA
                                          MONTH:     JULY
                                          YEAR:      2015
                                          LATITUDE:   28 51 N
                                          LONGITUDE:  96 55 W

  TEMPERATURE IN F:       :PCPN:    SNOW:  WIND      :SUNSHINE: SKY     :PK WND
================================================================================
1   2   3   4   5  6A  6B    7    8   9   10  11  12  13   14  15   16   17  18
                                     12Z  AVG MX 2MIN
DY MAX MIN AVG DEP HDD CDD  WTR  SNW DPTH SPD SPD DIR MIN PSBL S-S WX    SPD DR
================================================================================

 1  90  72  81  -2   0  16 0.17  0.0    0  5.3 28 220   M    M   3 13     37 210
 2  91  71  81  -2   0  16 0.00  0.0    0 10.7 24 150   M    M   2        30 150
 3  92  75  84   1   0  19    T  0.0    0  9.2 21 160   M    M   2 13     26 170
 4  92  75  84   1   0  19 0.00  0.0    M  9.6 22 170   M    M   2 13     27 190
 5  92  74  83  -1   0  18 0.00  0.0    0 11.5 23 160   M    M   5 1      31 160
 6  91  77  84   0   0  19    T  0.0    0 13.2 25 150   M    M   6 18     33 160
 7  91  79  85   1   0  20    T  0.0    0 14.6 26 160   M    M   7 18     33 170
 8  92  77  85   1   0  20 0.00  0.0    0 14.8 28 150   M    M   7 18     33 150
 9  93  75  84   0   0  19 0.00  0.0    0 10.3 21 140   M    M   4 18     26 150
10  94  74  84   0   0  19 0.00  0.0    0  8.4 20 160   M    M   4 1      24 150
11  96  73  85   1   0  20 0.01  0.0    0  8.0 18 160   M    M   3 1      23 170
12  95  73  84   0   0  19 0.00  0.0    0  7.4 17 180   M    M   2 18     24 160
13  95  73  84   0   0  19 0.00  0.0    0  7.7 18 160   M    M   1 18     21 180
14  95  71  83  -1   0  18 0.00  0.0    0  7.6 22 160   M    M   2 1      26 150
15  95  74  85   1   0  20 0.00  0.0    0  9.2 18 160   M    M   1        24 180
16  95  73  84   0   0  19 0.00  0.0    0  7.6 21 170   M    M   1 18     25 160
17  95  75  85   1   0  20 0.00  0.0    0  9.4 22 160   M    M   1 1      28 160
18  96  78  87   3   0  22 0.00  0.0    0 11.0 20 170   M    M   2 1      25 150
19  96  74  85   1   0  20 0.00  0.0    0  8.6 17 160   M    M   2 1      23 150
20  96  72  84   0   0  19 0.00  0.0    0  8.6 18 150   M    M   1 1      23 180
21  96  74  85   1   0  20 0.00  0.0    0  9.8 21 150   M    M   2 1      25 200
22  96  77  87   3   0  22 0.00  0.0    0 11.1 23 160   M    M   2        27 150
23  97  74  86   2   0  21 0.00  0.0    0 11.2 18 190   M    M   1 1      21 190
24  96  74  85   1   0  20 0.00  0.0    0   M  21 170   M    M   2 1      26 150
25  98  71  85   1   0  20 0.00  0.0    0  7.1 18 160   M    M   1 1      22 180
26  97  74  86   2   0  21 0.00  0.0    0  9.1 20 140   M    M   2 1      24 140
27  97  76  87   3   0  22 0.00  0.0    0 10.1 22 170   M    M   1 1      27 180
28  99  73  86   2   0  21 0.00  0.0    0 10.2 23 180   M    M   1 12     33 160
29  98  73  86   2   0  21 0.00  0.0    0  7.6 18 150   M    M   3 12     23 170
30 100  71  86   2   0  21 0.30  0.0    0  5.6 23 240   M    M   3 1238   29 240
31 102  75  89   5   0  24 0.22  0.0    0  4.9 30 110   M    M   1 13     36 100
================================================================================
SM 2948 2297         0 614  0.70     0.0 279.4          M       77
================================================================================
AV 95.1 74.1                               9.3 FASTST   M    M   2    MAX(MPH)
                                 MISC ---->  # 30 110               # 37  210
================================================================================
NOTES:
# LAST OF SEVERAL OCCURRENCES

COLUMN 17 PEAK WIND IN M.P.H.

PRELIMINARY LOCAL CLIMATOLOGICAL DATA (WS FORM: F-6) , PAGE 2

                                          STATION:  VICTORIA
                                          MONTH:    JULY
                                          YEAR:     2015
                                          LATITUDE:   28 51 N
                                          LONGITUDE:  96 55 W

[TEMPERATURE DATA]      [PRECIPITATION DATA]       SYMBOLS USED IN COLUMN 16

AVERAGE MONTHLY: 84.6   TOTAL FOR MONTH:   0.70    1 = FOG OR MIST
DPTR FM NORMAL:   0.7   DPTR FM NORMAL:   -3.48    2 = FOG REDUCING VISIBILITY
HIGHEST:   102 ON 31    GRTST 24HR  0.52 ON 30-31      TO 1/4 MILE OR LESS
LOWEST:     71 ON 30,25                            3 = THUNDER
                        SNOW, ICE PELLETS, HAIL    4 = ICE PELLETS
                        TOTAL MONTH:   0.0 INCH    5 = HAIL
                        GRTST 24HR     0.0         6 = FREEZING RAIN OR DRIZZLE
                        GRTST DEPTH:   0           7 = DUSTSTORM OR SANDSTORM:
                                                       VSBY 1/2 MILE OR LESS
                                                   8 = SMOKE OR HAZE
[NO. OF DAYS WITH]      [WEATHER - DAYS WITH]      9 = BLOWING SNOW
                                                   X = TORNADO
MAX 32 OR BELOW:   0    0.01 INCH OR MORE:   4
MAX 90 OR ABOVE:  31    0.10 INCH OR MORE:   3
MIN 32 OR BELOW:   0    0.50 INCH OR MORE:   0
MIN  0 OR BELOW:   0    1.00 INCH OR MORE:   0

[HDD (BASE 65) ]
TOTAL THIS MO.     0    CLEAR  (SCALE 0-3)  24
DPTR FM NORMAL     0    PTCLDY (SCALE 4-7)   7
TOTAL FM JUL 1     0    CLOUDY (SCALE 8-10)  0
DPTR FM NORMAL     0

[CDD (BASE 65) ]
TOTAL THIS MO.   614
DPTR FM NORMAL    28    [PRESSURE DATA]
TOTAL FM JAN 1  1811    HIGHEST SLP 30.14 ON 11
DPTR FM NORMAL    58    LOWEST  SLP 29.84 ON 21

[REMARKS]
#FINAL-07-15#
