000
CXUS54 KCRP 281300
CF6VCT
PRELIMINARY LOCAL CLIMATOLOGICAL DATA (WS FORM: F-6)

                                          STATION:   VICTORIA
                                          MONTH:     APRIL
                                          YEAR:      2017
                                          LATITUDE:   28 51 N
                                          LONGITUDE:  96 55 W

  TEMPERATURE IN F:       :PCPN:    SNOW:  WIND      :SUNSHINE: SKY     :PK WND
================================================================================
1   2   3   4   5  6A  6B    7    8   9   10  11  12  13   14  15   16   17  18
                                     12Z  AVG MX 2MIN
DY MAX MIN AVG DEP HDD CDD  WTR  SNW DPTH SPD SPD DIR MIN PSBL S-S WX    SPD DR
================================================================================

 1  81  68  75   8   0  10 0.00  0.0    0 14.2 26 160   M    M   8        31 160
 2  87  66  77  10   0  12 0.02  0.0    0 10.9 22 150   M    M   7 138    26 160
 3  89  54  72   5   0   7 0.00  0.0    0  8.1 17 250   M    M   0        23 230
 4  87  58  73   6   0   8 0.00  0.0    0 10.3 21 190   M    M   2 18     24 190
 5  76  51  64  -4   1   0 0.01  0.0    0 14.2 29 350   M    M   2 18     37 350
 6  80  47  64  -4   1   0 0.00  0.0    0  4.5 10  10   M    M   0        16 270
 7  80  51  66  -2   0   1 0.00  0.0    0  7.6 21 170   M    M   0        26 180
 8  81  57  69   1   0   4 0.00  0.0    0 12.6 23 160   M    M   3        33 150
 9  84  61  73   5   0   8 0.00  0.0    0 14.4 24 140   M    M   6        30 160
10  80  73  77   8   0  12    T  0.0    0 13.9 23 160   M    M  10 8      27 160
11  79  63  71   2   0   6 1.07  0.0    0 13.2 37  40   M    M   8 13     45  40
12  82  62  72   3   0   7    T  0.0    0  8.1 15 130   M    M   8 128    19  50
13  82  65  74   5   0   9 0.00  0.0    0  9.3 21 130   M    M   4 12     26 140
14  84  62  73   3   0   8 0.00  0.0    0  9.0 20 130   M    M   2 1      25 100
15  85  64  75   5   0  10 0.00  0.0    0 10.2 21 150   M    M   3 1      27 110
16  85  68  77   7   0  12 0.00  0.0    0 11.3 23 150   M    M   5 1      30 140
17  83  68  76   6   0  11 0.67  0.0    0  8.0 25 190   M    M   8 13     32 180
18  78  67  73   3   0   8 1.01  0.0    0  6.2 16 300   M    M   7 13     19 280
19  85  66  76   5   0  11    T  0.0    0  8.7 20 150   M    M   4 1      24 150
20  86  69  78   7   0  13    T  0.0    0 10.6 21 150   M    M   3 1      24 150
21  87  69  78   7   0  13 0.00  0.0    0 12.6 22 170   M    M   2 1      29 180
22  85  63  74   3   0   9 0.00  0.0    0 11.3 25  20   M    M   7 1      32  10
23  77  54  66  -6   0   1 0.00  0.0    0 10.7 23  10   M    M   2        32  20
24  81  50  66  -6   0   1 0.00  0.0    0  6.1 18 160   M    M   0        22 170
25  86  60  73   1   0   8 0.00  0.0    0 16.6 29 160   M    M   7        34 160
26  95  67  81   9   0  16 0.00  0.0    0 14.3 24 310   M    M   5 8      33 170
27  82  55  69  -4   0   4 0.00  0.0    0 11.2 21 150   M    M   2        25 150
================================================================================
SM 2247 1658         2 209  2.78     0.0 288.1          M      115
================================================================================
AV 83.2 61.4                              10.7 FASTST   M    M   4    MAX(MPH)
                                 MISC ---->  # 37  40               # 45   40
================================================================================
NOTES:
# LAST OF SEVERAL OCCURRENCES

COLUMN 17 PEAK WIND IN M.P.H.

PRELIMINARY LOCAL CLIMATOLOGICAL DATA (WS FORM: F-6) , PAGE 2

                                          STATION:  VICTORIA
                                          MONTH:    APRIL
                                          YEAR:     2017
                                          LATITUDE:   28 51 N
                                          LONGITUDE:  96 55 W

[TEMPERATURE DATA]      [PRECIPITATION DATA]       SYMBOLS USED IN COLUMN 16

AVERAGE MONTHLY: 72.3   TOTAL FOR MONTH:   2.78    1 = FOG OR MIST
DPTR FM NORMAL:   2.7   DPTR FM NORMAL:    0.32    2 = FOG REDUCING VISIBILITY
HIGHEST:    95 ON 26    GRTST 24HR  1.07 ON 11-11      TO 1/4 MILE OR LESS
LOWEST:     47 ON  6                               3 = THUNDER
                        SNOW, ICE PELLETS, HAIL    4 = ICE PELLETS
                        TOTAL MONTH:   0.0 INCH    5 = HAIL
                        GRTST 24HR     0.0         6 = FREEZING RAIN OR DRIZZLE
                        GRTST DEPTH:   0           7 = DUSTSTORM OR SANDSTORM:
                                                       VSBY 1/2 MILE OR LESS
                                                   8 = SMOKE OR HAZE
[NO. OF DAYS WITH]      [WEATHER - DAYS WITH]      9 = BLOWING SNOW
                                                   X = TORNADO
MAX 32 OR BELOW:   0    0.01 INCH OR MORE:   5
MAX 90 OR ABOVE:   1    0.10 INCH OR MORE:   3
MIN 32 OR BELOW:   0    0.50 INCH OR MORE:   3
MIN  0 OR BELOW:   0    1.00 INCH OR MORE:   2

[HDD (BASE 65) ]
TOTAL THIS MO.     2    CLEAR  (SCALE 0-3)  12
DPTR FM NORMAL   -27    PTCLDY (SCALE 4-7)  13
TOTAL FM JUL 1   567    CLOUDY (SCALE 8-10)  2
DPTR FM NORMAL  -680

[CDD (BASE 65) ]
TOTAL THIS MO.   209
DPTR FM NORMAL    57    [PRESSURE DATA]
TOTAL FM JAN 1   596    HIGHEST SLP M ON M
DPTR FM NORMAL   332    LOWEST  SLP 29.43 ON 26

[REMARKS]
