000
CXUS53 KSGF 260800
CF6VIH
PRELIMINARY LOCAL CLIMATOLOGICAL DATA (WS FORM: F-6)

                                          STATION:   VICHY-ROLLA MO
                                          MONTH:     JULY
                                          YEAR:      2014
                                          LATITUDE:   38  7 N
                                          LONGITUDE:  91 46 W

  TEMPERATURE IN F:       :PCPN:    SNOW:  WIND      :SUNSHINE: SKY     :PK WND
================================================================================
1   2   3   4   5  6A  6B    7    8   9   10  11  12  13   14  15   16   17  18
                                     12Z  AVG MX 2MIN
DY MAX MIN AVG DEP HDD CDD  WTR  SNW DPTH SPD SPD DIR MIN PSBL S-S WX    SPD DR
================================================================================

 1  83  66  75  -1   0  10 0.03    M    M  9.6 24 270   M    M   2 13     31 270
 2  76   M   M   M   M   M 0.00    M    M   M   M   M   M    M   4         M  M
 3  79   M   M   M   M   M 0.00    M    M  4.8 12 340   M    M   1        16 340
 4  81  54  68  -8   0   3 0.00    M    M  4.8 10  90   M    M   2        15 110
 5  80  59  70  -7   0   5 0.00    M    M 10.3 21 180   M    M   2        25 180
 6  88  67  78   1   0  13 0.00    M    M 11.7 21 250   M    M   2        28 250
 7  94  66  80   3   0  15 0.02    M    M 12.6 35 330   M    M   1 138    50 310
 8  82  62  72  -5   0   7 0.06    M    M 10.1 21 340   M    M   3 13     28 340
 9  84  59  72  -5   0   7 0.00    M    M  7.1 15 300   M    M   1        20 280
10  80   M   M   M   M   M 0.00    M    M   M   9  70   M    M   0         M  M
11  90  62  76  -1   0  11 0.00    M    M  9.2 15 170   M    M   2        23 190
12  94  74  84   7   0  19 0.00    M    M  9.3 17 230   M    M   2        22 250
13  91  70  81   4   0  16    M    M    M  7.0 20 300   M    M   4 138    23 300
14  85  61  73  -4   0   8    M  0.0    0  7.0 25 330   M    M   5 123    33 320
15  73  54  64 -14   1   0 0.00  0.0    0  7.7 16 300   M    M   3        20  10
16  76  51  64 -14   1   0 0.00  0.0    0  2.7 12  10   M    M   4        16 360
17  77  51  64 -14   1   0 0.00    M    M  3.2  9 150   M    M   2        16 150
18  79  58  69  -9   0   4 0.00    M    M  5.5 15 100   M    M   2        18 100
19  81  54  68 -10   0   3 0.00    M    M  3.2  9  70   M    M   1        13 110
20  84  61  73  -5   0   8 0.00    M    M  5.5  9 200   M    M   2        12 190
21  88  63  76  -2   0  11 0.00  0.0    0  7.8 13 170   M    M   0        20 160
22  93  68  81   3   0  16 0.00  0.0    0  8.3 14 210   M    M   1 8      17 240
23  91  67  79   1   0  14 0.00  0.0    0  8.9 20  20   M    M   4 18     25  10
24  83  60  72  -6   0   7 0.00    M    M  6.3 15  30   M    M   0        20  60
25  90  62  76  -2   0  11 0.00    M    M 12.7 20 190   M    M   0        26 190
================================================================================
SM 2102 1349         3 188  0.11     0.0 175.3          M       50
================================================================================
AV 84.1 61.3                               7.6 FASTST   M    M   2    MAX(MPH)
                                 MISC ---->  # 35 330               # 50  310
================================================================================
NOTES:
# LAST OF SEVERAL OCCURRENCES

COLUMN 17 PEAK WIND IN M.P.H.

PRELIMINARY LOCAL CLIMATOLOGICAL DATA (WS FORM: F-6) , PAGE 2

                                          STATION:  VICHY-ROLLA MO
                                          MONTH:    JULY
                                          YEAR:     2014
                                          LATITUDE:   38  7 N
                                          LONGITUDE:  91 46 W

[TEMPERATURE DATA]      [PRECIPITATION DATA]       SYMBOLS USED IN COLUMN 16

AVERAGE MONTHLY: 72.7   TOTAL FOR MONTH:   0.11    1 = FOG OR MIST
DPTR FM NORMAL:  -4.6   DPTR FM NORMAL:   -3.51    2 = FOG REDUCING VISIBILITY
HIGHEST:    94 ON 12, 7 GRTST 24HR  0.08 ON  7- 8      TO 1/4 MILE OR LESS
LOWEST:     51 ON 17,16                            3 = THUNDER
                        SNOW, ICE PELLETS, HAIL    4 = ICE PELLETS
                        TOTAL MONTH:   0.0 INCH    5 = HAIL
                        GRTST 24HR     0.0         6 = FREEZING RAIN OR DRIZZLE
                        GRTST DEPTH:   0           7 = DUSTSTORM OR SANDSTORM:
                                                       VSBY 1/2 MILE OR LESS
                                                   8 = SMOKE OR HAZE
[NO. OF DAYS WITH]      [WEATHER - DAYS WITH]      9 = BLOWING SNOW
                                                   X = TORNADO
MAX 32 OR BELOW:   0    0.01 INCH OR MORE:   3
MAX 90 OR ABOVE:   7    0.10 INCH OR MORE:   0
MIN 32 OR BELOW:   0    0.50 INCH OR MORE:   0
MIN  0 OR BELOW:   0    1.00 INCH OR MORE:   0

[HDD (BASE 65) ]
TOTAL THIS MO.     3    CLEAR  (SCALE 0-3)  18
DPTR FM NORMAL     3    PTCLDY (SCALE 4-7)   7
TOTAL FM JUL 1     3    CLOUDY (SCALE 8-10)  0
DPTR FM NORMAL     3

[CDD (BASE 65) ]
TOTAL THIS MO.   188
DPTR FM NORMAL  -118    [PRESSURE DATA]
TOTAL FM JAN 1   593    HIGHEST SLP M ON M
DPTR FM NORMAL   -55    LOWEST  SLP 29.76 ON  7

[REMARKS]
