000
CXUS52 KTAE 230800
CF6VLD
PRELIMINARY LOCAL CLIMATOLOGICAL DATA (WS FORM: F-6)

                                          STATION:   VALDOSTA
                                          MONTH:     SEPTEMBER
                                          YEAR:      2017
                                          LATITUDE:   30 46 N
                                          LONGITUDE:  83 17 W

  TEMPERATURE IN F:       :PCPN:    SNOW:  WIND      :SUNSHINE: SKY     :PK WND
================================================================================
1   2   3   4   5  6A  6B    7    8   9   10  11  12  13   14  15   16   17  18
                                     12Z  AVG MX 2MIN
DY MAX MIN AVG DEP HDD CDD  WTR  SNW DPTH SPD SPD DIR MIN PSBL S-S WX    SPD DR
================================================================================

 1  93  70  82   2   0  17 0.01  0.0    0  5.1 15 170   M    M   2 3      19 270
 2  85  70  78  -2   0  13 0.01  0.0    0  2.6 13  20   M    M   3 13     18 180
 3  91  67  79  -1   0  14    T  0.0    0  1.9 14 170   M    M   4 1      16 160
 4  93  68  81   1   0  16 0.00  0.0    0  2.6 16 170   M    M   2 13     21 180
 5  90  71  81   1   0  16 0.00  0.0    0  2.2 17 180   M    M   4 1      20 180
 6  85  65  75  -5   0  10 0.40  0.0    0  3.7 14  10   M    M   4 138    17  10
 7  83  63  73  -6   0   8 0.00  0.0    0  5.6 14  10   M    M   4        16  20
 8  85  67  76  -3   0  11 0.00  0.0    0  6.5 14  40   M    M   2        20  50
 9  78  67  73  -6   0   8 0.00  0.0    0 12.0 20  50   M    M   6        25  40
10  72  63  68 -11   0   3 0.86  0.0    0 17.2 29  20   M    M  10 1      41  40
11   M   M   M   M   M   M    M    M    M 29.3 36  20   M    M  10 1      56  10
12   M   M   M   M   M   M    M  0.0    0   M   M   M   M    M   M         M  M
13   M   M   M   M   M   M    M  0.0    M   M   M   M   M    M   M         M  M
14  89  68  79   1   0  14    T  0.0    M  1.2  7 190   M    M   6 2      11 270
15  90  68  79   1   0  14 0.05  0.0    0  2.9 13  70   M    M   3 13     16  70
16  88  69  79   1   0  14 0.45  0.0    0  2.7 22  30   M    M   5 13     28  20
17  89  66  78   1   0  13 0.00  0.0    0  3.6 14  10   M    M   1 18     19  10
18  90  63  77   0   0  12 0.00  0.0    0  2.5 14  30   M    M   1 1      18  50
19  90  64  77   0   0  12 0.00  0.0    0  1.6  7 250   M    M   3 1      10 220
20  89  69  79   3   0  14 0.35  0.0    0  2.4 12 310   M    M   3 13     20 310
21  89  67  78   2   0  13 0.20  0.0    0  1.2 17 100   M    M   2 13     22  90
22  88  68  78   2   0  13 0.00  0.0    0  4.0 13  60   M    M   1 13     17  70
================================================================================
SM 1657 1273         0 235  2.33     0.0 110.8          M       76
================================================================================
AV 87.2 67.0                               5.5 FASTST   M    M   4    MAX(MPH)
                                 MISC ---->  # 36  20               # 56   10
================================================================================
NOTES:
# LAST OF SEVERAL OCCURRENCES

COLUMN 17 PEAK WIND IN M.P.H.

PRELIMINARY LOCAL CLIMATOLOGICAL DATA (WS FORM: F-6) , PAGE 2

                                          STATION:  VALDOSTA
                                          MONTH:    SEPTEMBER
                                          YEAR:     2017
                                          LATITUDE:   30 46 N
                                          LONGITUDE:  83 17 W

[TEMPERATURE DATA]      [PRECIPITATION DATA]       SYMBOLS USED IN COLUMN 16

AVERAGE MONTHLY: 77.1   TOTAL FOR MONTH:   2.33    1 = FOG OR MIST
DPTR FM NORMAL:  -1.3   DPTR FM NORMAL:   -1.34    2 = FOG REDUCING VISIBILITY
HIGHEST:    93 ON  4, 1 GRTST 24HR  0.86 ON 10-10      TO 1/4 MILE OR LESS
LOWEST:     63 ON 18,10                            3 = THUNDER
                        SNOW, ICE PELLETS, HAIL    4 = ICE PELLETS
                        TOTAL MONTH:   0.0 INCH    5 = HAIL
                        GRTST 24HR     0.0         6 = FREEZING RAIN OR DRIZZLE
                        GRTST DEPTH:   0           7 = DUSTSTORM OR SANDSTORM:
                                                       VSBY 1/2 MILE OR LESS
                                                   8 = SMOKE OR HAZE
[NO. OF DAYS WITH]      [WEATHER - DAYS WITH]      9 = BLOWING SNOW
                                                   X = TORNADO
MAX 32 OR BELOW:   0    0.01 INCH OR MORE:   8
MAX 90 OR ABOVE:   7    0.10 INCH OR MORE:   5
MIN 32 OR BELOW:   0    0.50 INCH OR MORE:   1
MIN  0 OR BELOW:   0    1.00 INCH OR MORE:   0

[HDD (BASE 65) ]
TOTAL THIS MO.     0    CLEAR  (SCALE 0-3)  10
DPTR FM NORMAL     0    PTCLDY (SCALE 4-7)   8
TOTAL FM JUL 1     0    CLOUDY (SCALE 8-10)  2
DPTR FM NORMAL     0

[CDD (BASE 65) ]
TOTAL THIS MO.   235
DPTR FM NORMAL   -57    [PRESSURE DATA]
TOTAL FM JAN 1  2218    HIGHEST SLP M ON M
DPTR FM NORMAL    72    LOWEST  SLP 29.41 ON 11

[REMARKS]
