000
CXUS52 KFFC 241110
CF6VPC
PRELIMINARY LOCAL CLIMATOLOGICAL DATA (WS FORM: F-6)

                                          STATION:   CARTERSVILLE
                                          MONTH:     OCTOBER
                                          YEAR:      2014
                                          LATITUDE:   34  7 N
                                          LONGITUDE:  84 51 W

  TEMPERATURE IN F:       :PCPN:    SNOW:  WIND      :SUNSHINE: SKY     :PK WND
================================================================================
1   2   3   4   5  6A  6B    7    8   9   10  11  12  13   14  15   16   17  18
                                     12Z  AVG MX 2MIN
DY MAX MIN AVG DEP HDD CDD  WTR  SNW DPTH SPD SPD DIR MIN PSBL S-S WX    SPD DR
================================================================================

 1  86  53  70   5   0   5 0.00  0.0    M  1.1  9 160   M    M   1 12     13  30
 2  85  58  72   7   0   7 0.00  0.0    M  4.1 12 170   M    M   3 1      16 150
 3  77  61  69   4   0   4 1.00    M    M  2.5 10 160   M    M   6 13     18 140
 4  64  43  54 -10  11   0 0.00    M    M  2.9 13 340   M    M   1        21 350
 5  71  34  53 -11  12   0 0.00    M    M  2.2 10 180   M    M   0        15 190
 6  77  45  61  -3   4   0 0.06    M    M  3.4 13 190   M    M   2 3      19 200
 7  81  57  69   6   0   4 0.16    M    M  4.0 14 190   M    M   4 13     18 190
 8  85  58  72   9   0   7 0.10    M    M  1.3 12  20   M    M   2 13     15  20
 9  86  60  73  10   0   8 0.00    M    M  0.3  7 350   M    M   1 1      16 360
10  86  64  75  13   0  10 0.00  0.0    M  4.5 15 180   M    M   1        21 190
11  82  64  73  11   0   8 0.61  0.0    M  1.3  7 340   M    M   5 13     11 340
12  82  62  72  10   0   7 0.01  0.0    M  4.7 14 110   M    M   5 13     21 100
13  81  62  72  11   0   7 0.01  0.0    M  6.4 14 150   M    M   8 1      24 150
14  73  55  64   3   1   0 1.37  0.0    M  6.2 26 140   M    M   7 1      36 150
15  67  52  60  -1   5   0 0.00    M    M  1.2  9 200   M    M   7        17 230
16  67  46  57  -3   8   0 0.00    M    M  1.6  9 360   M    M   7        16 330
17  79  41  60   0   5   0 0.00    M    M  1.5  9 210   M    M   4 12     15 230
18  73  52  63   3   2   0 0.00    M    M  3.5 14 350   M    M   0 18     21 350
19  71  43  57  -3   8   0 0.00    M    M  1.2  9  20   M    M   0        15  20
20  74  42  58  -1   7   0 0.00    M    M  0.7  7 210   M    M   1 18     11 300
21  75  44  60   1   5   0 0.00    M    M  1.7 10 340   M    M   1 1      17 350
22  68  41  55  -4  10   0 0.00    M    M  4.1 15 360   M    M   0        20  20
23  69  38  54  -5  11   0 0.00  0.0    M  1.3  9 360   M    M   0        13 360
================================================================================
SM 1759 1175        89  67  3.32     0.0  61.7          M       66
================================================================================
AV 76.5 51.1                               2.7 FASTST   M    M   3    MAX(MPH)
                                 MISC ---->  # 26 140               # 36  150
================================================================================
NOTES:
# LAST OF SEVERAL OCCURRENCES

COLUMN 17 PEAK WIND IN M.P.H.

PRELIMINARY LOCAL CLIMATOLOGICAL DATA (WS FORM: F-6) , PAGE 2

                                          STATION:  CARTERSVILLE
                                          MONTH:    OCTOBER
                                          YEAR:     2014
                                          LATITUDE:   34  7 N
                                          LONGITUDE:  84 51 W

[TEMPERATURE DATA]      [PRECIPITATION DATA]       SYMBOLS USED IN COLUMN 16

AVERAGE MONTHLY: 63.8   TOTAL FOR MONTH:   3.32    1 = FOG OR MIST
DPTR FM NORMAL:   2.0   DPTR FM NORMAL:    0.80    2 = FOG REDUCING VISIBILITY
HIGHEST:    86 ON 10, 9 GRTST 24HR  1.38 ON 13-14      TO 1/4 MILE OR LESS
LOWEST:     34 ON  5                               3 = THUNDER
                        SNOW, ICE PELLETS, HAIL    4 = ICE PELLETS
                        TOTAL MONTH:   0.0 INCH    5 = HAIL
                        GRTST 24HR     0.0         6 = FREEZING RAIN OR DRIZZLE
                        GRTST DEPTH:  M  ON   M    7 = DUSTSTORM OR SANDSTORM:
                                                       VSBY 1/2 MILE OR LESS
                                                   8 = SMOKE OR HAZE
[NO. OF DAYS WITH]      [WEATHER - DAYS WITH]      9 = BLOWING SNOW
                                                   X = TORNADO
MAX 32 OR BELOW:   0    0.01 INCH OR MORE:   8
MAX 90 OR ABOVE:   0    0.10 INCH OR MORE:   5
MIN 32 OR BELOW:   0    0.50 INCH OR MORE:   3
MIN  0 OR BELOW:   0    1.00 INCH OR MORE:   2

[HDD (BASE 65) ]
TOTAL THIS MO.    89    CLEAR  (SCALE 0-3)  14
DPTR FM NORMAL   -17    PTCLDY (SCALE 4-7)   9
TOTAL FM JUL 1    89    CLOUDY (SCALE 8-10)  0
DPTR FM NORMAL   -35

[CDD (BASE 65) ]
TOTAL THIS MO.    67
DPTR FM NORMAL    34    [PRESSURE DATA]
TOTAL FM JAN 1  1623    HIGHEST SLP M ON M
DPTR FM NORMAL   118    LOWEST  SLP 29.73 ON 14

[REMARKS]
