000
CXUS55 KLBF 291436
CF6VTN
PRELIMINARY LOCAL CLIMATOLOGICAL DATA (WS FORM: F-6)

                                          STATION:   VALENTINE NE
                                          MONTH:     AUGUST
                                          YEAR:      2015
                                          LATITUDE:   42 52 N
                                          LONGITUDE: 100 33 W

  TEMPERATURE IN F:       :PCPN:    SNOW:  WIND      :SUNSHINE: SKY     :PK WND
================================================================================
1   2   3   4   5  6A  6B    7    8   9   10  11  12  13   14  15   16   17  18
                                     12Z  AVG MX 2MIN
DY MAX MIN AVG DEP HDD CDD  WTR  SNW DPTH SPD SPD DIR MIN PSBL S-S WX    SPD DR
================================================================================

 1  85  61  73  -2   0   8 0.56  0.0    0 14.0 31 200   M    M   2        43 200
 2  90  59  75   0   0  10 0.00  0.0    0   M  18  40   M    M   M        23  40
 3  86  60  73  -2   0   8 0.00  0.0    0  9.1 16 100   M    M   M        23 150
 4  86  63  75   0   0  10 0.03  0.0    0 11.2 25 180   M    M   M        32 160
 5  92  60  76   1   0  11    T  0.0    0  7.9 21 160   M    M   0 2      27 160
 6  88  60  74  -1   0   9 0.12  0.0    0 11.5 30 210   M    M   4 3      40 200
 7  93  55  74   0   0   9 0.18  0.0    0  8.5 32 280   M    M   1 3      39 280
 8  85  65  75   1   0  10 0.00  0.0    0  5.3 12 120   M    M   0        15 130
 9  87  61  74   0   0   9 0.00  0.0    0  6.8 24 350   M    M   1        31 350
10  84  57  71  -3   0   6 0.00  0.0    0  6.5 13  90   M    M   1        16  60
11  88  61  75   1   0  10 0.00  0.0    0 11.3 21 160   M    M   3        25 180
12  95  67  81   7   0  16 0.00  0.0    0 14.8 23 190   M    M   0        31 170
13  95  64  80   6   0  15 0.01  0.0    0  8.3 20 160   M    M   1 3      24 110
14  96  59  78   4   0  13 0.00  0.0    0  7.6 18 180   M    M   0        23 180
15 101  69  85  12   0  20 0.27  0.0    0 18.7 39 210   M    M   1 3      52 230
16  80  64  72  -1   0   7    T  0.0    0 12.6 24  30   M    M   7        30  40
17  75  60  68  -5   0   3 0.00  0.0    0 11.4 20  90   M    M   9        24  90
18  61  47  54 -19  11   0 0.72  0.0    0 13.3 41 260   M    M   9 13     52 270
19  74  47  61 -12   4   0 0.00  0.0    0 10.4 21 330   M    M   1        27 310
20  86  44  65  -7   0   0 0.00  0.0    0  4.1 15 200   M    M   0        19 170
21  92  50  71  -1   0   6 0.00  0.0    0 12.5 29 180   M    M   0        36 190
22  72  53  63  -9   2   0 0.00  0.0    0 21.7 37 330   M    M   2 8      47 330
23  74  42  58 -14   7   0 0.00  0.0    0  8.7 25 320   M    M   0        33 330
24  81  38  60 -12   5   0 0.00  0.0    0  6.2 16  60   M    M   0        22 110
25  85  49  67  -4   0   2 0.00  0.0    0  8.5 17 120   M    M   0        23 120
26  96  58  77   6   0  12 0.00  0.0    0  8.4 23 160   M    M   0        30 170
27  79  67  73   2   0   8    T  0.0    0 12.1 21  80   M    M   5        31  70
28  82  60  71   1   0   6 0.00  0.0    0  5.7 14  50   M    M   2        17  40
================================================================================
SM 2388 1600        29 208  1.89     0.0 277.1          M       49
================================================================================
AV 85.3 57.1                              10.3 FASTST   M    M   2    MAX(MPH)
                                 MISC ---->  # 41 260               # 52  230
================================================================================
NOTES:
# LAST OF SEVERAL OCCURRENCES

COLUMN 17 PEAK WIND IN M.P.H.

PRELIMINARY LOCAL CLIMATOLOGICAL DATA (WS FORM: F-6) , PAGE 2

                                          STATION:  VALENTINE NE
                                          MONTH:    AUGUST
                                          YEAR:     2015
                                          LATITUDE:   42 52 N
                                          LONGITUDE: 100 33 W

[TEMPERATURE DATA]      [PRECIPITATION DATA]       SYMBOLS USED IN COLUMN 16

AVERAGE MONTHLY: 71.2   TOTAL FOR MONTH:   1.89    1 = FOG OR MIST
DPTR FM NORMAL:  -2.0   DPTR FM NORMAL:   -0.14    2 = FOG REDUCING VISIBILITY
HIGHEST:   101 ON 15    GRTST 24HR  0.72 ON 18-18      TO 1/4 MILE OR LESS
LOWEST:     38 ON 24                               3 = THUNDER
                        SNOW, ICE PELLETS, HAIL    4 = ICE PELLETS
                        TOTAL MONTH:   0.0 INCH    5 = HAIL
                        GRTST 24HR     0.0         6 = FREEZING RAIN OR DRIZZLE
                        GRTST DEPTH:   0           7 = DUSTSTORM OR SANDSTORM:
                                                       VSBY 1/2 MILE OR LESS
                                                   8 = SMOKE OR HAZE
[NO. OF DAYS WITH]      [WEATHER - DAYS WITH]      9 = BLOWING SNOW
                                                   X = TORNADO
MAX 32 OR BELOW:   0    0.01 INCH OR MORE:   7
MAX 90 OR ABOVE:   9    0.10 INCH OR MORE:   5
MIN 32 OR BELOW:   0    0.50 INCH OR MORE:   2
MIN  0 OR BELOW:   0    1.00 INCH OR MORE:   0

[HDD (BASE 65) ]
TOTAL THIS MO.    29    CLEAR  (SCALE 0-3)  20
DPTR FM NORMAL    20    PTCLDY (SCALE 4-7)   3
TOTAL FM JUL 1    31    CLOUDY (SCALE 8-10)  2
DPTR FM NORMAL    14

[CDD (BASE 65) ]
TOTAL THIS MO.   208
DPTR FM NORMAL   -34    [PRESSURE DATA]
TOTAL FM JAN 1   626    HIGHEST SLP M ON M
DPTR FM NORMAL   -91    LOWEST  SLP 27.18 ON 18

[REMARKS]
