000
CXUS55 KLBF 291200
CF6VTN
PRELIMINARY LOCAL CLIMATOLOGICAL DATA (WS FORM: F-6)

                                          STATION:   VALENTINE
                                          MONTH:     MARCH
                                          YEAR:      2017
                                          LATITUDE:   42 52 N
                                          LONGITUDE: 100 33 W

  TEMPERATURE IN F:       :PCPN:    SNOW:  WIND      :SUNSHINE: SKY     :PK WND
================================================================================
1   2   3   4   5  6A  6B    7    8   9   10  11  12  13   14  15   16   17  18
                                     12Z  AVG MX 2MIN
DY MAX MIN AVG DEP HDD CDD  WTR  SNW DPTH SPD SPD DIR MIN PSBL S-S WX    SPD DR
================================================================================

 1  37  13  25  -6  40   0 0.00  0.0    3 11.4 26 320   M    M   3 1      33 320
 2  38  20  29  -3  36   0 0.00  0.0    1  8.9 22 320   M    M   3        28 330
 3  50  21  36   4  29   0 0.00  0.0    1 11.0 22 200   M    M   1        29 210
 4  66  19  43  11  22   0 0.00  0.0    1  6.8 21 240   M    M   0        25 240
 5  71  28  50  17  15   0 0.00  0.0    0  7.0 14 130   M    M   0        19 140
 6  58  29  44  11  21   0    T    T    0 19.0 37 290   M    M   4 12     49 300
 7  49  22  36   3  29   0    T    T    0 18.5 41 270   M    M   1        53 280
 8  56  16  36   2  29   0 0.00  0.0    0  7.9 20  50   M    M   0        24  50
 9  41  18  30  -4  35   0 0.00  0.0    0 10.7 25  30   M    M   4        30  30
10  30  15  23 -11  42   0    T    T    0 14.1 23 140   M    M  10        32 120
11  33  18  26  -9  39   0    T    T    0  9.3 21 150   M    M   6        24 170
12  54  13  34  -1  31   0 0.06    T    0 20.0 32 330   M    M   7 1      43 330
13  26  10  18 -17  47   0 0.01    T    T 10.2 24 350   M    M   9 8      31 340
14  38  19  29  -7  36   0 0.02    T    0 12.4 17 140   M    M   7 18     21 150
15  67  28  48  12  17   0 0.04  0.0    0  8.1 15 140   M    M   4 168    19 150
16  81  31  56  20   9   0 0.00  0.0    0  9.4 28 350   M    M   0        34 360
17  59  26  43   6  22   0    T  0.0    0 11.2 26 330   M    M   2        35 330
18  70  26  48  11  17   0 0.00  0.0    0 13.2 26 190   M    M   1        34 180
19  82  47  65  28   0   0 0.00  0.0    0 12.6 29 200   M    M   0        37 200
20  59  34  47   9  18   0 0.25  1.5    2  8.9 18  60   M    M   1        23  70
21  44  31  38   0  27   0 0.27  2.0    2 10.8 15 120   M    M   9 1      21  70
22  57  31  44   6  21   0    T    T    T 18.0 31 170   M    M   4        38 190
23  66  42  54  16  11   0 0.01  0.0    0 12.6 24  10   M    M   4        34  10
24  59  30  45   6  20   0 0.02  0.0    0 13.9 26  20   M    M   4 1      34  20
25  63  20  42   3  23   0 0.00  0.0    0  6.5 16 140   M    M   2 12     21 140
26  55  34  45   6  20   0 0.00  0.0    0  6.2 14  40   M    M   7 1      17 170
27  62  27  45   5  20   0 0.00  0.0    0  7.1 15 160   M    M   6 12     18 150
28  49  42  46   6  19   0 0.24  0.0    0  6.9 14  70   M    M  10 1      17  70
================================================================================
SM 1520  710       695   0  0.92     3.5 312.6          M      109
================================================================================
AV 54.3 25.4                              11.2 FASTST   M    M   4    MAX(MPH)
                                 MISC ---->  # 41 270               # 53  280
================================================================================
NOTES:
# LAST OF SEVERAL OCCURRENCES

COLUMN 17 PEAK WIND IN M.P.H.

PRELIMINARY LOCAL CLIMATOLOGICAL DATA (WS FORM: F-6) , PAGE 2

                                          STATION:  VALENTINE
                                          MONTH:    MARCH
                                          YEAR:     2017
                                          LATITUDE:   42 52 N
                                          LONGITUDE: 100 33 W

[TEMPERATURE DATA]      [PRECIPITATION DATA]       SYMBOLS USED IN COLUMN 16

AVERAGE MONTHLY: 39.8   TOTAL FOR MONTH:   0.92    1 = FOG OR MIST
DPTR FM NORMAL:   4.1   DPTR FM NORMAL:   -0.01    2 = FOG REDUCING VISIBILITY
HIGHEST:    82 ON 19    GRTST 24HR  0.27 ON 21-21      TO 1/4 MILE OR LESS
LOWEST:     10 ON 13                               3 = THUNDER
                        SNOW, ICE PELLETS, HAIL    4 = ICE PELLETS
                        TOTAL MONTH:   3.5 INCHES  5 = HAIL
                        GRTST 24HR   2.0 ON 21-21  6 = FREEZING RAIN OR DRIZZLE
                        GRTST DEPTH:   3 ON  1     7 = DUSTSTORM OR SANDSTORM:
                                                       VSBY 1/2 MILE OR LESS
                                                   8 = SMOKE OR HAZE
[NO. OF DAYS WITH]      [WEATHER - DAYS WITH]      9 = BLOWING SNOW
                                                   X = TORNADO
MAX 32 OR BELOW:   2    0.01 INCH OR MORE:   9
MAX 90 OR ABOVE:   0    0.10 INCH OR MORE:   3
MIN 32 OR BELOW:  23    0.50 INCH OR MORE:   0
MIN  0 OR BELOW:   0    1.00 INCH OR MORE:   0

[HDD (BASE 65) ]
TOTAL THIS MO.   695    CLEAR  (SCALE 0-3)  12
DPTR FM NORMAL  -124    PTCLDY (SCALE 4-7)  12
TOTAL FM JUL 1  5454    CLOUDY (SCALE 8-10)  4
DPTR FM NORMAL  -601

[CDD (BASE 65) ]
TOTAL THIS MO.     0
DPTR FM NORMAL     0    [PRESSURE DATA]
TOTAL FM JAN 1     0    HIGHEST SLP M ON M
DPTR FM NORMAL     0    LOWEST  SLP 29.21 ON  6

[REMARKS]
