000
CXUS55 KLBF 221200
CF6VTN
PRELIMINARY LOCAL CLIMATOLOGICAL DATA (WS FORM: F-6)

                                          STATION:   VALENTINE
                                          MONTH:     OCTOBER
                                          YEAR:      2017
                                          LATITUDE:   42 52 N
                                          LONGITUDE: 100 33 W

  TEMPERATURE IN F:       :PCPN:    SNOW:  WIND      :SUNSHINE: SKY     :PK WND
================================================================================
1   2   3   4   5  6A  6B    7    8   9   10  11  12  13   14  15   16   17  18
                                     12Z  AVG MX 2MIN
DY MAX MIN AVG DEP HDD CDD  WTR  SNW DPTH SPD SPD DIR MIN PSBL S-S WX    SPD DR
================================================================================

 1  75  49  62   7   3   0 0.22  0.0    0 12.2 28 190   M    M   3 13     37 290
 2  56  49  53  -1  12   0 0.14  0.0    0  7.9 18 350   M    M   7 1      23 350
 3  64  41  53  -1  12   0    T  0.0    0  6.8 15 340   M    M   5        20 290
 4  61  34  48  -5  17   0 0.00  0.0    0  7.4 17 150   M    M   5        21 160
 5  68  49  59   6   6   0 0.00  0.0    0  8.7 17 360   M    M   7 3      23 340
 6  59  50  55   3  10   0 0.72  0.0    0  7.2 15  80   M    M   8 13     17  80
 7  79  43  61   9   4   0 0.00  0.0    0  9.3 18 210   M    M   0        25 210
 8  62  42  52   0  13   0    T  0.0    0 14.2 26 330   M    M   1        36 320
 9  50  28  39 -12  26   0 0.13  0.0    0  9.6 23 350   M    M   5        31 350
10  60  22  41 -10  24   0 0.00  0.0    0  5.8 14 180   M    M   0        17 180
11  73  38  56   6   9   0 0.00  0.0    0 16.1 29 180   M    M   0        36 180
12  78  42  60  10   5   0 0.00  0.0    0  9.8 23 340   M    M   1        30 350
13  66  41  54   4  11   0    T  0.0    0  7.4 20  10   M    M   5        25  10
14  50  34  42  -7  23   0 0.04  0.0    0 11.2 30 340   M    M   5 1      40 330
15  63  28  46  -3  19   0 0.00  0.0    0  9.0 23 290   M    M   0        30 270
16  80  31  56   8   9   0 0.00  0.0    0  6.4 17 270   M    M   0        23 280
17  84  33  59  11   6   0 0.00  0.0    0  8.9 20 200   M    M   0        25 210
18  70  41  56   8   9   0 0.00  0.0    0  9.2 24 360   M    M   0        33 350
19  87  43  65  18   0   0 0.00  0.0    0 14.7 29 210   M    M   0        35 210
20  78  52  65  18   0   0 0.00  0.0    0 16.5 31 170   M    M   0        38 170
21  65  31  48   2  17   0 0.05  0.0    0 12.1 30 330   M    M   2        41 330
================================================================================
SM 1428  821       235   0  1.30     0.0 210.4          M       54
================================================================================
AV 68.0 39.1                              10.0 FASTST   M    M   3    MAX(MPH)
                                 MISC ---->  # 31 170               # 41  330
================================================================================
NOTES:
# LAST OF SEVERAL OCCURRENCES

COLUMN 17 PEAK WIND IN M.P.H.

PRELIMINARY LOCAL CLIMATOLOGICAL DATA (WS FORM: F-6) , PAGE 2

                                          STATION:  VALENTINE
                                          MONTH:    OCTOBER
                                          YEAR:     2017
                                          LATITUDE:   42 52 N
                                          LONGITUDE: 100 33 W

[TEMPERATURE DATA]      [PRECIPITATION DATA]       SYMBOLS USED IN COLUMN 16

AVERAGE MONTHLY: 53.6   TOTAL FOR MONTH:   1.30    1 = FOG OR MIST
DPTR FM NORMAL:   3.1   DPTR FM NORMAL:    0.37    2 = FOG REDUCING VISIBILITY
HIGHEST:    87 ON 19    GRTST 24HR  0.72 ON  6- 6      TO 1/4 MILE OR LESS
LOWEST:     22 ON 10                               3 = THUNDER
                        SNOW, ICE PELLETS, HAIL    4 = ICE PELLETS
                        TOTAL MONTH:   0.0 INCH    5 = HAIL
                        GRTST 24HR     0.0         6 = FREEZING RAIN OR DRIZZLE
                        GRTST DEPTH:   0           7 = DUSTSTORM OR SANDSTORM:
                                                       VSBY 1/2 MILE OR LESS
                                                   8 = SMOKE OR HAZE
[NO. OF DAYS WITH]      [WEATHER - DAYS WITH]      9 = BLOWING SNOW
                                                   X = TORNADO
MAX 32 OR BELOW:   0    0.01 INCH OR MORE:   6
MAX 90 OR ABOVE:   0    0.10 INCH OR MORE:   4
MIN 32 OR BELOW:   5    0.50 INCH OR MORE:   1
MIN  0 OR BELOW:   0    1.00 INCH OR MORE:   0

[HDD (BASE 65) ]
TOTAL THIS MO.   235    CLEAR  (SCALE 0-3)  12
DPTR FM NORMAL   -75    PTCLDY (SCALE 4-7)   8
TOTAL FM JUL 1   359    CLOUDY (SCALE 8-10)  1
DPTR FM NORMAL  -136

[CDD (BASE 65) ]
TOTAL THIS MO.     0
DPTR FM NORMAL    -1    [PRESSURE DATA]
TOTAL FM JAN 1  1060    HIGHEST SLP M ON M
DPTR FM NORMAL   242    LOWEST  SLP 29.36 ON 21

[REMARKS]
