000
CXUS55 KLOX 281155
CF6WJF
PRELIMINARY LOCAL CLIMATOLOGICAL DATA (WS FORM: F-6)

                                          STATION:   LANCASTER FOX FIELD CA
                                          MONTH:     MAY
                                          YEAR:      2017
                                          LATITUDE:   34 43 N
                                          LONGITUDE: 118 13 W

  TEMPERATURE IN F:       :PCPN:    SNOW:  WIND      :SUNSHINE: SKY     :PK WND
================================================================================
1   2   3   4   5  6A  6B    7    8   9   10  11  12  13   14  15   16   17  18
                                     12Z  AVG MX 2MIN
DY MAX MIN AVG DEP HDD CDD  WTR  SNW DPTH SPD SPD DIR MIN PSBL S-S WX    SPD DR
================================================================================

 1  90  53  72   8   0   7 0.00  0.0    0 10.5 29 270   M    M   0        34 270
 2  93  53  73   9   0   8 0.00  0.0    0  8.5 25 280   M    M   0        30 260
 3  95  56  76  12   0  11 0.00  0.0    M  8.4 21  50   M    M   M        28  50
 4  96  59  78  13   0  13 0.00  0.0    M  8.5 24 270   M    M   0        31 240
 5  89  58  74   9   0   9 0.00  0.0    M 12.4 24 240   M    M   0        31 240
 6  66  44  55 -10  10   0 0.00  0.0    0 19.0 28 240   M    M   1        35 230
 7  65  37  51 -15  14   0 0.00  0.0    0  8.5 25 120   M    M   2 8      32 110
 8  79  36  58  -8   7   0 0.00  0.0    0  5.5 21 270   M    M   2        24 260
 9  84  50  67   1   0   2 0.00  0.0    0 14.5 32 220   M    M   0        40 220
10  73  52  63  -4   2   0 0.00  0.0    0 17.6 31 220   M    M   0        39 220
11  86  50  68   1   0   3 0.00  0.0    0 10.9 26 250   M    M   0        31 240
12  79  52  66  -1   0   1 0.00  0.0    0 21.7 38 280   M    M   0        46 280
13  73  45  59  -9   6   0 0.00  0.0    0 22.0 36 280   M    M   0        40 270
14  70  49  60  -8   5   0 0.00  0.0    0 18.3 25 240   M    M   0        34 240
15  64  47  56 -12   9   0 0.00  0.0    0 20.1 31 210   M    M   1        39 210
16  73  48  61  -7   4   0 0.00  0.0    0 19.4 32 220   M    M   0        44 240
17  67  51  59 -10   6   0 0.00  0.0    0 28.0 47 290   M    M   0 8      61 280
18  81  45  63  -6   2   0 0.00  0.0    0  8.4 26 280   M    M   0        30 300
19  84  44  64  -5   1   0 0.00  0.0    0  6.3 18  40   M    M   0        23  30
20  91  47  69   0   0   4 0.00  0.0    0  6.6 24 260   M    M   0        28 250
21  94  61  78   8   0  13 0.00  0.0    0 10.4 24 220   M    M   0        33 210
22  97  54  76   6   0  11 0.00  0.0    0  7.7 20 260   M    M   0        26 220
23  99  59  79   9   0  14 0.00  0.0    0  8.5 28 220   M    M   0        33 210
24  92  61  77   7   0  12 0.00  0.0    0 17.3 31 220   M    M   0        40 220
25  72  52  62  -9   3   0 0.00  0.0    0 24.8 32 240   M    M   0        41 240
26  70  51  61 -10   4   0 0.00  0.0    0 24.3 31 220   M    M   0        39 210
27  89  49  69  -2   0   4 0.00  0.0    0  9.1 23 240   M    M   0        28 250
================================================================================
SM 2211 1363        73 112  0.00     0.0 377.2          M        6
================================================================================
AV 81.9 50.5                              14.0 FASTST   M    M   0    MAX(MPH)
                                 MISC ---->  # 47 290               # 61  280
================================================================================
NOTES:
# LAST OF SEVERAL OCCURRENCES

COLUMN 17 PEAK WIND IN M.P.H.

PRELIMINARY LOCAL CLIMATOLOGICAL DATA (WS FORM: F-6) , PAGE 2

                                          STATION:  LANCASTER FOX FIELD CA
                                          MONTH:    MAY
                                          YEAR:     2017
                                          LATITUDE:   34 43 N
                                          LONGITUDE: 118 13 W

[TEMPERATURE DATA]      [PRECIPITATION DATA]       SYMBOLS USED IN COLUMN 16

AVERAGE MONTHLY: 66.2   TOTAL FOR MONTH:   0.00    1 = FOG OR MIST
DPTR FM NORMAL:  -1.5   DPTR FM NORMAL:   -0.08    2 = FOG REDUCING VISIBILITY
HIGHEST:    99 ON 23    GRTST 24HR  0.00 ON 27-27      TO 1/4 MILE OR LESS
LOWEST:     36 ON  8                               3 = THUNDER
                        SNOW, ICE PELLETS, HAIL    4 = ICE PELLETS
                        TOTAL MONTH:   0.0 INCH    5 = HAIL
                        GRTST 24HR     0.0         6 = FREEZING RAIN OR DRIZZLE
                        GRTST DEPTH:   0           7 = DUSTSTORM OR SANDSTORM:
                                                       VSBY 1/2 MILE OR LESS
                                                   8 = SMOKE OR HAZE
[NO. OF DAYS WITH]      [WEATHER - DAYS WITH]      9 = BLOWING SNOW
                                                   X = TORNADO
MAX 32 OR BELOW:   0    0.01 INCH OR MORE:   0
MAX 90 OR ABOVE:   9    0.10 INCH OR MORE:   0
MIN 32 OR BELOW:   0    0.50 INCH OR MORE:   0
MIN  0 OR BELOW:   0    1.00 INCH OR MORE:   0

[HDD (BASE 65) ]
TOTAL THIS MO.    73    CLEAR  (SCALE 0-3)  26
DPTR FM NORMAL    17    PTCLDY (SCALE 4-7)   0
TOTAL FM JUL 1  2483    CLOUDY (SCALE 8-10)  0
DPTR FM NORMAL  -441

[CDD (BASE 65) ]
TOTAL THIS MO.   112
DPTR FM NORMAL   -16    [PRESSURE DATA]
TOTAL FM JAN 1   122    HIGHEST SLP M ON M
DPTR FM NORMAL   -36    LOWEST  SLP 29.67 ON  6

[REMARKS]
