000
CXUS56 KLKN 261009
CF6WMC
PRELIMINARY LOCAL CLIMATOLOGICAL DATA (WS FORM: F-6)

                                          STATION:   WINNEMUCCA AIRPORT NV
                                          MONTH:     MARCH
                                          YEAR:      2017
                                          LATITUDE:   40 54 N
                                          LONGITUDE: 117 48 W

  TEMPERATURE IN F:       :PCPN:    SNOW:  WIND      :SUNSHINE: SKY     :PK WND
================================================================================
1   2   3   4   5  6A  6B    7    8   9   10  11  12  13   14  15   16   17  18
                                     12Z  AVG MX 2MIN
DY MAX MIN AVG DEP HDD CDD  WTR  SNW DPTH SPD SPD DIR MIN PSBL S-S WX    SPD DR
================================================================================

 1  48  16  32  -6  33   0 0.00  0.0    0  3.1  9 120   M    M   0        15 250
 2  55  18  37  -2  28   0 0.00  0.0    0  4.1  8 130   M    M   0        11 220
 3  55  24  40   1  25   0 0.00  0.0    0  4.2 12 170   M    M   1        13 140
 4  60  38  49  10  16   0 0.00  0.0    0 15.8 33 240   M    M   2        44 220
 5  43  25  34  -5  31   0 0.13  1.3    0 16.7 33 270   M    M   6 1      41 270
 6  40  24  32  -8  33   0    T  0.1    T 10.7 25 220   M    M   9        32 220
 7  46  33  40   0  25   0 0.06    T    0 10.8 18 240   M    M   8 1      26 170
 8  60  39  50  10  15   0 0.00  0.0    0 10.9 20 210   M    M   4        24 230
 9  63  33  48   8  17   0 0.00  0.0    0  5.1 13 180   M    M   0        16 180
10  61  32  47   7  18   0 0.00  0.0    0  3.6 12 270   M    M   1        28 340
11  67  28  48   8  17   0 0.00  0.0    0  7.3 17 220   M    M   0        24 230
12  66  30  48   7  17   0 0.00  0.0    0  3.5 12 230   M    M   0        15 260
13  72  27  50   9  15   0 0.00  0.0    0  4.4 12 140   M    M   0        14 150
14  74  29  52  11  13   0 0.00  0.0    0  4.6 14 250   M    M   0        19 200
15  69  28  49   8  16   0 0.00  0.0    0  7.3 31 180   M    M   3        42 170
16  69  36  53  12  12   0 0.00  0.0    0  6.7 21 220   M    M   1        27 220
17  73  28  51  10  14   0 0.00  0.0    0  4.6 15 250   M    M   0        22 260
18  67  35  51   9  14   0 0.03  0.0    0  7.8 17 290   M    M   3 1      20 280
19  63  36  50   8  15   0 0.00  0.0    0  3.8 15  30   M    M   4        16 290
20  68  39  54  12  11   0 0.00  0.0    0  6.5 18  40   M    M   4        25 270
21  61  37  49   7  16   0 0.10  0.0    0  9.2 35 240   M    M   7 1      43 240
22  54  33  44   2  21   0 0.01  0.0    0  7.2 17 270   M    M   5        20 270
23  56  33  45   3  20   0 0.00  0.0    0  6.9 17 220   M    M   4        22 220
24  57  33  45   3  20   0 0.08  0.0    0 10.4 23 220   M    M   5 1      29 220
25  56  28  42   0  23   0 0.00  0.0    0  5.0 15 270   M    M   2        19 220
================================================================================
SM 1503  762       485   0  0.41     1.4 180.2          M       69
================================================================================
AV 60.1 30.5                               7.2 FASTST   M    M   3    MAX(MPH)
                                 MISC ---->  # 35 240               # 44  220
================================================================================
NOTES:
# LAST OF SEVERAL OCCURRENCES

COLUMN 17 PEAK WIND IN M.P.H.

PRELIMINARY LOCAL CLIMATOLOGICAL DATA (WS FORM: F-6) , PAGE 2

                                          STATION:  WINNEMUCCA AIRPORT NV
                                          MONTH:    MARCH
                                          YEAR:     2017
                                          LATITUDE:   40 54 N
                                          LONGITUDE: 117 48 W

[TEMPERATURE DATA]      [PRECIPITATION DATA]       SYMBOLS USED IN COLUMN 16

AVERAGE MONTHLY: 45.3   TOTAL FOR MONTH:   0.41    1 = FOG OR MIST
DPTR FM NORMAL:   4.7   DPTR FM NORMAL:   -0.25    2 = FOG REDUCING VISIBILITY
HIGHEST:    74 ON 14    GRTST 24HR  0.13 ON  5- 5      TO 1/4 MILE OR LESS
LOWEST:     16 ON  1                               3 = THUNDER
                        SNOW, ICE PELLETS, HAIL    4 = ICE PELLETS
                        TOTAL MONTH:   1.4 INCHES  5 = HAIL
                        GRTST 24HR   1.3 ON   M    6 = FREEZING RAIN OR DRIZZLE
                        GRTST DEPTH:   T           7 = DUSTSTORM OR SANDSTORM:
                                                       VSBY 1/2 MILE OR LESS
                                                   8 = SMOKE OR HAZE
[NO. OF DAYS WITH]      [WEATHER - DAYS WITH]      9 = BLOWING SNOW
                                                   X = TORNADO
MAX 32 OR BELOW:   0    0.01 INCH OR MORE:   6
MAX 90 OR ABOVE:   0    0.10 INCH OR MORE:   2
MIN 32 OR BELOW:  13    0.50 INCH OR MORE:   0
MIN  0 OR BELOW:   0    1.00 INCH OR MORE:   0

[HDD (BASE 65) ]
TOTAL THIS MO.   485    CLEAR  (SCALE 0-3)  15
DPTR FM NORMAL  -123    PTCLDY (SCALE 4-7)   9
TOTAL FM JUL 1  4924    CLOUDY (SCALE 8-10)  1
DPTR FM NORMAL  -273

[CDD (BASE 65) ]
TOTAL THIS MO.     0
DPTR FM NORMAL     0    [PRESSURE DATA]
TOTAL FM JAN 1     0    HIGHEST SLP M ON M
DPTR FM NORMAL     0    LOWEST  SLP 29.49 ON  5

[REMARKS]
