000
CXUS51 KPBZ 200904
CF6ZZV
PRELIMINARY LOCAL CLIMATOLOGICAL DATA (WS FORM: F-6)

                                          STATION:   ZANESVILLE OH
                                          MONTH:     JANUARY
                                          YEAR:      2017
                                          LATITUDE:   39 56 N
                                          LONGITUDE:  81 54 W

  TEMPERATURE IN F:       :PCPN:    SNOW:  WIND      :SUNSHINE: SKY     :PK WND
================================================================================
1   2   3   4   5  6A  6B    7    8   9   10  11  12  13   14  15   16   17  18
                                     12Z  AVG MX 2MIN
DY MAX MIN AVG DEP HDD CDD  WTR  SNW DPTH SPD SPD DIR MIN PSBL S-S WX    SPD DR
================================================================================

 1  47  29  38   9  27   0 0.00  0.0    0  2.4  9 150   M    M   4 18     12 240
 2  52  40  46  17  19   0 0.04    M    0  1.9  9 110   M    M  10 128    11  90
 3  56  46  51  22  14   0 0.55    M    0  6.6 17 280   M    M  10 1      23 260
 4  46  20  33   4  32   0 0.02    M    0 15.4 21 260   M    M   5        35 260
 5  24  16  20  -9  45   0 0.01    M    M  7.2 15 270   M    M  10 18     18 260
 6  16   3  10 -19  55   0    T    M    0  5.2 13 300   M    M   4        16 320
 7  17   6  12 -17  53   0 0.00    M    0  6.9 15 270   M    M   3        19 250
 8  18   7  13 -16  52   0    T    M    0  7.5 22 320   M    M   7 8      28 320
 9  30   7  19 -10  46   0 0.00  0.0    0  7.5 15 200   M    M   4        19 200
10  51  29  40  11  25   0 0.15    M    0 15.6 29 200   M    M   9 68     41 220
11  59  31  45  16  20   0 0.28    M    0 11.3 22 190   M    M   3 1      33 190
12  65  39  52  23  13   0 0.51    M    0 12.9 24 200   M    M  10 1      35 210
13  39  30  35   7  30   0 0.00  0.0    0  6.3 14 310   M    M   4        18 320
14  34  30  32   4  33   0 0.10    M    0  2.7 10  70   M    M  10 1      12  70
15  35  28  32   4  33   0 0.00  0.0    0  2.3  8  10   M    M   6 18     10  10
16  46  29  38  10  27   0 0.07    M    0  2.3  7  60   M    M   8 18      8  60
17  64  42  53  25  12   0 0.06    M    0 10.1 21 270   M    M   9 1      29 240
18  48  39  44  15  21   0    T    M    0  8.5 16 290   M    M  10 18     24 300
19  42  38  40  11  25   0 0.00  0.0    0  5.5  9 120   M    M  10        12 130
================================================================================
SM  789  509       582   0  1.79     0.0 138.1          M      136
================================================================================
AV 41.5 26.8                               7.3 FASTST   M    M   7    MAX(MPH)
                                 MISC ---->  # 29 200               # 41  220
================================================================================
NOTES:
# LAST OF SEVERAL OCCURRENCES

COLUMN 17 PEAK WIND IN M.P.H.

PRELIMINARY LOCAL CLIMATOLOGICAL DATA (WS FORM: F-6) , PAGE 2

                                          STATION:  ZANESVILLE OH
                                          MONTH:    JANUARY
                                          YEAR:     2017
                                          LATITUDE:   39 56 N
                                          LONGITUDE:  81 54 W

[TEMPERATURE DATA]      [PRECIPITATION DATA]       SYMBOLS USED IN COLUMN 16

AVERAGE MONTHLY: 34.2   TOTAL FOR MONTH:   1.79    1 = FOG OR MIST
DPTR FM NORMAL:   5.4   DPTR FM NORMAL:    0.10    2 = FOG REDUCING VISIBILITY
HIGHEST:    65 ON 12    GRTST 24HR  0.76 ON 11-12      TO 1/4 MILE OR LESS
LOWEST:      3 ON  6                               3 = THUNDER
                        SNOW, ICE PELLETS, HAIL    4 = ICE PELLETS
                        TOTAL MONTH:   0.0 INCH    5 = HAIL
                        GRTST 24HR     0.0         6 = FREEZING RAIN OR DRIZZLE
                        GRTST DEPTH:   0           7 = DUSTSTORM OR SANDSTORM:
                                                       VSBY 1/2 MILE OR LESS
                                                   8 = SMOKE OR HAZE
[NO. OF DAYS WITH]      [WEATHER - DAYS WITH]      9 = BLOWING SNOW
                                                   X = TORNADO
MAX 32 OR BELOW:   5    0.01 INCH OR MORE:  10
MAX 90 OR ABOVE:   0    0.10 INCH OR MORE:   5
MIN 32 OR BELOW:  13    0.50 INCH OR MORE:   2
MIN  0 OR BELOW:   0    1.00 INCH OR MORE:   0

[HDD (BASE 65) ]
TOTAL THIS MO.   582    CLEAR  (SCALE 0-3)   1
DPTR FM NORMAL  -102    PTCLDY (SCALE 4-7)   9
TOTAL FM JUL 1  2415    CLOUDY (SCALE 8-10)  9
DPTR FM NORMAL  -414

[CDD (BASE 65) ]
TOTAL THIS MO.     0
DPTR FM NORMAL     0    [PRESSURE DATA]
TOTAL FM JAN 1     0    HIGHEST SLP M ON M
DPTR FM NORMAL     0    LOWEST  SLP 29.53 ON  3

[REMARKS]
