000
CXUS53 KGJT 011337
CLAASE


CLIMATE REPORT
NATIONAL WEATHER SERVICE GRAND JUNCTION CO
617 AM MST FRI JAN 1 2016

...................................

...THE ASPEN CO CLIMATE SUMMARY FOR THE YEAR OF 2015...

CLIMATE NORMAL PERIOD 1981 TO 2010
CLIMATE RECORD PERIOD 9999 TO 9999

WEATHER         OBSERVED          NORMAL  DEPART  LAST YEAR`S
                 VALUE   DATE(S)  VALUE   FROM    VALUE  DATE(S)
                                          NORMAL
................................................................
TEMPERATURE (F)
RECORD
 HIGH              MM   MM
 LOW               MM   MM
HIGHEST            88   06/30        MM      MM       90  07/23
                                                          07/22
LOWEST            -10   12/27        MM      MM      -10  12/31
AVG. MAXIMUM     57.7              54.7     3.0     56.3
AVG. MINIMUM     29.9              26.9     3.0     28.9
MEAN             43.8              40.8     3.0     42.6
DAYS MAX >= 90      0               0.4    -0.4        2
DAYS MAX <= 32     34              50.6   -16.6       43
DAYS MIN <= 32    192             212.5   -20.5      203
DAYS MIN <= 0      13              19.8    -6.8       14

PRECIPITATION (INCHES)
RECORD
 MAXIMUM           MM   MM
 MINIMUM           MM   MM
TOTALS          18.52             17.26    1.26    14.08
DAILY AVG.       0.05              0.05    0.00     0.04
DAYS >= .01       138                MM      MM      120
DAYS >= .10        53                MM      MM       49
DAYS >= .50         8                MM      MM        5
DAYS >= 1.00        0                MM      MM        0
GREATEST
 24 HR. TOTAL    0.93   MM                       12/31 TO 12/31
 STORM TOTAL       MM                                 MM


SNOWFALL (INCHES)
RECORDS
 TOTAL             MM   MM
 24 HR TOTAL       MM
 SNOW DEPTH        MM   MM
TOTALS             MM                MM      MM       MM
 LIQUID EQUIV      MM                MM      MM       MM
SINCE 7/1          MM                MM      MM       MM
 LIQUID 7/1        MM                MM      MM       MM
SNOWDEPTH AVG.     MM                MM      MM       MM
DAYS >= TRACE      MM                MM      MM       MM
DAYS >= 1.0        MM                MM      MM       MM
GREATEST
 SNOW DEPTH        MM                                 MM  MM
 24 HR TOTAL       MM                                 MM
 STORM TOTAL       MM                                 MM


DEGREE_DAYS
HEATING TOTAL    7703              8874   -1171     8112
 SINCE 7/1       3229              3721    -492     3254
COOLING TOTAL      73                39      34       56
 SINCE 1/1         73                39      34       56

FREEZE DATES
RECORD
 EARLIEST     MM
 LATEST       MM
EARLIEST                        MM
LATEST                          MM
..................................................

WIND (MPH)
AVERAGE WIND SPEED              5.8
RESULTANT WIND SPEED/DIRECTION   2/215
HIGHEST WIND SPEED/DIRECTION    40/180    DATE  05/22
HIGHEST GUST SPEED/DIRECTION    50/170    DATE  05/22

SKY COVER
POSSIBLE SUNSHINE (PERCENT)   MM
AVERAGE SKY COVER           0.40
NUMBER OF DAYS FAIR          196
NUMBER OF DAYS PC            113
NUMBER OF DAYS CLOUDY         56

AVERAGE RH (PERCENT)     57

WEATHER CONDITIONS. NUMBER OF DAYS WITH
THUNDERSTORM             56     MIXED PRECIP               0
HEAVY RAIN                8     RAIN                      35
LIGHT RAIN              121     FREEZING RAIN              0
LT FREEZING RAIN          0     HAIL                       0
HEAVY SNOW                5     SNOW                      22
LIGHT SNOW               84     SLEET                      0
FOG                     113     FOG W/VIS <= 1/4 MILE      6
HAZE                     82

-  INDICATES NEGATIVE NUMBERS.
R  INDICATES RECORD WAS SET OR TIED.
MM INDICATES DATA IS MISSING.
T  INDICATES TRACE AMOUNT.

$$
