000
CXUS55 KLKN 022102
CLAELY


CLIMATE REPORT
NATIONAL WEATHER SERVICE ELKO NV
1226 PM PST THU JAN 2 2014

...................................

...THE ELY AIRPORT NV CLIMATE SUMMARY FOR THE YEAR OF 2013...

CLIMATE NORMAL PERIOD 1981 TO 2010
CLIMATE RECORD PERIOD 1893 TO 2014

WEATHER         OBSERVED          NORMAL  DEPART  LAST YEAR`S
                 VALUE   DATE(S)  VALUE   FROM    VALUE
                                          NORMAL
.............................................................
TEMPERATURE (F)
RECORD
 HIGH             101   07/12/2002
                        07/18/1998
 LOW              -30   02/06/1989
HIGHEST            99   07/02        96       3       98
                        06/29
LOWEST            -24   01/14       -16      -8      -18
AVG. MAXIMUM     61.6              61.4     0.2     64.7
AVG. MINIMUM     28.1              28.5    -0.4     30.9
MEAN             44.8              45.0    -0.2     47.8
DAYS MAX >= 90     36              20.0    16.0       27
DAYS MAX <= 32     28              20.6     7.4       19
DAYS MIN <= 32    224             211.1    12.9      189
DAYS MIN <= 0      30              15.3    14.7        9

PRECIPITATION (INCHES)
RECORD
 MAXIMUM        17.20   1897
 MINIMUM         4.22   1974
TOTALS           8.54              9.76   -1.22    12.24
DAILY AVG.          T              0.03   -0.03     0.03
DAYS >= .01        71              75.2    -4.2       70
DAYS >= .10        26              30.1    -4.1       38
DAYS >= .50         1               3.3    -2.3        6
DAYS >= 1.00        0               0.3    -0.3        0
GREATEST
 24 HR. TOTAL    0.76   MM

SNOWFALL (INCHES)
RECORDS
 TOTAL          128.4   2010
 24 HR TOTAL     16.0   04/07/1900 TO 04/07/1900
 SNOW DEPTH        24   01/23/2010
TOTALS           57.0              50.8     6.2     73.2
SNOWDEPTH AVG.      1                MM      MM        1
DAYS >= TRACE      40              35.7     4.3       57
DAYS >= 1.0        13              16.2    -3.2       20
DAYS >= 5.0         5                                  4
GREATEST
 SNOW DEPTH        12   01/11                         12
 24 HR TOTAL      9.9   MM

DEGREE_DAYS
HEATING TOTAL    7619              7523      96     6504
COOLING TOTAL     387               218     169      314
..............................................................

WIND (MPH)
AVERAGE WIND SPEED              9.1
HIGHEST WIND SPEED/DIRECTION    44/190    DATE  03/31
HIGHEST GUST SPEED/DIRECTION    62/230    DATE  05/04

AVERAGE RH (PERCENT)     51

WEATHER CONDITIONS. NUMBER OF DAYS WITH
THUNDERSTORM              0     MIXED PRECIP               0
HEAVY RAIN                9     RAIN                      10
LIGHT RAIN               76     FREEZING RAIN              0
LT FREEZING RAIN          0     HAIL                       1
HEAVY SNOW                7     SNOW                      14
LIGHT SNOW               36     SLEET                      0
FOG                      52     FOG W/VIS <= 1/4 MILE     10
HAZE                     19

-  INDICATES NEGATIVE NUMBERS.
R  INDICATES RECORD WAS SET OR TIED.
MM INDICATES DATA IS MISSING.
T  INDICATES TRACE AMOUNT.

&&

==============================================================

...A WARM AND DRY YEAR IN ELY...

THE AVERAGE TEMPERATURE IN ELY DURING 2013 WAS 44.8 DEGREES...
WHICH IS 0.2 DEGREES BELOW THE 1981-2010 CLIMATOLOGICAL NORMAL
OF 45.0 DEGREES. DESPITE THIS...2013 WAS THE 39TH WARMEST YEAR
ON RECORD. THE TOTAL PRECIPITATION WAS 8.54 INCHES...WHICH IS
1.22 INCHES OR 12 PERCENT BELOW THE 1981-2010 CLIMATOLOGICAL
NORMAL OF 9.76 INCHES. THIS MAKES 2013 THE 30TH DRIEST YEAR ON
RECORD. THE TOTAL SNOWFALL WAS 57.0 INCHES...WHICH IS 6.2
INCHES OR 12 PERCENT ABOVE THE 1981-2010 CLIMATOLOGICAL NORMAL
OF 50.8 INCHES. THIS MAKES 2013 THE 28TH SNOWIEST YEAR ON
RECORD.

THE ALL-TIME WARMEST TEMPERATURE DURING JUNE WAS SET ON JUNE
29TH 2013 WHEN THE TEMPERATURE SOARED TO 99 DEGREES.

$$

RCM
