662
CXUS53 KGRB 041435
CLAGRB

CLIMATE REPORT
NATIONAL WEATHER SERVICE GREEN BAY
830 AM CST WED JAN 4 2017

...5TH WARMEST YEAR ON RECORD...
...4TH LEAST HEATING DEGREE DAYS ON RECORD...
...24TH WETTEST YEAR ON RECORD
...27TH SNOWIEST YEAR ON RECORD...

..THE GREEN BAY WI CLIMATE SUMMARY FOR THE YEAR OF 2016...

CLIMATE NORMAL PERIOD 1981 TO 2010
CLIMATE RECORD PERIOD 1886 TO 2017

WEATHER         OBSERVED          NORMAL  DEPART  LAST YEAR`S
                 VALUE   DATE(S)  VALUE   FROM    VALUE  DATE(S)
                                          NORMAL
................................................................
TEMPERATURE (F)
RECORD
 HIGH             104   07/13/1936
 LOW              -36   01/21/1888
HIGHEST            91   06/11                         93  08/02
LOWEST            -13   02/14                        -15  02/23
AVG. MAXIMUM     56.9              53.6     3.3     56.2
AVG. MINIMUM     38.9              35.0     3.9     37.3
MEAN             47.9              44.3     3.6     46.8
DAYS MAX >= 90      3               3.1    -0.1        2
DAYS MAX <= 32     54              71.9   -17.9       68
DAYS MIN <= 32    126             156.8   -30.8      128
DAYS MIN <= 0      17              19.2    -2.2       27

PRECIPITATION (INCHES)
RECORD
 MAXIMUM        38.36   1985
 MINIMUM        16.31   1930
TOTALS          33.11             29.52    3.59    32.89
DAILY AVG.       0.09
DAYS >= .01       134             123.0    11.0      110
DAYS >= .10        82              64.7    17.3       64
DAYS >= .50        20              17.6     2.4       20
DAYS >= 1.00        6               5.3     0.7        8

SNOWFALL (INCHES)
RECORDS
 TOTAL          123.8   1887
TOTALS           60.1              51.4     8.7     34.9
SINCE 7/1        24.0              17.3     6.7     13.9
SNOWDEPTH AVG.      2
DAYS >= TRACE      81              40.2    40.8       70
DAYS >= 1.0        16              15.8     0.2       10
GREATEST
 SNOW DEPTH        12   02/04                         13  12/29
                        02/03
 24 HR TOTAL      6.0   MM

DEGREE_DAYS
HEATING TOTAL    6725              7955   -1230     6998
 SINCE 7/1       2313              3090    -777     2210
COOLING TOTAL     577               398     179      517
 SINCE 1/1        577               398     179      517

FREEZE DATES
RECORD
 EARLIEST     09/12/1955
 LATEST       06/06/1958
EARLIEST                        10/04
LATEST                          05/05
.................................................................

WIND (MPH)
AVERAGE WIND SPEED              8.5
HIGHEST WIND SPEED/DIRECTION    43/260    DATE  03/16
HIGHEST GUST SPEED/DIRECTION    55/260    DATE  03/16

SKY COVER
POSSIBLE SUNSHINE (PERCENT)   MM
AVERAGE SKY COVER           0.50
NUMBER OF DAYS FAIR          162
NUMBER OF DAYS PC            117
NUMBER OF DAYS CLOUDY         87

AVERAGE RH (PERCENT)     75

WEATHER CONDITIONS. NUMBER OF DAYS WITH
THUNDERSTORM             38     MIXED PRECIP               0
HEAVY RAIN               31     RAIN                      52
LIGHT RAIN              125     FREEZING RAIN              0
LT FREEZING RAIN          5     HAIL                       0
HEAVY SNOW                5     SNOW                      12
LIGHT SNOW               78     SLEET                      1
FOG                     186     FOG W/VIS <= 1/4 MILE     26
HAZE                     43

-  INDICATES NEGATIVE NUMBERS.
R  INDICATES RECORD WAS SET OR TIED.
MM INDICATES DATA IS MISSING.
T  INDICATES TRACE AMOUNT.

$$
