000
CXUS53 KEAX 020238
CLAIRK

CLIMATE REPORT
NATIONAL WEATHER SERVICE KANSAS CITY/PLEASANT HILL MO
831 PM CST FRI JAN 1 2016

...................................

...THE KIRKSVILLE MO CLIMATE SUMMARY FOR THE YEAR OF 2015...

CLIMATE NORMAL PERIOD 1981 TO 2010
CLIMATE RECORD PERIOD 9999 TO 9999

WEATHER         OBSERVED          NORMAL  DEPART
                 VALUE   DATE(S)  VALUE   FROM
                                          NORMAL
................................................
TEMPERATURE (F)
HIGHEST            94   07/17        95      -1
LOWEST            -16   02/05        -5     -11
AVG. MAXIMUM     63.9              61.6     2.3
AVG. MINIMUM     42.9              41.4     1.5
MEAN             53.4              51.5     1.9
DAYS MAX >= 90     21              19.1     1.9
DAYS MAX <= 32     28              37.3    -9.3
DAYS MIN <= 32    110             123.0   -13.0
DAYS MIN <= 0      11               8.3     2.7

PRECIPITATION (INCHES)
TOTALS          44.12             39.31    4.81
DAILY AVG.       0.12              0.11    0.01
DAYS >= .01       127             114.0    13.0
DAYS >= .10        77              66.3    10.7
DAYS >= .50        28              26.2     1.8
DAYS >= 1.00       15              10.0     5.0
GREATEST
 24 HR. TOTAL    2.41   MM

DEGREE_DAYS
HEATING TOTAL    5118              5856    -738
COOLING TOTAL    1102               940     162
.................................................

WIND (MPH)
AVERAGE WIND SPEED              8.4
HIGHEST WIND SPEED/DIRECTION    41/230    DATE  11/11
HIGHEST GUST SPEED/DIRECTION    60/260    DATE  11/11

SKY COVER
POSSIBLE SUNSHINE (PERCENT)    0
AVERAGE SKY COVER           0.40
NUMBER OF DAYS FAIR          207
NUMBER OF DAYS PC            102
NUMBER OF DAYS CLOUDY         54

AVERAGE RH (PERCENT)     71

WEATHER CONDITIONS. NUMBER OF DAYS WITH
THUNDERSTORM             54     MIXED PRECIP               0
HEAVY RAIN               49     RAIN                      62
LIGHT RAIN              140     FREEZING RAIN              3
LT FREEZING RAIN          5     HAIL                       0
HEAVY SNOW                0     SNOW                       6
LIGHT SNOW               34     SLEET                      0
FOG                     198     FOG W/VIS <= 1/4 MILE     26
HAZE                     65

-  INDICATES NEGATIVE NUMBERS.
R  INDICATES RECORD WAS SET OR TIED.
MM INDICATES DATA IS MISSING.
T  INDICATES TRACE AMOUNT.

$$
