000
CXUS56 KMFR 020222
CLAMFR

MFRCLMMFR 000
TTAA00 KMFR 020220


CLIMATE REPORT
NATIONAL WEATHER SERVICE MEDFORD, OR
620 PM PST MON JAN 1 2018

...................................

...THE MEDFORD OR CLIMATE SUMMARY FOR THE YEAR OF 2017...

CLIMATE NORMAL PERIOD 1981 TO 2010
CLIMATE RECORD PERIOD 1911 TO 2017

WEATHER         OBSERVED          NORMAL  DEPART  LAST YEAR`S
                 VALUE   DATE(S)  VALUE   FROM    VALUE  DATE(S)
                                          NORMAL
................................................................
TEMPERATURE (F)
RECORD
 HIGH             115   07/20/1946
 LOW              -10   12/13/1919
HIGHEST           112   08/02                         MM  MM
LOWEST              6   01/06                         MM  MM
AVG. MAXIMUM     68.7              68.0     0.7       MM
AVG. MINIMUM     44.7              43.2     1.5       MM
MEAN             56.7              55.6     1.1       MM
DAYS MAX >= 90     77              53.9    23.1       MM
DAYS MAX <= 32      2               0.6     1.4       MM
DAYS MIN <= 32     60              55.1     4.9       MM
DAYS MIN <= 0       0               0.0     0.0       MM

PRECIPITATION (INCHES)
RECORD
 MAXIMUM        31.41   1996
 MINIMUM         8.07   2013
TOTALS          18.13             18.35   -0.22       MM
DAILY AVG.          T              0.05   -0.05       MM
DAYS >= .01        94             102.6    -8.6       MM
DAYS >= .10        42              50.9    -8.9       MM
DAYS >= .50         5               8.1    -3.1       MM
DAYS >= 1.00        1               1.6    -0.6       MM
GREATEST
 24 HR. TOTAL    1.54   MM

SNOWFALL (INCHES)
RECORDS
 TOTAL           24.1   1930
TOTALS           11.4               4.1     7.3       MM
SINCE 7/1         0.0               1.7    -1.7       MM
DAYS >= TRACE      11               5.1     5.9       MM
DAYS >= 1.0         2               1.6     0.4       MM

DEGREE_DAYS
HEATING TOTAL    4199              4250     -51       MM
 SINCE 7/1         MM              1766      MM       MM
COOLING TOTAL    1281               828     453       MM
 SINCE 1/1       1281               829     452       MM

FREEZE DATES
.................................................................

WIND (MPH)
AVERAGE WIND SPEED              3.7
HIGHEST WIND SPEED/DIRECTION    37/150    DATE  01/22
HIGHEST GUST SPEED/DIRECTION    45/150    DATE  01/22

SKY COVER
POSSIBLE SUNSHINE (PERCENT)   MM
AVERAGE SKY COVER           0.40
NUMBER OF DAYS FAIR          164
NUMBER OF DAYS PC            103
NUMBER OF DAYS CLOUDY         69

AVERAGE RH (PERCENT)     63

WEATHER CONDITIONS. NUMBER OF DAYS WITH
THUNDERSTORM              0     MIXED PRECIP               0
HEAVY RAIN                6     RAIN                      28
LIGHT RAIN              109     FREEZING RAIN              0
LT FREEZING RAIN          0     HAIL                       0
HEAVY SNOW                1     SNOW                       1
LIGHT SNOW               10     SLEET                      0
FOG                     136     FOG W/VIS <= 1/4 MILE     35
HAZE                     75

-  INDICATES NEGATIVE NUMBERS.
R  INDICATES RECORD WAS SET OR TIED.
MM INDICATES DATA IS MISSING.
T  INDICATES TRACE AMOUNT.

$$
