000
CXUS53 KILX 020235
CLAPIA

CLIMATE REPORT
NATIONAL WEATHER SERVICE LINCOLN IL
835 PM CST SUN JAN 1 2017

...................................

...THE PEORIA IL CLIMATE SUMMARY FOR THE YEAR OF 2016...

CLIMATE NORMAL PERIOD 1981 TO 2010
CLIMATE RECORD PERIOD 1883 TO 2016

WEATHER         OBSERVED          NORMAL  DEPART  LAST YEAR`S
                 VALUE   DATE(S)  VALUE   FROM    VALUE  DATE(S)
                                          NORMAL
................................................................
TEMPERATURE (F)
RECORD
 HIGH             113   07/15/1936
 LOW              -27   01/05/1884
HIGHEST            96   06/15        MM      MM       98  09/04
LOWEST             -6   12/19        MM      MM       -8  01/08
                        12/18
AVG. MAXIMUM     64.1              61.5     2.6     64.0
AVG. MINIMUM     45.6              42.2     3.4     44.9
MEAN             54.9              51.9     3.0     54.5
DAYS MAX >= 90     21              18.7     2.3       25
DAYS MAX <= 32     32              37.0    -5.0       34
DAYS MIN <= 32     99             115.9   -16.9       98
DAYS MIN <= 0       5               7.2    -2.2        8

PRECIPITATION (INCHES)
RECORD
 MAXIMUM        55.35   1990
 MINIMUM        22.16   1988
TOTALS          37.24             36.49    0.75    49.98
DAILY AVG.       0.10              0.10    0.00     0.14
DAYS >= .01       109             116.5    -7.5      112
DAYS >= .10        68              69.6    -1.6       83
DAYS >= .50        20              24.1    -4.1       37
DAYS >= 1.00        9               8.5     0.5       13
GREATEST
 24 HR. TOTAL    2.54   10/06                       3.14

SNOWFALL (INCHES)
RECORDS
 TOTAL           52.3   1977
 24 HR TOTAL     18.0   02/27/1900 TO 02/28/1900
TOTALS           13.7              24.6   -10.9     32.8
DAYS >= TRACE      33              19.9    13.1       32
DAYS >= 1.0         4               7.6    -3.6       10
GREATEST
 SNOW DEPTH         3   12/05                          9
                        01/11
                        01/10
 24 HR TOTAL      4.2   12/04                        6.1

DEGREE_DAYS
HEATING TOTAL    5019              5831    -812     5096
COOLING TOTAL    1423              1040     383     1419

FREEZE DATES
RECORD
 EARLIEST     09/20/1991
 LATEST       05/25/1925
EARLIEST                        10/14
LATEST                          04/19
.................................................................

WIND (MPH)
AVERAGE WIND SPEED              7.7
HIGHEST WIND SPEED/DIRECTION    45/280    DATE  08/24
HIGHEST GUST SPEED/DIRECTION    64/280    DATE  08/24

SKY COVER
POSSIBLE SUNSHINE (PERCENT)   MM
AVERAGE SKY COVER           0.40
NUMBER OF DAYS FAIR          209
NUMBER OF DAYS PC             91
NUMBER OF DAYS CLOUDY         66

AVERAGE RH (PERCENT)     71

WEATHER CONDITIONS. NUMBER OF DAYS WITH
THUNDERSTORM             53     MIXED PRECIP               0
HEAVY RAIN               49     RAIN                      62
LIGHT RAIN              120     FREEZING RAIN              0
LT FREEZING RAIN          2     HAIL                       2
HEAVY SNOW                2     SNOW                       5
LIGHT SNOW               31     SLEET                      1
FOG                     168     FOG W/VIS <= 1/4 MILE     23
HAZE                     61

-  INDICATES NEGATIVE NUMBERS.
R  INDICATES RECORD WAS SET OR TIED.
MM INDICATES DATA IS MISSING.
T  INDICATES TRACE AMOUNT.

&&

RECORDS ESTABLISHED DURING THE YEAR:

ANNUAL RECORDS --
* 5TH WARMEST YEAR ON RECORD AT 54.9 DEGREES

SEASONAL RECORDS --
* 4TH WARMEST WINTER ON RECORD AT 36.6 DEGREES

JANUARY --
* RECORD WARM LOW TEMPERATURE OF 42 DEGREES ON THE 8TH

FEBRUARY --
* RECORD HIGH TEMPERATURE OF 68 DEGREES ON THE 20TH
* TIED RECORD HIGH TEMPERATURE OF 68 DEGREES ON THE 28TH

MARCH --
* 9TH WARMEST MARCH ON RECORD AT 47.1 DEGREES
* RECORD WARM LOW TEMPERATURE OF 56 DEGREES ON THE 8TH
* RECORD WARM LOW TEMPERATURE OF 49 DEGREES ON THE 9TH

APRIL -- NO RECORDS

MAY -- NO RECORDS

JUNE --
* TIED RECORD WARM LOW TEMPERATURE OF 76 DEGREES ON THE 20TH

JULY --
* TIED RECORD COOL HIGH TEMPERATURE OF 69 DEGREES ON THE 2ND
* RECORD COOL HIGH TEMPERATURE OF 64 DEGREES ON THE 3RD

AUGUST --
* RECORD DAILY RAINFALL OF 1.98 INCHES ON THE 12TH

SEPTEMBER --
* RECORD DAILY RAINFALL OF 1.23 INCHES ON THE 7TH

OCTOBER --
* RECORD DAILY RAINFALL OF 2.54 INCHES ON THE 6TH
* RECORD WARM LOW TEMPERATURE OF 66 DEGREES ON THE 16TH
* RECORD WARM LOW TEMPERATURE OF 68 DEGREES ON THE 17TH
* RECORD HIGH TEMPERATURE OF 87 DEGREES ON THE 17TH

NOVEMBER --
* TIED RECORD WARM LOW TEMPERATURE OF 60 DEGREES ON THE 1ST
* RECORD DAILY PRECIPITATION OF 1.10 INCHES ON THE 2ND
* TIED RECORD HIGH TEMPERATURE OF 75 DEGREES ON THE 17TH

DECEMBER --
* RECORD DAILY SNOWFALL OF 4.2 INCHES ON THE 4TH

$$
GEELHART
