000
CXUS55 KREV 120711
CLARNO


CLIMATE REPORT
NATIONAL WEATHER SERVICE RENO NV
1109 PM PST MON JAN 11 2016

...................................

...THE RENO TAHOE AIRPORT NV CLIMATE SUMMARY FOR THE YEAR OF 2015...

CLIMATE NORMAL PERIOD 1981 TO 2010
CLIMATE RECORD PERIOD 1888 TO 2016

WEATHER         OBSERVED          NORMAL  DEPART
                 VALUE   DATE(S)  VALUE   FROM
                                          NORMAL
................................................
TEMPERATURE (F)
RECORD
 HIGH             108   07/05/2007
                        07/11/2002
                        07/10/2002
 LOW              -19   01/08/1890
HIGHEST           102   07/02
LOWEST              9   01/01
AVG. MAXIMUM     70.5              67.6     2.9
AVG. MINIMUM     42.8              40.0     2.8
MEAN             56.7              53.8     2.9
DAYS MAX >= 90     72              53.9    18.1
DAYS MAX <= 32      5               4.5     0.5
DAYS MIN <= 32    100             111.6   -11.6
DAYS MIN <= 0       0               0.5    -0.5

PRECIPITATION (INCHES)
RECORD
 MAXIMUM        13.73   1890
 MINIMUM         1.55   1945
TOTALS           8.52              7.40    1.12
DAILY AVG.       0.02              0.02    0.00
DAYS >= .01        56              52.3     3.7
DAYS >= .10        27              20.3     6.7
DAYS >= .50         3               2.9     0.1
DAYS >= 1.00        1               0.7     0.3

SNOWFALL (INCHES)
TOTALS           11.9              21.8    -9.9
SINCE 7/1        11.4               8.4     3.0
DAYS >= TRACE      24              16.3     7.7
DAYS >= 1.0         4               6.2    -2.2
GREATEST
 SNOW DEPTH         2   12/25
                        11/09

DEGREE_DAYS
HEATING TOTAL    4122              4926    -804
 SINCE 7/1         MM              2024      MM
COOLING TOTAL    1194               838     356

FREEZE DATES
EARLIEST                        10/03
LATEST                          05/21
.................................................

WIND (MPH)
AVERAGE WIND SPEED              5.7
HIGHEST WIND SPEED/DIRECTION    54/170    DATE  07/07
HIGHEST GUST SPEED/DIRECTION    66/200    DATE  12/03


WEATHER CONDITIONS. NUMBER OF DAYS WITH
THUNDERSTORM              0     MIXED PRECIP               0
HEAVY RAIN                5     RAIN                      19
LIGHT RAIN               67     FREEZING RAIN              0
LT FREEZING RAIN          0     HAIL                       1
HEAVY SNOW                2     SNOW                       7
LIGHT SNOW               20     SLEET                      0
FOG                      27     FOG W/VIS <= 1/4 MILE      2
HAZE                     19

-  INDICATES NEGATIVE NUMBERS.
R  INDICATES RECORD WAS SET OR TIED.
MM INDICATES DATA IS MISSING.
T  INDICATES TRACE AMOUNT.

$$
