000
CDUS41 KBTV 250533
CLI1V4


CLIMATE REPORT
NATIONAL WEATHER SERVICE BURLINGTON VT
133 AM EDT FRI JUL 25 2014


...................................

...THE ST. JOHNSBURY VT CLIMATE SUMMARY FOR JULY 24 2014...

CLIMATE NORMAL PERIOD 1981 TO 2010
CLIMATE RECORD PERIOD 1894 TO 2014


WEATHER ITEM   OBSERVED TIME   RECORD YEAR NORMAL DEPARTURE LAST
                VALUE   (LST)  VALUE       VALUE  FROM      YEAR
                                                  NORMAL
..................................................................
TEMPERATURE (F)
 YESTERDAY
  MAXIMUM         73    354 PM  95    1952  81     -8       68
  MINIMUM         52   1159 PM  40    1912  59     -7       55
  AVERAGE         63                        70     -7       62

PRECIPITATION (IN)
  YESTERDAY        0.00          2.10 2003   0.14  -0.14     0.28
  MONTH TO DATE    4.43                      3.12   1.31     5.33
  SINCE JUN 1      7.70                      7.13   0.57     9.80
  SINCE JAN 1     23.40                     20.54   2.86    22.18

DEGREE DAYS
 HEATING
  YESTERDAY        2                         0      2        3
  MONTH TO DATE    7                        10     -3        3
  SINCE JUN 1     76                        82     -6      116
  SINCE JUL 1      7                        10     -3        3

 COOLING
  YESTERDAY        0                         5     -5        0
  MONTH TO DATE  109                       135    -26      178
  SINCE JUN 1    156                       225    -69      258
  SINCE JAN 1    160                       243    -83      274
..................................................................


WIND (MPH)
  HIGHEST WIND SPEED    MM   HIGHEST WIND DIRECTION    MM
  HIGHEST GUST SPEED    MM   HIGHEST GUST DIRECTION    MM
  AVERAGE WIND SPEED    MM


SKY COVER
  AVERAGE SKY COVER 0.0


WEATHER CONDITIONS
 THE FOLLOWING WEATHER WAS RECORDED YESTERDAY.
  NO SIGNIFICANT WEATHER WAS OBSERVED.


RELATIVE HUMIDITY (PERCENT)
 HIGHEST   100           100 AM
 LOWEST     44           400 PM
 AVERAGE    72

..........................................................


THE ST. JOHNSBURY VT CLIMATE NORMALS FOR TODAY
                         NORMAL    RECORD    YEAR
 MAXIMUM TEMPERATURE (F)   81        96      1963
 MINIMUM TEMPERATURE (F)   59        41      1912


SUNRISE AND SUNSET
JULY 25 2014..........SUNRISE   527 AM EDT   SUNSET   821 PM EDT
JULY 26 2014..........SUNRISE   529 AM EDT   SUNSET   820 PM EDT


-  INDICATES NEGATIVE NUMBERS.
R  INDICATES RECORD WAS SET OR TIED.
MM INDICATES DATA IS MISSING.
T  INDICATES TRACE AMOUNT.




$$
