000
CDUS41 KBTV 120925
CLI1V4


CLIMATE REPORT
NATIONAL WEATHER SERVICE BURLINGTON VT
423 AM EST TUE DEC 12 2017


...................................

...THE ST. JOHNSBURY VT CLIMATE SUMMARY FOR DECEMBER 11 2017...

CLIMATE NORMAL PERIOD 1981 TO 2010
CLIMATE RECORD PERIOD 1894 TO 2017


WEATHER ITEM   OBSERVED TIME   RECORD YEAR NORMAL DEPARTURE LAST
                VALUE   (LST)  VALUE       VALUE  FROM      YEAR
                                                  NORMAL
..................................................................
TEMPERATURE (F)
 YESTERDAY
  MAXIMUM         27        MM  61    1952  33     -6       24
  MINIMUM         14        MM -24    1958  17     -3       -1
  AVERAGE         21                        25     -4       12

PRECIPITATION (IN)
  YESTERDAY        0.00          0.84 1957   0.11  -0.11     0.01
  MONTH TO DATE    0.55                      1.19  -0.64     0.97
  SINCE DEC 1      0.55                      1.19  -0.64     0.97
  SINCE JAN 1     40.28                     37.61   2.67    37.07

DEGREE DAYS
 HEATING
  YESTERDAY       44                        40      4       53
  MONTH TO DATE  371                       418    -47      399
  SINCE DEC 1    371                       418    -47      399
  SINCE JUL 1   1844                      2074   -230     1859

 COOLING
  YESTERDAY        0                         0      0        0
  MONTH TO DATE    0                         0      0        0
  SINCE DEC 1      0                         0      0        0
  SINCE JAN 1    331                       433   -102      457
..................................................................


WIND (MPH)
  HIGHEST WIND SPEED    MM   HIGHEST WIND DIRECTION    MM
  HIGHEST GUST SPEED    MM   HIGHEST GUST DIRECTION    MM
  AVERAGE WIND SPEED    MM


SKY COVER
  AVERAGE SKY COVER 0.0


WEATHER CONDITIONS
 THE FOLLOWING WEATHER WAS RECORDED YESTERDAY.
  NO SIGNIFICANT WEATHER WAS OBSERVED.


RELATIVE HUMIDITY (PERCENT)
 HIGHEST    92           600 AM
 LOWEST     62           200 PM
 AVERAGE    77

..........................................................


THE ST. JOHNSBURY VT CLIMATE NORMALS FOR TODAY
                         NORMAL    RECORD    YEAR
 MAXIMUM TEMPERATURE (F)   33        57      1899
 MINIMUM TEMPERATURE (F)   16       -26      1917


SUNRISE AND SUNSET
DECEMBER 12 2017......SUNRISE   715 AM EST   SUNSET   409 PM EST
DECEMBER 13 2017......SUNRISE   716 AM EST   SUNSET   409 PM EST


-  INDICATES NEGATIVE NUMBERS.
R  INDICATES RECORD WAS SET OR TIED.
MM INDICATES DATA IS MISSING.
T  INDICATES TRACE AMOUNT.




$$
