000
CDUS41 KBTV 290540
CLI1V4


CLIMATE REPORT
NATIONAL WEATHER SERVICE BURLINGTON VT
139 AM EDT FRI AUG 29 2014


...................................

...THE ST. JOHNSBURY VT CLIMATE SUMMARY FOR AUGUST 28 2014...

CLIMATE NORMAL PERIOD 1981 TO 2010
CLIMATE RECORD PERIOD 1894 TO 2014


WEATHER ITEM   OBSERVED TIME   RECORD YEAR NORMAL DEPARTURE LAST
                VALUE   (LST)  VALUE       VALUE  FROM      YEAR
                                                  NORMAL
..................................................................
TEMPERATURE (F)
 YESTERDAY
  MAXIMUM         71    241 PM  95    1952  77     -6       86
  MINIMUM         54   1159 PM  36    1957  55     -1       63
  AVERAGE         63                        66     -3       75

PRECIPITATION (IN)
  YESTERDAY        0.00          4.83 2011   0.10  -0.10     0.89
  MONTH TO DATE    1.70                      3.92  -2.22     2.45
  SINCE JUN 1     11.66                     12.05  -0.39    12.51
  SINCE JAN 1     27.36                     25.46   1.90    24.89

DEGREE DAYS
 HEATING
  YESTERDAY        2                         2      0        0
  MONTH TO DATE   37                        31      6       51
  SINCE JUN 1    124                       118      6      173
  SINCE JUL 1     55                        46      9       60

 COOLING
  YESTERDAY        0                         3     -3       10
  MONTH TO DATE   55                       113    -58       58
  SINCE JUN 1    213                       372   -159      330
  SINCE JAN 1    217                       390   -173      346
..................................................................


WIND (MPH)
  HIGHEST WIND SPEED    MM   HIGHEST WIND DIRECTION    MM
  HIGHEST GUST SPEED    MM   HIGHEST GUST DIRECTION    MM
  AVERAGE WIND SPEED    MM


SKY COVER
  AVERAGE SKY COVER 0.0


WEATHER CONDITIONS
 THE FOLLOWING WEATHER WAS RECORDED YESTERDAY.
  NO SIGNIFICANT WEATHER WAS OBSERVED.


RELATIVE HUMIDITY (PERCENT)
 HIGHEST   100           400 AM
 LOWEST     42           300 PM
 AVERAGE    71

..........................................................


THE ST. JOHNSBURY VT CLIMATE NORMALS FOR TODAY
                         NORMAL    RECORD    YEAR
 MAXIMUM TEMPERATURE (F)   77        95      1952
 MINIMUM TEMPERATURE (F)   55        34      1982


SUNRISE AND SUNSET
AUGUST 29 2014........SUNRISE   607 AM EDT   SUNSET   730 PM EDT
AUGUST 30 2014........SUNRISE   608 AM EDT   SUNSET   728 PM EDT


-  INDICATES NEGATIVE NUMBERS.
R  INDICATES RECORD WAS SET OR TIED.
MM INDICATES DATA IS MISSING.
T  INDICATES TRACE AMOUNT.




$$
