000
CDUS41 KBTV 020529
CLI1V4


CLIMATE REPORT
NATIONAL WEATHER SERVICE BURLINGTON VT
127 AM EDT THU JUL 2 2015


...................................

...THE ST. JOHNSBURY VT CLIMATE SUMMARY FOR JULY 1 2015...

CLIMATE NORMAL PERIOD 1981 TO 2010
CLIMATE RECORD PERIOD 1894 TO 2015


WEATHER ITEM   OBSERVED TIME   RECORD YEAR NORMAL DEPARTURE LAST
                VALUE   (LST)  VALUE       VALUE  FROM      YEAR
                                                  NORMAL
..................................................................
TEMPERATURE (F)
 YESTERDAY
  MAXIMUM         71        MM  98    1931  81    -10       85
  MINIMUM         61        MM  37    1912  58      3       63
  AVERAGE         66                        69     -3       74

PRECIPITATION (IN)
  YESTERDAY        0.61          1.60 1971   0.13   0.48     0.00
  MONTH TO DATE    0.61                      0.13   0.48     0.00
  SINCE JUN 1      8.31                      4.14   4.17     3.27
  SINCE JAN 1     19.68                     17.55   2.13    18.97

DEGREE DAYS
 HEATING
  YESTERDAY        0                         1     -1        0
  MONTH TO DATE    0                         1     -1        0
  SINCE JUN 1    109                        73     36       69
  SINCE JUL 1      0                         1     -1        0

 COOLING
  YESTERDAY        1                         5     -4        9
  MONTH TO DATE    1                         5     -4        9
  SINCE JUN 1     34                        95    -61       56
  SINCE JAN 1     72                       113    -41       60
..................................................................


WIND (MPH)
  HIGHEST WIND SPEED    MM   HIGHEST WIND DIRECTION    MM
  HIGHEST GUST SPEED    MM   HIGHEST GUST DIRECTION    MM
  AVERAGE WIND SPEED    MM


SKY COVER
  AVERAGE SKY COVER 0.0


WEATHER CONDITIONS
 THE FOLLOWING WEATHER WAS RECORDED YESTERDAY.
  NO SIGNIFICANT WEATHER WAS OBSERVED.


RELATIVE HUMIDITY (PERCENT)
 HIGHEST    97           300 AM
 LOWEST     78           400 PM
 AVERAGE    88

..........................................................


THE ST. JOHNSBURY VT CLIMATE NORMALS FOR TODAY
                         NORMAL    RECORD    YEAR
 MAXIMUM TEMPERATURE (F)   81        96      1963
 MINIMUM TEMPERATURE (F)   58        37      1992


SUNRISE AND SUNSET
JULY  2 2015..........SUNRISE   508 AM EDT   SUNSET   836 PM EDT
JULY  3 2015..........SUNRISE   508 AM EDT   SUNSET   836 PM EDT


-  INDICATES NEGATIVE NUMBERS.
R  INDICATES RECORD WAS SET OR TIED.
MM INDICATES DATA IS MISSING.
T  INDICATES TRACE AMOUNT.




$$
