000
CDUS41 KBTV 230550
CLI1V4


CLIMATE REPORT
NATIONAL WEATHER SERVICE BURLINGTON VT
147 AM EDT WED APR 23 2014


...................................

...THE ST. JOHNSBURY VT CLIMATE SUMMARY FOR APRIL 22 2014...

CLIMATE NORMAL PERIOD 1981 TO 2010
CLIMATE RECORD PERIOD 1894 TO 2014


WEATHER ITEM   OBSERVED TIME   RECORD YEAR NORMAL DEPARTURE LAST
                VALUE   (LST)  VALUE       VALUE  FROM      YEAR
                                                  NORMAL
..................................................................
TEMPERATURE (F)
 YESTERDAY
  MAXIMUM         69        MM  86    1954  60      9       55
  MINIMUM         45        MM  18    1981  35     10       22
  AVERAGE         57                        47     10       39

PRECIPITATION (IN)
  YESTERDAY        0.16          0.88 2000   0.09   0.07     0.00
  MONTH TO DATE    2.64                      2.06   0.58     2.42
  SINCE MAR 1      5.51                      4.57   0.94     4.34
  SINCE JAN 1     10.64                      9.25   1.39     7.72

DEGREE DAYS
 HEATING
  YESTERDAY        8                        18    -10       26
  MONTH TO DATE  515                       492     23      558
  SINCE MAR 1   1936                      1568    368     1612
  SINCE JUL 1   7968                      7292    676     7090

 COOLING
  YESTERDAY        0                         0      0        0
  MONTH TO DATE    0                         0      0        0
  SINCE MAR 1      0                         0      0        0
  SINCE JAN 1      0                         0      0        0
..................................................................


WIND (MPH)
  HIGHEST WIND SPEED    MM   HIGHEST WIND DIRECTION    MM
  HIGHEST GUST SPEED    MM   HIGHEST GUST DIRECTION    MM
  AVERAGE WIND SPEED    MM


SKY COVER
  AVERAGE SKY COVER 0.0


WEATHER CONDITIONS
 THE FOLLOWING WEATHER WAS RECORDED YESTERDAY.
  NO SIGNIFICANT WEATHER WAS OBSERVED.


RELATIVE HUMIDITY (PERCENT)
 HIGHEST    96           900 PM
 LOWEST     23          1200 PM
 AVERAGE    60

..........................................................


THE ST. JOHNSBURY VT CLIMATE NORMALS FOR TODAY
                         NORMAL    RECORD    YEAR
 MAXIMUM TEMPERATURE (F)   60        83      2007
 MINIMUM TEMPERATURE (F)   36        18      1933


SUNRISE AND SUNSET
APRIL 23 2014.........SUNRISE   551 AM EDT   SUNSET   742 PM EDT
APRIL 24 2014.........SUNRISE   549 AM EDT   SUNSET   744 PM EDT


-  INDICATES NEGATIVE NUMBERS.
R  INDICATES RECORD WAS SET OR TIED.
MM INDICATES DATA IS MISSING.
T  INDICATES TRACE AMOUNT.




$$
