000
CDUS41 KBTV 240614
CLI1V4


CLIMATE REPORT
NATIONAL WEATHER SERVICE BURLINGTON VT
113 AM EST TUE JAN 24 2017


...................................

...THE ST. JOHNSBURY VT CLIMATE SUMMARY FOR JANUARY 23 2017...

CLIMATE NORMAL PERIOD 1981 TO 2010
CLIMATE RECORD PERIOD 1894 TO 2017


WEATHER ITEM   OBSERVED TIME   RECORD YEAR NORMAL DEPARTURE LAST
                VALUE   (LST)  VALUE       VALUE  FROM      YEAR
                                                  NORMAL
..................................................................
TEMPERATURE (F)
 YESTERDAY
  MAXIMUM         35    133 PM  55    1906  27      8       26
  MINIMUM         30   1159 PM -25    2000   6     24       -2
  AVERAGE         33                        16     17       12

PRECIPITATION (IN)
  YESTERDAY        0.00          0.96 1958   0.09  -0.09     0.00
  MONTH TO DATE    0.94                      1.86  -0.92     1.18
  SINCE DEC 1      4.51                      4.94  -0.43     6.08
  SINCE JAN 1      0.94                      1.86  -0.92     1.18

DEGREE DAYS
 HEATING
  YESTERDAY       32                        49    -17       53
  MONTH TO DATE  927                      1110   -183     1037
  SINCE DEC 1   2188                      2407   -219     1950
  SINCE JUL 1   3648                      4063   -415     3427

 COOLING
  YESTERDAY        0                         0      0        0
  MONTH TO DATE    0                         0      0        0
  SINCE DEC 1      0                         0      0        0
  SINCE JAN 1      0                         0      0        0
..................................................................


WIND (MPH)
  HIGHEST WIND SPEED    MM   HIGHEST WIND DIRECTION    MM
  HIGHEST GUST SPEED    MM   HIGHEST GUST DIRECTION    MM
  AVERAGE WIND SPEED    MM


SKY COVER
  AVERAGE SKY COVER 0.0


WEATHER CONDITIONS
 THE FOLLOWING WEATHER WAS RECORDED YESTERDAY.
  NO SIGNIFICANT WEATHER WAS OBSERVED.


RELATIVE HUMIDITY (PERCENT)
 HIGHEST    96          1200 AM
 LOWEST     53          1100 PM
 AVERAGE    75

..........................................................


THE ST. JOHNSBURY VT CLIMATE NORMALS FOR TODAY
                         NORMAL    RECORD    YEAR
 MAXIMUM TEMPERATURE (F)   27        54      1906
 MINIMUM TEMPERATURE (F)    6       -34      1907


SUNRISE AND SUNSET
JANUARY 24 2017.......SUNRISE   714 AM EST   SUNSET   447 PM EST
JANUARY 25 2017.......SUNRISE   713 AM EST   SUNSET   448 PM EST


-  INDICATES NEGATIVE NUMBERS.
R  INDICATES RECORD WAS SET OR TIED.
MM INDICATES DATA IS MISSING.
T  INDICATES TRACE AMOUNT.




$$
