000
CDUS41 KBTV 240526
CLI1V4


CLIMATE REPORT
NATIONAL WEATHER SERVICE BURLINGTON VT
123 AM EDT THU AUG 24 2017


...................................

...THE ST. JOHNSBURY VT CLIMATE SUMMARY FOR AUGUST 23 2017...

CLIMATE NORMAL PERIOD 1981 TO 2010
CLIMATE RECORD PERIOD 1894 TO 2017


WEATHER ITEM   OBSERVED TIME   RECORD YEAR NORMAL DEPARTURE LAST
                VALUE   (LST)  VALUE       VALUE  FROM      YEAR
                                                  NORMAL
..................................................................
TEMPERATURE (F)
 YESTERDAY
  MAXIMUM         74        MM  91    1918  78     -4       77
  MINIMUM         57        MM  38    1957  56      1       48
  AVERAGE         66                        67     -1       63

PRECIPITATION (IN)
  YESTERDAY        0.00          1.75 1964   0.12  -0.12     0.00
  MONTH TO DATE    2.53                      3.38  -0.85     5.31
  SINCE JUN 1     12.64                     11.51   1.13    15.13
  SINCE JAN 1     29.54                     24.92   4.62    27.71

DEGREE DAYS
 HEATING
  YESTERDAY        0                         1     -1        2
  MONTH TO DATE   12                        22    -10       10
  SINCE JUN 1    142                       109     33      117
  SINCE JUL 1     37                        37      0       26

 COOLING
  YESTERDAY        1                         3     -2        0
  MONTH TO DATE   67                        98    -31      116
  SINCE JUN 1    249                       357   -108      335
  SINCE JAN 1    262                       375   -113      378
..................................................................


WIND (MPH)
  HIGHEST WIND SPEED    MM   HIGHEST WIND DIRECTION    MM
  HIGHEST GUST SPEED    MM   HIGHEST GUST DIRECTION    MM
  AVERAGE WIND SPEED    MM


SKY COVER
  AVERAGE SKY COVER 0.0


WEATHER CONDITIONS
 THE FOLLOWING WEATHER WAS RECORDED YESTERDAY.
  NO SIGNIFICANT WEATHER WAS OBSERVED.


RELATIVE HUMIDITY (PERCENT)
 HIGHEST   100          1200 AM
 LOWEST     44           300 PM
 AVERAGE    72

..........................................................


THE ST. JOHNSBURY VT CLIMATE NORMALS FOR TODAY
                         NORMAL    RECORD    YEAR
 MAXIMUM TEMPERATURE (F)   78        97      1909
 MINIMUM TEMPERATURE (F)   56        37      1987


SUNRISE AND SUNSET
AUGUST 24 2017........SUNRISE   602 AM EDT   SUNSET   738 PM EDT
AUGUST 25 2017........SUNRISE   603 AM EDT   SUNSET   736 PM EDT


-  INDICATES NEGATIVE NUMBERS.
R  INDICATES RECORD WAS SET OR TIED.
MM INDICATES DATA IS MISSING.
T  INDICATES TRACE AMOUNT.




$$
