000
CDUS41 KBTV 280545
CLI1V4


CLIMATE REPORT
NATIONAL WEATHER SERVICE BURLINGTON VT
142 AM EDT WED JUN 28 2017


...................................

...THE ST. JOHNSBURY VT CLIMATE SUMMARY FOR JUNE 27 2017...

CLIMATE NORMAL PERIOD 1981 TO 2010
CLIMATE RECORD PERIOD 1894 TO 2017


WEATHER ITEM   OBSERVED TIME   RECORD YEAR NORMAL DEPARTURE LAST
                VALUE   (LST)  VALUE       VALUE  FROM      YEAR
                                                  NORMAL
..................................................................
TEMPERATURE (F)
 YESTERDAY
  MAXIMUM         71        MM  96    1941  80     -9       81
  MINIMUM         52        MM  38    1897  57     -5       61
  AVERAGE         62                        68     -6       71

PRECIPITATION (IN)
  YESTERDAY        0.24          3.37 1987   0.13   0.11     0.00
  MONTH TO DATE    4.38                      3.60   0.78     2.04
  SINCE JUN 1      4.38                      3.60   0.78     2.04
  SINCE JAN 1     21.28                     17.01   4.27    14.62

DEGREE DAYS
 HEATING
  YESTERDAY        3                         1      2        0
  MONTH TO DATE   93                        69     24       91
  SINCE JUN 1     93                        69     24       91
  SINCE JUL 1   7267                      7773   -506     6928

 COOLING
  YESTERDAY        0                         5     -5        6
  MONTH TO DATE   68                        76     -8       45
  SINCE JUN 1     68                        76     -8       45
  SINCE JAN 1     81                        94    -13       88
..................................................................


WIND (MPH)
  HIGHEST WIND SPEED    MM   HIGHEST WIND DIRECTION    MM
  HIGHEST GUST SPEED    MM   HIGHEST GUST DIRECTION    MM
  AVERAGE WIND SPEED    MM


SKY COVER
  AVERAGE SKY COVER 0.0


WEATHER CONDITIONS
 THE FOLLOWING WEATHER WAS RECORDED YESTERDAY.
  NO SIGNIFICANT WEATHER WAS OBSERVED.


RELATIVE HUMIDITY (PERCENT)
 HIGHEST   100          1200 AM
 LOWEST     51          1200 PM
 AVERAGE    76

..........................................................


THE ST. JOHNSBURY VT CLIMATE NORMALS FOR TODAY
                         NORMAL    RECORD    YEAR
 MAXIMUM TEMPERATURE (F)   80        96      1933
 MINIMUM TEMPERATURE (F)   57        36      1927


SUNRISE AND SUNSET
JUNE 28 2017..........SUNRISE   506 AM EDT   SUNSET   837 PM EDT
JUNE 29 2017..........SUNRISE   507 AM EDT   SUNSET   836 PM EDT


-  INDICATES NEGATIVE NUMBERS.
R  INDICATES RECORD WAS SET OR TIED.
MM INDICATES DATA IS MISSING.
T  INDICATES TRACE AMOUNT.




$$
