000
CDUS41 KBTV 180649
CLI1V4


CLIMATE REPORT
NATIONAL WEATHER SERVICE BURLINGTON VT
249 AM EDT THU SEP 18 2014


...................................

...THE ST. JOHNSBURY VT CLIMATE SUMMARY FOR SEPTEMBER 17 2014...

CLIMATE NORMAL PERIOD 1981 TO 2010
CLIMATE RECORD PERIOD 1894 TO 2014


WEATHER ITEM   OBSERVED TIME   RECORD YEAR NORMAL DEPARTURE LAST
                VALUE   (LST)  VALUE       VALUE  FROM      YEAR
                                                  NORMAL
..................................................................
TEMPERATURE (F)
 YESTERDAY
  MAXIMUM         66    207 PM  89    1939  70     -4       63
  MINIMUM         44    756 AM  29    1959  49     -5       32
  AVERAGE         55                        60     -5       48

PRECIPITATION (IN)
  YESTERDAY        0.00          4.53 1999   0.11  -0.11     0.00
  MONTH TO DATE    1.08                      1.76  -0.68     3.05
  SINCE SEP 1      1.08                      1.76  -0.68     3.05
  SINCE JAN 1     28.52                     27.52   1.00    28.02

DEGREE DAYS
 HEATING
  YESTERDAY       10                         6      4       17
  MONTH TO DATE  122                        69     53      131
  SINCE SEP 1    122                        69     53      131
  SINCE JUL 1    179                       119     60      191

 COOLING
  YESTERDAY        0                         1     -1        0
  MONTH TO DATE   26                        28     -2       40
  SINCE SEP 1     26                        28     -2       40
  SINCE JAN 1    245                       426   -181      407
..................................................................


WIND (MPH)
  HIGHEST WIND SPEED    MM   HIGHEST WIND DIRECTION    MM
  HIGHEST GUST SPEED    MM   HIGHEST GUST DIRECTION    MM
  AVERAGE WIND SPEED    MM


SKY COVER
  AVERAGE SKY COVER 0.0


WEATHER CONDITIONS
 THE FOLLOWING WEATHER WAS RECORDED YESTERDAY.
  NO SIGNIFICANT WEATHER WAS OBSERVED.


RELATIVE HUMIDITY (PERCENT)
 HIGHEST   100          1200 AM
 LOWEST     48           200 PM
 AVERAGE    74

..........................................................


THE ST. JOHNSBURY VT CLIMATE NORMALS FOR TODAY
                         NORMAL    RECORD    YEAR
 MAXIMUM TEMPERATURE (F)   70        89      1942
 MINIMUM TEMPERATURE (F)   49        30      1950


SUNRISE AND SUNSET
SEPTEMBER 18 2014.....SUNRISE   630 AM EDT   SUNSET   653 PM EDT
SEPTEMBER 19 2014.....SUNRISE   632 AM EDT   SUNSET   651 PM EDT


-  INDICATES NEGATIVE NUMBERS.
R  INDICATES RECORD WAS SET OR TIED.
MM INDICATES DATA IS MISSING.
T  INDICATES TRACE AMOUNT.




$$
