000
CDUS41 KBTV 200534
CLI1V4


CLIMATE REPORT
NATIONAL WEATHER SERVICE BURLINGTON VT
1231 AM EST SAT DEC 20 2014


...................................

...THE ST. JOHNSBURY VT CLIMATE SUMMARY FOR DECEMBER 19 2014...

CLIMATE NORMAL PERIOD 1981 TO 2010
CLIMATE RECORD PERIOD 1894 TO 2014


WEATHER ITEM   OBSERVED TIME   RECORD YEAR NORMAL DEPARTURE LAST
                VALUE   (LST)  VALUE       VALUE  FROM      YEAR
                                                  NORMAL
..................................................................
TEMPERATURE (F)
 YESTERDAY
  MAXIMUM         30    155 AM  44    1949  30      0       31
  MINIMUM         19   1159 PM -23    1985  13      6       18
  AVERAGE         25                        22      3       25

PRECIPITATION (IN)
  YESTERDAY        0.00          0.59 1951   0.09  -0.09     0.00
  MONTH TO DATE    3.05                      1.98   1.07     1.45
  SINCE DEC 1      3.05                      1.98   1.07     1.45
  SINCE JAN 1     39.48                     38.40   1.08    35.25

DEGREE DAYS
 HEATING
  YESTERDAY       40                        43     -3       40
  MONTH TO DATE  706                       754    -48      856
  SINCE DEC 1    706                       754    -48      856
  SINCE JUL 1   2358                      2410    -52     2655

 COOLING
  YESTERDAY        0                         0      0        0
  MONTH TO DATE    0                         0      0        0
  SINCE DEC 1      0                         0      0        0
  SINCE JAN 1    252                       433   -181      407
..................................................................


WIND (MPH)
  HIGHEST WIND SPEED    MM   HIGHEST WIND DIRECTION    MM
  HIGHEST GUST SPEED    MM   HIGHEST GUST DIRECTION    MM
  AVERAGE WIND SPEED    MM


SKY COVER
  AVERAGE SKY COVER 0.0


WEATHER CONDITIONS
 THE FOLLOWING WEATHER WAS RECORDED YESTERDAY.
  NO SIGNIFICANT WEATHER WAS OBSERVED.


RELATIVE HUMIDITY (PERCENT)
 HIGHEST    77           900 PM
 LOWEST     63           100 PM
 AVERAGE    70

..........................................................


THE ST. JOHNSBURY VT CLIMATE NORMALS FOR TODAY
                         NORMAL    RECORD    YEAR
 MAXIMUM TEMPERATURE (F)   30        55      1957
                                             1941
 MINIMUM TEMPERATURE (F)   13       -29      1942


SUNRISE AND SUNSET
DECEMBER 20 2014......SUNRISE   720 AM EST   SUNSET   411 PM EST
DECEMBER 21 2014......SUNRISE   721 AM EST   SUNSET   411 PM EST


-  INDICATES NEGATIVE NUMBERS.
R  INDICATES RECORD WAS SET OR TIED.
MM INDICATES DATA IS MISSING.
T  INDICATES TRACE AMOUNT.




$$
