000
CDUS43 KUNR 290833
CLI2WX


CLIMATE REPORT
NATIONAL WEATHER SERVICE RAPID CITY SD
231 AM MDT FRI APR 29 2016


...................................

...THE BUFFALO SD CLIMATE SUMMARY FOR APRIL 28 2016...

CLIMATE NORMAL PERIOD 1981 TO 2010
CLIMATE RECORD PERIOD 9999 TO 9999


WEATHER ITEM   OBSERVED TIME   NORMAL DEPARTURE LAST
                VALUE   (LST)  VALUE  FROM      YEAR
                                      NORMAL
......................................................
TEMPERATURE (F)
 YESTERDAY
  MAXIMUM         40    534 PM  60    -20       64
  MINIMUM         34    746 AM  35     -1       31
  AVERAGE         37            48    -11       48

PRECIPITATION (IN)
  YESTERDAY        0.02          0.08  -0.06     0.00
  MONTH TO DATE    2.15          1.38   0.77     0.84
  SINCE MAR 1      2.40          2.15   0.25     1.25
  SINCE JAN 1      3.06          2.72   0.34     1.72

DEGREE DAYS
 HEATING
  YESTERDAY       28            17     11       17
  MONTH TO DATE  520           617    -97      568
  SINCE MAR 1   1261          1623   -362     1285
  SINCE JUL 1   6039          7420  -1381     6743

 COOLING
  YESTERDAY        0             0      0        0
  MONTH TO DATE    0             0      0        0
  SINCE MAR 1      0             0      0        0
  SINCE JAN 1      0             0      0        0
......................................................


WIND (MPH)
  HIGHEST WIND SPEED    15   HIGHEST WIND DIRECTION    NE (50)
  HIGHEST GUST SPEED    17   HIGHEST GUST DIRECTION    NE (40)
  AVERAGE WIND SPEED     8.4




RELATIVE HUMIDITY (PERCENT)
 HIGHEST    96          1200 AM
 LOWEST     79           300 PM
 AVERAGE    88

..........................................................




SUNRISE AND SUNSET
APRIL 29 2016.........SUNRISE   544 AM MDT   SUNSET   759 PM MDT
APRIL 30 2016.........SUNRISE   543 AM MDT   SUNSET   801 PM MDT


-  INDICATES NEGATIVE NUMBERS.
R  INDICATES RECORD WAS SET OR TIED.
MM INDICATES DATA IS MISSING.
T  INDICATES TRACE AMOUNT.




$$
