000
CDUS43 KUNR 290830
CLI2WX


CLIMATE REPORT
NATIONAL WEATHER SERVICE RAPID CITY SD
230 AM MDT SAT AUG 29 2015


...................................

...THE BUFFALO SD CLIMATE SUMMARY FOR AUGUST 28 2015...

CLIMATE NORMAL PERIOD 1981 TO 2010
CLIMATE RECORD PERIOD 9999 TO 9999


WEATHER ITEM   OBSERVED TIME   NORMAL DEPARTURE LAST
                VALUE   (LST)  VALUE  FROM      YEAR
                                      NORMAL
......................................................
TEMPERATURE (F)
 YESTERDAY
  MAXIMUM         87    345 PM  82      5       87
  MINIMUM         56    522 AM  52      4       53
  AVERAGE         72            67      5       70

PRECIPITATION (IN)
  YESTERDAY        0.00          0.04  -0.04     0.00
  MONTH TO DATE    3.22          1.25   1.97     3.13
  SINCE JUN 1      6.16          5.94   0.22     9.58
  SINCE JAN 1     10.72         11.98  -1.26    13.92

DEGREE DAYS
 HEATING
  YESTERDAY        0             2     -2        0
  MONTH TO DATE   41            26     15       30
  SINCE JUN 1     90           160    -70      181
  SINCE JUL 1     47            46      1       46

 COOLING
  YESTERDAY        7             4      3        5
  MONTH TO DATE  184           186     -2      157
  SINCE JUN 1    509           455     54      332
  SINCE JAN 1    509           461     48      362
......................................................


WIND (MPH)
  HIGHEST WIND SPEED    17   HIGHEST WIND DIRECTION     W (290)
  HIGHEST GUST SPEED    20   HIGHEST GUST DIRECTION     W (290)
  AVERAGE WIND SPEED     7.5




RELATIVE HUMIDITY (PERCENT)
 HIGHEST    90           100 AM
 LOWEST     26           100 PM
 AVERAGE    58

..........................................................




SUNRISE AND SUNSET
AUGUST 29 2015........SUNRISE   611 AM MDT   SUNSET   738 PM MDT
AUGUST 30 2015........SUNRISE   613 AM MDT   SUNSET   736 PM MDT


-  INDICATES NEGATIVE NUMBERS.
R  INDICATES RECORD WAS SET OR TIED.
MM INDICATES DATA IS MISSING.
T  INDICATES TRACE AMOUNT.




$$
