000
CDUS43 KUNR 170836
CLI2WX


CLIMATE REPORT
NATIONAL WEATHER SERVICE RAPID CITY SD
135 AM MST WED DEC 17 2014


...................................

...THE BUFFALO SD CLIMATE SUMMARY FOR DECEMBER 16 2014...

CLIMATE NORMAL PERIOD 1981 TO 2010
CLIMATE RECORD PERIOD 9999 TO 9999


WEATHER ITEM   OBSERVED TIME   NORMAL DEPARTURE LAST
                VALUE   (LST)  VALUE  FROM      YEAR
                                      NORMAL
......................................................
TEMPERATURE (F)
 YESTERDAY
  MAXIMUM         20    257 PM  31    -11       43
  MINIMUM         15   1104 PM  10      5       19
  AVERAGE         18            20     -2       31

PRECIPITATION (IN)
  YESTERDAY        0.00          0.01  -0.01     0.02
  MONTH TO DATE    0.00          0.11  -0.11     0.59
  SINCE DEC 1      0.00          0.11  -0.11     0.59
  SINCE JAN 1     16.91         14.34   2.57    12.74

DEGREE DAYS
 HEATING
  YESTERDAY       47            45      2       34
  MONTH TO DATE  543           688   -145      846
  SINCE DEC 1    543           688   -145      846
  SINCE JUL 1   2464          2586   -122     2636

 COOLING
  YESTERDAY        0             0      0        0
  MONTH TO DATE    0             0      0        0
  SINCE DEC 1      0             0      0        0
  SINCE JAN 1    420           513    -93      587
......................................................


WIND (MPH)
  HIGHEST WIND SPEED    18   HIGHEST WIND DIRECTION    SE (130)
  HIGHEST GUST SPEED    22   HIGHEST GUST DIRECTION    SE (130)
  AVERAGE WIND SPEED     9.2




RELATIVE HUMIDITY (PERCENT)
 HIGHEST    92           500 PM
 LOWEST     77           500 AM
 AVERAGE    85

..........................................................




SUNRISE AND SUNSET
DECEMBER 17 2014......SUNRISE   729 AM MST   SUNSET   411 PM MST
DECEMBER 18 2014......SUNRISE   730 AM MST   SUNSET   412 PM MST


-  INDICATES NEGATIVE NUMBERS.
R  INDICATES RECORD WAS SET OR TIED.
MM INDICATES DATA IS MISSING.
T  INDICATES TRACE AMOUNT.




$$
