000
CDUS43 KUNR 240833
CLI2WX


CLIMATE REPORT
NATIONAL WEATHER SERVICE RAPID CITY SD
233 AM MDT FRI OCT 24 2014


...................................

...THE BUFFALO SD CLIMATE SUMMARY FOR OCTOBER 23 2014...

CLIMATE NORMAL PERIOD 1981 TO 2010
CLIMATE RECORD PERIOD 9999 TO 9999


WEATHER ITEM   OBSERVED TIME   RECORD YEAR NORMAL DEPARTURE LAST
                VALUE   (LST)  VALUE       VALUE  FROM      YEAR
                                                  NORMAL
..................................................................
TEMPERATURE (F)
 YESTERDAY
  MAXIMUM         70    107 PM              54     16       46
  MINIMUM         38    341 AM              31      7       29
  AVERAGE         54                        43     11       38

PRECIPITATION (IN)
  YESTERDAY        0.00         MM      MM   0.03  -0.03    MM
  MONTH TO DATE    0.03                      0.41  -0.38     0.50
  SINCE SEP 1      2.11                      1.49   0.62     2.67
  SINCE JAN 1     16.48                     13.63   2.85    12.15

DEGREE DAYS
 HEATING
  YESTERDAY       11                        22    -11       27
  MONTH TO DATE  308                       419   -111      483
  SINCE SEP 1    536                       658   -122      600
  SINCE JUL 1    587                       710   -123      612

 COOLING
  YESTERDAY        0                         0      0        0
  MONTH TO DATE    0                         0      0        0
  SINCE SEP 1     55                        41     14      100
  SINCE JAN 1    420                       512    -92      587
..................................................................


WIND (MPH)
  HIGHEST WIND SPEED    18   HIGHEST WIND DIRECTION    SW (240)
  HIGHEST GUST SPEED    21   HIGHEST GUST DIRECTION    SW (230)
  AVERAGE WIND SPEED     8.0




RELATIVE HUMIDITY (PERCENT)
 HIGHEST    64           300 AM
 LOWEST     17           200 PM
 AVERAGE    41

..........................................................




SUNRISE AND SUNSET
OCTOBER 24 2014.......SUNRISE   723 AM MDT   SUNSET   553 PM MDT
OCTOBER 25 2014.......SUNRISE   724 AM MDT   SUNSET   552 PM MDT


-  INDICATES NEGATIVE NUMBERS.
R  INDICATES RECORD WAS SET OR TIED.
MM INDICATES DATA IS MISSING.
T  INDICATES TRACE AMOUNT.




$$
