000
CDUS43 KUNR 220835
CLI2WX


CLIMATE REPORT
NATIONAL WEATHER SERVICE RAPID CITY SD
133 AM MST MON JAN 22 2018


...................................

...THE BUFFALO SD CLIMATE SUMMARY FOR JANUARY 21 2018...

CLIMATE NORMAL PERIOD 1981 TO 2010
CLIMATE RECORD PERIOD 9999 TO 9999


WEATHER ITEM   OBSERVED TIME   NORMAL DEPARTURE LAST
                VALUE   (LST)  VALUE  FROM      YEAR
                                      NORMAL
......................................................
TEMPERATURE (F)
 YESTERDAY
  MAXIMUM         34    117 PM  31      3       36
  MINIMUM         18   1108 PM  11      7       19
  AVERAGE         26            21      5       28

PRECIPITATION (IN)
  YESTERDAY        0.00          0.01  -0.01     0.00
  MONTH TO DATE    0.21          0.19   0.02     0.00
  SINCE DEC 1      0.75          0.48   0.27     1.17
  SINCE JAN 1      0.21          0.19   0.02     0.00

DEGREE DAYS
 HEATING
  YESTERDAY       39            44     -5       37
  MONTH TO DATE  994           941     53     1135
  SINCE DEC 1   2310          2303      7     2690
  SINCE JUL 1   3978          4201   -223     3980

 COOLING
  YESTERDAY        0             0      0        0
  MONTH TO DATE    0             0      0        0
  SINCE DEC 1      0             0      0        0
  SINCE JAN 1      0             0      0        0
......................................................


WIND (MPH)
  HIGHEST WIND SPEED    20   HIGHEST WIND DIRECTION    NW (310)
  HIGHEST GUST SPEED    22   HIGHEST GUST DIRECTION    NW (300)
  AVERAGE WIND SPEED     8.6




RELATIVE HUMIDITY (PERCENT)
 HIGHEST    84           600 AM
 LOWEST     61          1200 PM
 AVERAGE    73

..........................................................




SUNRISE AND SUNSET
JANUARY 22 2018.......SUNRISE   726 AM MST   SUNSET   446 PM MST
JANUARY 23 2018.......SUNRISE   725 AM MST   SUNSET   448 PM MST


-  INDICATES NEGATIVE NUMBERS.
R  INDICATES RECORD WAS SET OR TIED.
MM INDICATES DATA IS MISSING.
T  INDICATES TRACE AMOUNT.




$$
