000
CDUS43 KUNR 200833
CLI2WX


CLIMATE REPORT
NATIONAL WEATHER SERVICE RAPID CITY SD
133 AM MST MON NOV 20 2017


...................................

...THE BUFFALO SD CLIMATE SUMMARY FOR NOVEMBER 19 2017...

CLIMATE NORMAL PERIOD 1981 TO 2010
CLIMATE RECORD PERIOD 9999 TO 9999


WEATHER ITEM   OBSERVED TIME   NORMAL DEPARTURE LAST
                VALUE   (LST)  VALUE  FROM      YEAR
                                      NORMAL
......................................................
TEMPERATURE (F)
 YESTERDAY
  MAXIMUM         51    243 PM  40     11       34
  MINIMUM         25    113 AM  19      6       14
  AVERAGE         38            30      8       24

PRECIPITATION (IN)
  YESTERDAY        0.00          0.00   0.00     0.00
  MONTH TO DATE    0.13          0.29  -0.16     0.07
  SINCE SEP 1      2.95          2.07   0.88     2.28
  SINCE JAN 1     14.47         14.21   0.26     9.96

DEGREE DAYS
 HEATING
  YESTERDAY       27            35     -8       41
  MONTH TO DATE  641           577     64      340
  SINCE SEP 1   1405          1426    -21      917
  SINCE JUL 1   1416          1478    -62      947

 COOLING
  YESTERDAY        0             0      0        0
  MONTH TO DATE    0             0      0        0
  SINCE SEP 1     93            42     51       42
  SINCE JAN 1    743           513    230      734
......................................................


WIND (MPH)
  HIGHEST WIND SPEED    15   HIGHEST WIND DIRECTION     W (260)
  HIGHEST GUST SPEED    18   HIGHEST GUST DIRECTION     W (250)
  AVERAGE WIND SPEED     9.3




RELATIVE HUMIDITY (PERCENT)
 HIGHEST    69          1200 AM
 LOWEST     31          1200 PM
 AVERAGE    50

..........................................................




SUNRISE AND SUNSET
NOVEMBER 20 2017......SUNRISE   701 AM MST   SUNSET   419 PM MST
NOVEMBER 21 2017......SUNRISE   702 AM MST   SUNSET   418 PM MST


-  INDICATES NEGATIVE NUMBERS.
R  INDICATES RECORD WAS SET OR TIED.
MM INDICATES DATA IS MISSING.
T  INDICATES TRACE AMOUNT.




$$
