000
CDUS43 KUNR 050832
CLI2WX


CLIMATE REPORT
NATIONAL WEATHER SERVICE RAPID CITY SD
131 AM MST MON DEC 5 2016


...................................

...THE BUFFALO SD CLIMATE SUMMARY FOR DECEMBER 4 2016...

CLIMATE NORMAL PERIOD 1981 TO 2010
CLIMATE RECORD PERIOD 9999 TO 9999


WEATHER ITEM   OBSERVED TIME   NORMAL DEPARTURE LAST
                VALUE   (LST)  VALUE  FROM      YEAR
                                      NORMAL
......................................................
TEMPERATURE (F)
 YESTERDAY
  MAXIMUM         44    121 PM  33     11       54
  MINIMUM         25    507 AM  13     12       21
  AVERAGE         35            23     12       38

PRECIPITATION (IN)
  YESTERDAY        0.00          0.00   0.00     0.00
  MONTH TO DATE    0.00          0.02  -0.02     0.05
  SINCE DEC 1      0.00          0.02  -0.02     0.05
  SINCE JAN 1      9.98         14.25  -4.27    13.81

DEGREE DAYS
 HEATING
  YESTERDAY       30            42    -12       27
  MONTH TO DATE  140           166    -26      125
  SINCE DEC 1    140           166    -26      125
  SINCE JUL 1   1430          2064   -634     1587

 COOLING
  YESTERDAY        0             0      0        0
  MONTH TO DATE    0             0      0        0
  SINCE DEC 1      0             0      0        0
  SINCE JAN 1    734           513    221      631
......................................................


WIND (MPH)
  HIGHEST WIND SPEED    22   HIGHEST WIND DIRECTION    SW (240)
  HIGHEST GUST SPEED    25   HIGHEST GUST DIRECTION     W (250)
  AVERAGE WIND SPEED    10.5




RELATIVE HUMIDITY (PERCENT)
 HIGHEST    81           100 AM
 LOWEST     41           100 PM
 AVERAGE    61

..........................................................




SUNRISE AND SUNSET
DECEMBER  5 2016......SUNRISE   719 AM MST   SUNSET   411 PM MST
DECEMBER  6 2016......SUNRISE   720 AM MST   SUNSET   411 PM MST


-  INDICATES NEGATIVE NUMBERS.
R  INDICATES RECORD WAS SET OR TIED.
MM INDICATES DATA IS MISSING.
T  INDICATES TRACE AMOUNT.




$$
