000
CDUS43 KUNR 260832
CLI2WX


CLIMATE REPORT
NATIONAL WEATHER SERVICE RAPID CITY SD
231 AM MDT MON SEP 26 2016


...................................

...THE BUFFALO SD CLIMATE SUMMARY FOR SEPTEMBER 25 2016...

CLIMATE NORMAL PERIOD 1981 TO 2010
CLIMATE RECORD PERIOD 9999 TO 9999


WEATHER ITEM   OBSERVED TIME   NORMAL DEPARTURE LAST
                VALUE   (LST)  VALUE  FROM      YEAR
                                      NORMAL
......................................................
TEMPERATURE (F)
 YESTERDAY
  MAXIMUM         65    341 PM  67     -2       83
  MINIMUM         44   1147 PM  40      4       52
  AVERAGE         55            54      1       68

PRECIPITATION (IN)
  YESTERDAY        0.01          0.02  -0.01     0.00
  MONTH TO DATE    1.02          1.02   0.00     0.67
  SINCE SEP 1      1.02          1.02   0.00     0.67
  SINCE JAN 1      8.70         13.16  -4.46    11.39

DEGREE DAYS
 HEATING
  YESTERDAY       10            12     -2        0
  MONTH TO DATE  123           174    -51       50
  SINCE SEP 1    123           174    -51       50
  SINCE JUL 1    153           226    -73       97

 COOLING
  YESTERDAY        0             0      0        3
  MONTH TO DATE   37            40     -3       76
  SINCE SEP 1     37            40     -3       76
  SINCE JAN 1    729           511    218      614
......................................................


WIND (MPH)
  HIGHEST WIND SPEED    45   HIGHEST WIND DIRECTION    NW (310)
  HIGHEST GUST SPEED    53   HIGHEST GUST DIRECTION    NW (320)
  AVERAGE WIND SPEED    21.3




RELATIVE HUMIDITY (PERCENT)
 HIGHEST    86           100 AM
 LOWEST     32           100 PM
 AVERAGE    59

..........................................................




SUNRISE AND SUNSET
SEPTEMBER 26 2016.....SUNRISE   647 AM MDT   SUNSET   643 PM MDT
SEPTEMBER 27 2016.....SUNRISE   648 AM MDT   SUNSET   641 PM MDT


-  INDICATES NEGATIVE NUMBERS.
R  INDICATES RECORD WAS SET OR TIED.
MM INDICATES DATA IS MISSING.
T  INDICATES TRACE AMOUNT.




$$
