000
CDUS43 KUNR 270850
CLI2WX


CLIMATE REPORT
NATIONAL WEATHER SERVICE RAPID CITY SD
245 AM MDT WED MAY 27 2015


...................................

...THE BUFFALO SD CLIMATE SUMMARY FOR MAY 26 2015...

CLIMATE NORMAL PERIOD 1981 TO 2010
CLIMATE RECORD PERIOD 9999 TO 9999


WEATHER ITEM   OBSERVED TIME   NORMAL DEPARTURE LAST
                VALUE   (LST)  VALUE  FROM      YEAR
                                      NORMAL
......................................................
TEMPERATURE (F)
 YESTERDAY
  MAXIMUM         74    203 PM  68      6       82
  MINIMUM         42    138 AM  45     -3       54
  AVERAGE         58            57      1       68

PRECIPITATION (IN)
  YESTERDAY        0.00          0.14  -0.14     0.00
  MONTH TO DATE    1.95          2.39  -0.44     0.86
  SINCE MAR 1      3.20          4.71  -1.51     2.96
  SINCE JAN 1      3.67          5.28  -1.61     3.54

DEGREE DAYS
 HEATING
  YESTERDAY        7             9     -2        0
  MONTH TO DATE  373           323     50      337
  SINCE MAR 1   1676          1979   -303     2141
  SINCE JUL 1   7134          7776   -642     8198

 COOLING
  YESTERDAY        0             0      0        3
  MONTH TO DATE    0             0      0       10
  SINCE MAR 1      0             0      0       10
  SINCE JAN 1      0             0      0       10
......................................................


WIND (MPH)
  HIGHEST WIND SPEED    21   HIGHEST WIND DIRECTION     S (160)
  HIGHEST GUST SPEED    26   HIGHEST GUST DIRECTION     S (160)
  AVERAGE WIND SPEED     7.3




RELATIVE HUMIDITY (PERCENT)
 HIGHEST   100           100 AM
 LOWEST     35           500 PM
 AVERAGE    68

..........................................................




SUNRISE AND SUNSET
MAY 27 2015...........SUNRISE   512 AM MDT   SUNSET   831 PM MDT
MAY 28 2015...........SUNRISE   511 AM MDT   SUNSET   832 PM MDT


-  INDICATES NEGATIVE NUMBERS.
R  INDICATES RECORD WAS SET OR TIED.
MM INDICATES DATA IS MISSING.
T  INDICATES TRACE AMOUNT.




$$
