000
CDUS43 KUNR 180832
CLI2WX


CLIMATE REPORT
NATIONAL WEATHER SERVICE RAPID CITY SD
231 AM MDT FRI APR 18 2014


...................................

...THE BUFFALO SD CLIMATE SUMMARY FOR APRIL 17 2014...

CLIMATE NORMAL PERIOD 1981 TO 2010
CLIMATE RECORD PERIOD 9999 TO 9999


WEATHER ITEM   OBSERVED TIME   RECORD YEAR NORMAL DEPARTURE LAST
                VALUE   (LST)  VALUE       VALUE  FROM      YEAR
                                                  NORMAL
..................................................................
TEMPERATURE (F)
 YESTERDAY
  MAXIMUM         52    441 PM              56     -4       31
  MINIMUM         28    531 AM              32     -4       18
  AVERAGE         40                        44     -4       25

PRECIPITATION (IN)
  YESTERDAY        0.04         MM      MM   0.05  -0.01     0.04
  MONTH TO DATE    0.27                      0.74  -0.47     0.90
  SINCE MAR 1      1.15                      1.51  -0.36     1.23
  SINCE JAN 1      1.73                      2.08  -0.35     1.38

DEGREE DAYS
 HEATING
  YESTERDAY       25                        21      4       40
  MONTH TO DATE  470                       408     62      524
  SINCE MAR 1   1579                      1414    165     1583
  SINCE JUL 1   7636                      7211    425     6920

 COOLING
  YESTERDAY        0                         0      0        0
  MONTH TO DATE    0                         0      0        0
  SINCE MAR 1      0                         0      0        0
  SINCE JAN 1      0                         0      0        0
..................................................................


WIND (MPH)
  HIGHEST WIND SPEED    26   HIGHEST WIND DIRECTION    SE (130)
  HIGHEST GUST SPEED    31   HIGHEST GUST DIRECTION    SE (130)
  AVERAGE WIND SPEED    16.9




RELATIVE HUMIDITY (PERCENT)
 HIGHEST    92           500 AM
 LOWEST     44           300 PM
 AVERAGE    68

..........................................................




SUNRISE AND SUNSET
APRIL 18 2014.........SUNRISE   603 AM MDT   SUNSET   745 PM MDT
APRIL 19 2014.........SUNRISE   602 AM MDT   SUNSET   746 PM MDT


-  INDICATES NEGATIVE NUMBERS.
R  INDICATES RECORD WAS SET OR TIED.
MM INDICATES DATA IS MISSING.
T  INDICATES TRACE AMOUNT.




$$
