000
CDUS43 KABR 260910
CLI8D3


CLIMATE REPORT
NATIONAL WEATHER SERVICE ABERDEEN SD
409 AM CDT SAT JUL 26 2014


...................................

...THE SISSETON SD CLIMATE SUMMARY FOR JULY 25 2014...

CLIMATE NORMAL PERIOD 1981 TO 2010
CLIMATE RECORD PERIOD 1900 TO 2014


WEATHER ITEM   OBSERVED TIME   RECORD YEAR NORMAL DEPARTURE LAST
                VALUE   (LST)  VALUE       VALUE  FROM      YEAR
                                                  NORMAL
..................................................................
TEMPERATURE (F)
 YESTERDAY
  MAXIMUM         79    607 PM 105    1976  83     -4       81
  MINIMUM         60   1159 PM  49    2004  60      0       56
  AVERAGE         70                        72     -2       69

PRECIPITATION (IN)
  YESTERDAY        0.16          1.64 2005   0.10   0.06     0.10
  MONTH TO DATE    1.74                      2.96  -1.22     2.61
  SINCE JUN 1     10.41                      6.70   3.71     8.19
  SINCE JAN 1     18.78                     13.68   5.10    17.53

DEGREE DAYS
 HEATING
  YESTERDAY        0                         0      0        0
  MONTH TO DATE   15                         3     12        1
  SINCE JUN 1     50                        65    -15       70
  SINCE JUL 1     15                         3     12        1

 COOLING
  YESTERDAY        5                         7     -2        4
  MONTH TO DATE  121                       164    -43      201
  SINCE JUN 1    209                       258    -49      318
  SINCE JAN 1    270                       281    -11      343
..................................................................


WIND (MPH)
  HIGHEST WIND SPEED    18   HIGHEST WIND DIRECTION     S (190)
  HIGHEST GUST SPEED    26   HIGHEST GUST DIRECTION     S (200)
  AVERAGE WIND SPEED     6.6


SKY COVER
  POSSIBLE SUNSHINE  MM
  AVERAGE SKY COVER 0.0


WEATHER CONDITIONS
 THE FOLLOWING WEATHER WAS RECORDED YESTERDAY.
  NO SIGNIFICANT WEATHER WAS OBSERVED.


RELATIVE HUMIDITY (PERCENT)
 HIGHEST   100           200 AM
 LOWEST     74           700 PM
 AVERAGE    87

..........................................................


THE SISSETON SD CLIMATE NORMALS FOR TODAY
                         NORMAL    RECORD    YEAR
 MAXIMUM TEMPERATURE (F)   83       104      1976
 MINIMUM TEMPERATURE (F)   60        48      1937


SUNRISE AND SUNSET
JULY 26 2014..........SUNRISE   605 AM CDT   SUNSET   904 PM CDT
JULY 27 2014..........SUNRISE   606 AM CDT   SUNSET   903 PM CDT


-  INDICATES NEGATIVE NUMBERS.
R  INDICATES RECORD WAS SET OR TIED.
MM INDICATES DATA IS MISSING.
T  INDICATES TRACE AMOUNT.




$$
