551
CDUS43 KABR 101038
CLI8D3


CLIMATE REPORT
NATIONAL WEATHER SERVICE ABERDEEN SD
438 AM CST WED FEB 10 2016


...................................

...THE SISSETON SD CLIMATE SUMMARY FOR FEBRUARY 9 2016...

CLIMATE NORMAL PERIOD 1981 TO 2010
CLIMATE RECORD PERIOD 1900 TO 2016


WEATHER ITEM   OBSERVED TIME   RECORD YEAR NORMAL DEPARTURE LAST
                VALUE   (LST)  VALUE       VALUE  FROM      YEAR
                                                  NORMAL
..................................................................
TEMPERATURE (F)
 YESTERDAY
  MAXIMUM         21    434 PM  51    1987  26     -5       27
  MINIMUM          4    621 AM -33    1994   6     -2       16
  AVERAGE         13                        16     -3       22

PRECIPITATION (IN)
  YESTERDAY        0.00          0.54 1966   0.01  -0.01     0.00
  MONTH TO DATE    0.14                      0.10   0.04     0.13
  SINCE DEC 1      1.49                      0.92   0.57     1.20
  SINCE JAN 1      0.42                      0.53  -0.11     0.60

SNOWFALL (IN)
  YESTERDAY        0.0
  MONTH TO DATE    1.4
  SINCE OCT 1     20.3
  SINCE JUL 1     20.3
  SNOW DEPTH       1

DEGREE DAYS
 HEATING
  YESTERDAY       52                        49      3       43
  MONTH TO DATE  386                       449    -63      460
  SINCE DEC 1   3123                      3544   -421     3218
  SINCE JUL 1   4519                      5395   -876     5198

 COOLING
  YESTERDAY        0                         0      0        0
  MONTH TO DATE    0                         0      0        0
  SINCE DEC 1      0                         0      0        0
  SINCE JAN 1      0                         0      0        0
..................................................................


WIND (MPH)
  HIGHEST WIND SPEED    21   HIGHEST WIND DIRECTION     N (350)
  HIGHEST GUST SPEED    26   HIGHEST GUST DIRECTION     N (350)
  AVERAGE WIND SPEED    12.1


SKY COVER
  POSSIBLE SUNSHINE  MM
  AVERAGE SKY COVER 0.0


WEATHER CONDITIONS
 THE FOLLOWING WEATHER WAS RECORDED YESTERDAY.
  NO SIGNIFICANT WEATHER WAS OBSERVED.


RELATIVE HUMIDITY (PERCENT)
 HIGHEST    88          1200 AM
 LOWEST     62           200 PM
 AVERAGE    75

..........................................................


THE SISSETON SD CLIMATE NORMALS FOR TODAY
                         NORMAL    RECORD    YEAR
 MAXIMUM TEMPERATURE (F)   26        50      1996
 MINIMUM TEMPERATURE (F)    7       -24      1988


SUNRISE AND SUNSET
FEBRUARY 10 2016......SUNRISE   738 AM CST   SUNSET   547 PM CST
FEBRUARY 11 2016......SUNRISE   737 AM CST   SUNSET   548 PM CST


-  INDICATES NEGATIVE NUMBERS.
R  INDICATES RECORD WAS SET OR TIED.
MM INDICATES DATA IS MISSING.
T  INDICATES TRACE AMOUNT.




$$
