000
CDUS43 KABR 260905
CLI8D3


CLIMATE REPORT
NATIONAL WEATHER SERVICE ABERDEEN SD
403 AM CDT MON JUN 26 2017


...................................

...THE SISSETON SD CLIMATE SUMMARY FOR JUNE 25 2017...

CLIMATE NORMAL PERIOD 1981 TO 2010
CLIMATE RECORD PERIOD 1900 TO 2017


WEATHER ITEM   OBSERVED TIME   RECORD YEAR NORMAL DEPARTURE LAST
                VALUE   (LST)  VALUE       VALUE  FROM      YEAR
                                                  NORMAL
..................................................................
TEMPERATURE (F)
 YESTERDAY
  MAXIMUM         71    254 PM 103    1936  80     -9       87
  MINIMUM         46    508 AM  43    1958  57    -11       62
  AVERAGE         59                        68     -9       75

PRECIPITATION (IN)
  YESTERDAY        0.00          1.10 1956   0.12  -0.12     0.00
  MONTH TO DATE    1.97                      3.22  -1.25     1.12
  SINCE JUN 1      1.97                      3.22  -1.25     1.12
  SINCE JAN 1      6.14                     10.20  -4.06     6.16

DEGREE DAYS
 HEATING
  YESTERDAY        6                         1      5        0
  MONTH TO DATE   18                        58    -40       18
  SINCE JUN 1     18                        58    -40       18
  SINCE JUL 1   7168                      8279  -1111     6928

 COOLING
  YESTERDAY        0                         4     -4       10
  MONTH TO DATE  141                        70     71      155
  SINCE JUN 1    141                        70     71      155
  SINCE JAN 1    157                        93     64      192
..................................................................


WIND (MPH)
  HIGHEST WIND SPEED    24   HIGHEST WIND DIRECTION     W (280)
  HIGHEST GUST SPEED    29   HIGHEST GUST DIRECTION    NW (310)
  AVERAGE WIND SPEED    13.3


SKY COVER
  POSSIBLE SUNSHINE  MM
  AVERAGE SKY COVER 0.0


WEATHER CONDITIONS
 THE FOLLOWING WEATHER WAS RECORDED YESTERDAY.
  NO SIGNIFICANT WEATHER WAS OBSERVED.


RELATIVE HUMIDITY (PERCENT)
 HIGHEST    83          1000 PM
 LOWEST     37          1200 PM
 AVERAGE    60

..........................................................


THE SISSETON SD CLIMATE NORMALS FOR TODAY
                         NORMAL    RECORD    YEAR
 MAXIMUM TEMPERATURE (F)   80       103      1933
 MINIMUM TEMPERATURE (F)   58        39      1902


SUNRISE AND SUNSET
JUNE 26 2017..........SUNRISE   540 AM CDT   SUNSET   922 PM CDT
JUNE 27 2017..........SUNRISE   541 AM CDT   SUNSET   921 PM CDT


-  INDICATES NEGATIVE NUMBERS.
R  INDICATES RECORD WAS SET OR TIED.
MM INDICATES DATA IS MISSING.
T  INDICATES TRACE AMOUNT.




$$
