000
CDUS43 KABR 211037
CLI8D3


CLIMATE REPORT
NATIONAL WEATHER SERVICE ABERDEEN SD
537 AM CDT SUN SEP 21 2014


...................................

...THE SISSETON SD CLIMATE SUMMARY FOR SEPTEMBER 20 2014...

CLIMATE NORMAL PERIOD 1981 TO 2010
CLIMATE RECORD PERIOD 1900 TO 2014


WEATHER ITEM   OBSERVED TIME   RECORD YEAR NORMAL DEPARTURE LAST
                VALUE   (LST)  VALUE       VALUE  FROM      YEAR
                                                  NORMAL
..................................................................
TEMPERATURE (F)
 YESTERDAY
  MAXIMUM         77    100 PM  91    1941  71      6       65
  MINIMUM         51    624 AM  28    1973  45      6       37
  AVERAGE         64                        58      6       51

PRECIPITATION (IN)
  YESTERDAY        0.52          1.39 2007   0.09   0.43     0.00
  MONTH TO DATE    0.59                      1.65  -1.06     0.95
  SINCE SEP 1      0.59                      1.65  -1.06     0.95
  SINCE JAN 1     21.55                     18.39   3.16    19.62

DEGREE DAYS
 HEATING
  YESTERDAY        1                         8     -7       14
  MONTH TO DATE  125                       103     22       69
  SINCE SEP 1    125                       103     22       69
  SINCE JUL 1    162                       146     16      118

 COOLING
  YESTERDAY        0                         1     -1        0
  MONTH TO DATE   28                        39    -11       76
  SINCE SEP 1     28                        39    -11       76
  SINCE JAN 1    428                       518    -90      611
..................................................................


WIND (MPH)
  HIGHEST WIND SPEED    26   HIGHEST WIND DIRECTION     N (350)
  HIGHEST GUST SPEED    35   HIGHEST GUST DIRECTION     N (340)
  AVERAGE WIND SPEED    11.9


SKY COVER
  POSSIBLE SUNSHINE  MM
  AVERAGE SKY COVER 0.0


WEATHER CONDITIONS
 THE FOLLOWING WEATHER WAS RECORDED YESTERDAY.
  RAIN
  LIGHT RAIN


RELATIVE HUMIDITY (PERCENT)
 HIGHEST   100           400 AM
 LOWEST     47          1200 PM
 AVERAGE    74

..........................................................


THE SISSETON SD CLIMATE NORMALS FOR TODAY
                         NORMAL    RECORD    YEAR
 MAXIMUM TEMPERATURE (F)   70        97      1937
 MINIMUM TEMPERATURE (F)   45        22      1934


SUNRISE AND SUNSET
SEPTEMBER 21 2014.....SUNRISE   714 AM CDT   SUNSET   727 PM CDT
SEPTEMBER 22 2014.....SUNRISE   715 AM CDT   SUNSET   725 PM CDT


-  INDICATES NEGATIVE NUMBERS.
R  INDICATES RECORD WAS SET OR TIED.
MM INDICATES DATA IS MISSING.
T  INDICATES TRACE AMOUNT.




$$
