000
CDUS43 KABR 301026
CLI8D3


CLIMATE REPORT
NATIONAL WEATHER SERVICE ABERDEEN SD
525 AM CDT TUE SEP 30 2014


...................................

...THE SISSETON SD CLIMATE SUMMARY FOR SEPTEMBER 29 2014...

CLIMATE NORMAL PERIOD 1981 TO 2010
CLIMATE RECORD PERIOD 1900 TO 2014


WEATHER ITEM   OBSERVED TIME   RECORD YEAR NORMAL DEPARTURE LAST
                VALUE   (LST)  VALUE       VALUE  FROM      YEAR
                                                  NORMAL
..................................................................
TEMPERATURE (F)
 YESTERDAY
  MAXIMUM         63    307 PM  92    1933  66     -3       79
  MINIMUM         49   1159 PM  23    1939  42      7       48
  AVERAGE         56                        54      2       64

PRECIPITATION (IN)
  YESTERDAY        0.00          2.50 1995   0.09  -0.09     0.00
  MONTH TO DATE    0.78                      2.46  -1.68     2.64
  SINCE SEP 1      0.78                      2.46  -1.68     2.64
  SINCE JAN 1     21.74                     19.20   2.54    21.31

DEGREE DAYS
 HEATING
  YESTERDAY        9                        11     -2        1
  MONTH TO DATE  156                       191    -35       97
  SINCE SEP 1    156                       191    -35       97
  SINCE JUL 1    193                       234    -41      146

 COOLING
  YESTERDAY        0                         0      0        0
  MONTH TO DATE   42                        44     -2       86
  SINCE SEP 1     42                        44     -2       86
  SINCE JAN 1    442                       523    -81      621
..................................................................


WIND (MPH)
  HIGHEST WIND SPEED    16   HIGHEST WIND DIRECTION    SE (130)
  HIGHEST GUST SPEED    22   HIGHEST GUST DIRECTION    NE (30)
  AVERAGE WIND SPEED    10.4


SKY COVER
  POSSIBLE SUNSHINE  MM
  AVERAGE SKY COVER 0.0


WEATHER CONDITIONS
 THE FOLLOWING WEATHER WAS RECORDED YESTERDAY.
  NO SIGNIFICANT WEATHER WAS OBSERVED.


RELATIVE HUMIDITY (PERCENT)
 HIGHEST   100           500 AM
 LOWEST     65           400 PM
 AVERAGE    83

..........................................................


THE SISSETON SD CLIMATE NORMALS FOR TODAY
                         NORMAL    RECORD    YEAR
 MAXIMUM TEMPERATURE (F)   66        90      1976
 MINIMUM TEMPERATURE (F)   41        26      2003
                                             1939


SUNRISE AND SUNSET
SEPTEMBER 30 2014.....SUNRISE   725 AM CDT   SUNSET   710 PM CDT
OCTOBER  1 2014.......SUNRISE   726 AM CDT   SUNSET   708 PM CDT


-  INDICATES NEGATIVE NUMBERS.
R  INDICATES RECORD WAS SET OR TIED.
MM INDICATES DATA IS MISSING.
T  INDICATES TRACE AMOUNT.




$$
