000
CDUS43 KABR 251544
CLI8D3


CLIMATE REPORT...CORRECTED
NATIONAL WEATHER SERVICE ABERDEEN SD
943 AM CST TUE NOV 25 2014


...................................

...THE SISSETON SD CLIMATE SUMMARY FOR NOVEMBER 24 2014...

CLIMATE NORMAL PERIOD 1981 TO 2010
CLIMATE RECORD PERIOD 1900 TO 2014


WEATHER ITEM   OBSERVED TIME   RECORD YEAR NORMAL DEPARTURE LAST
                VALUE   (LST)  VALUE       VALUE  FROM      YEAR
                                                  NORMAL
..................................................................
TEMPERATURE (F)
 YESTERDAY
  MAXIMUM         22    351 PM  70    1984  35    -13       44
  MINIMUM         10   1154 PM -12    1985  17     -7        6
  AVERAGE         16                        26    -10       25

PRECIPITATION (IN)
  YESTERDAY        T             0.75 2001   0.01  -0.01     0.00
  MONTH TO DATE    0.86                      0.53   0.33     0.07
  SINCE SEP 1      2.05                      5.15  -3.10     8.76
  SINCE JAN 1     23.01                     21.89   1.12    27.43

SNOWFALL (IN)
  YESTERDAY        T
  MONTH TO DATE    7.4
  SINCE OCT 1      7.4
  SINCE JUL 1      7.4
  SNOW DEPTH       1

DEGREE DAYS
 HEATING
  YESTERDAY       49                        39     10       40
  MONTH TO DATE  940                       779    161      789
  SINCE SEP 1   1611                      1563     48     1518
  SINCE JUL 1   1648                      1606     42     1567

 COOLING
  YESTERDAY        0                         0      0        0
  MONTH TO DATE    0                         0      0        0
  SINCE SEP 1     42                        48     -6       90
  SINCE JAN 1    442                       527    -85      625
..................................................................


WIND (MPH)
  HIGHEST WIND SPEED    35   HIGHEST WIND DIRECTION     N (350)
  HIGHEST GUST SPEED    44   HIGHEST GUST DIRECTION     N (350)
  AVERAGE WIND SPEED    23.4


SKY COVER
  POSSIBLE SUNSHINE  MM
  AVERAGE SKY COVER 0.0


WEATHER CONDITIONS
 THE FOLLOWING WEATHER WAS RECORDED YESTERDAY.
  LIGHT SNOW


RELATIVE HUMIDITY (PERCENT)
 HIGHEST    80           100 AM
 LOWEST     59          1000 PM
 AVERAGE    70

..........................................................


THE SISSETON SD CLIMATE NORMALS FOR TODAY
                         NORMAL    RECORD    YEAR
 MAXIMUM TEMPERATURE (F)   35        68      1960
 MINIMUM TEMPERATURE (F)   16       -16      1977


SUNRISE AND SUNSET
NOVEMBER 25 2014......SUNRISE   741 AM CST   SUNSET   449 PM CST
NOVEMBER 26 2014......SUNRISE   742 AM CST   SUNSET   448 PM CST


-  INDICATES NEGATIVE NUMBERS.
R  INDICATES RECORD WAS SET OR TIED.
MM INDICATES DATA IS MISSING.
T  INDICATES TRACE AMOUNT.




$$
