000
CDUS46 KMFR 200838
CLIAAT


CLIMATE REPORT
NATIONAL WEATHER SERVICE MEDFORD, OR
1238 AM PST THU NOV 20 2014


...................................

...THE ALTURAS CA CLIMATE SUMMARY FOR NOVEMBER 19 2014...

CLIMATE NORMAL PERIOD 1981 TO 2010
CLIMATE RECORD PERIOD 1905 TO 2014


WEATHER ITEM   OBSERVED TIME   RECORD YEAR NORMAL DEPARTURE LAST
                VALUE   (LST)  VALUE       VALUE  FROM      YEAR
                                                  NORMAL
..................................................................
TEMPERATURE (F)
 YESTERDAY
  MAXIMUM         53   1237 PM  76    1936  47      6       48
  MINIMUM         28    657 AM  -6    1994  22      6       38
  AVERAGE         41                        35      6       43

PRECIPITATION (IN)
  YESTERDAY        0.02          1.33 1946   0.06  -0.04     0.18
  MONTH TO DATE    0.29                      1.16  -0.87     0.20
  SINCE SEP 1      2.10                      2.69  -0.59     0.88
  SINCE JAN 1      8.38                     11.83  -3.45     6.03

SNOWFALL (IN)
  YESTERDAY       MM                        MM     MM       MM
  MONTH TO DATE   MM                        MM     MM       MM
  SINCE JUL 1     MM                        MM     MM        0.0
  SNOW DEPTH      MM

DEGREE DAYS
 HEATING
  YESTERDAY       24                        30     -6       22
  MONTH TO DATE  452                       514    -62      470
  SINCE SEP 1    973                      1346   -373     1355
  SINCE JUL 1    998                      1457   -459     1425

 COOLING
  YESTERDAY        0                         0      0        0
  MONTH TO DATE    0                         0      0        0
  SINCE SEP 1     12                         5      7       25
  SINCE JAN 1    380                       156    224      280
..................................................................


WIND (MPH)
  HIGHEST WIND SPEED    26   HIGHEST WIND DIRECTION     S (180)
  HIGHEST GUST SPEED    38   HIGHEST GUST DIRECTION     S (190)
  AVERAGE WIND SPEED     4.8


SKY COVER
  POSSIBLE SUNSHINE  MM
  AVERAGE SKY COVER 0.7


WEATHER CONDITIONS
 THE FOLLOWING WEATHER WAS RECORDED YESTERDAY.
  LIGHT RAIN
  FOG
  HAZE


RELATIVE HUMIDITY (PERCENT)
 HIGHEST    92           900 PM
 LOWEST     28          1100 AM
 AVERAGE    60

..........................................................


THE ALTURAS CA CLIMATE NORMALS FOR TODAY
                         NORMAL    RECORD    YEAR
 MAXIMUM TEMPERATURE (F)   47        74      1936
 MINIMUM TEMPERATURE (F)   22        -3      1977


SUNRISE AND SUNSET
NOVEMBER 20 2014......SUNRISE   657 AM PST   SUNSET   438 PM PST
NOVEMBER 21 2014......SUNRISE   658 AM PST   SUNSET   438 PM PST


-  INDICATES NEGATIVE NUMBERS.
R  INDICATES RECORD WAS SET OR TIED.
MM INDICATES DATA IS MISSING.
T  INDICATES TRACE AMOUNT.




$$
