000
CDUS46 KMFR 200036
CLIAAT


CLIMATE REPORT
NATIONAL WEATHER SERVICE MEDFORD, OR
436 PM PST THU JAN 19 2017


...................................

...THE ALTURAS CA CLIMATE SUMMARY FOR JANUARY 19 2017...
VALID TODAY AS OF 0400 PM LOCAL TIME.

CLIMATE NORMAL PERIOD 1981 TO 2010
CLIMATE RECORD PERIOD 1905 TO 2017


WEATHER ITEM   OBSERVED TIME   RECORD YEAR NORMAL DEPARTURE LAST
                VALUE   (LST)  VALUE       VALUE  FROM      YEAR
                                                  NORMAL
..................................................................
TEMPERATURE (F)
 TODAY
  MAXIMUM         40    230 PM  63    1961  42     -2       47
  MINIMUM         31    507 AM -12    1917  18     13       37
  AVERAGE         36                        30      6       42

PRECIPITATION (IN)
  TODAY            0.02          0.58 1974   0.05  -0.03     0.07
  MONTH TO DATE    3.07                      1.14   1.93     0.92
  SINCE OCT 1      6.82                      5.65   1.17     6.90
  SINCE JAN 1      3.07                      1.14   1.93     0.92

SNOWFALL (IN)
  TODAY           MM                        MM     MM       MM
  MONTH TO DATE   MM                        MM     MM       MM
  SINCE JUL 1     MM                        MM     MM       MM
  SNOW DEPTH      MM

DEGREE DAYS
 HEATING
  TODAY           29                        35     -6       23
  MONTH TO DATE  786                       677    109      670
  SINCE DEC 1   1945                      1777    168     1779
  SINCE JUL 1   3453                      3587   -134     3306

 COOLING
  TODAY            0                         0      0        0
  MONTH TO DATE    0                         0      0        0
  SINCE DEC 1      0                         0      0        0
  SINCE JAN 1      0                         0      0        0
..................................................................


WIND (MPH)
  HIGHEST WIND SPEED    12   HIGHEST WIND DIRECTION     W (280)
  HIGHEST GUST SPEED    14   HIGHEST GUST DIRECTION     W (250)
  AVERAGE WIND SPEED     4.8


SKY COVER
  POSSIBLE SUNSHINE  MM
  AVERAGE SKY COVER 1.0


WEATHER CONDITIONS
 THE FOLLOWING WEATHER WAS RECORDED TODAY.
  LIGHT SNOW
  FOG


RELATIVE HUMIDITY (PERCENT)
 HIGHEST   100           100 AM
 LOWEST     70          1200 PM
 AVERAGE    85

..........................................................


THE ALTURAS CA CLIMATE NORMALS FOR TOMORROW
                         NORMAL    RECORD    YEAR
 MAXIMUM TEMPERATURE (F)   42        62      1961
 MINIMUM TEMPERATURE (F)   18       -32      1937


SUNRISE AND SUNSET
JANUARY 19 2017.......SUNRISE   724 AM PST   SUNSET   503 PM PST
JANUARY 20 2017.......SUNRISE   723 AM PST   SUNSET   504 PM PST


-  INDICATES NEGATIVE NUMBERS.
R  INDICATES RECORD WAS SET OR TIED.
MM INDICATES DATA IS MISSING.
T  INDICATES TRACE AMOUNT.




$$
