000
CDUS46 KMFR 080838
CLIAAT


CLIMATE REPORT
NATIONAL WEATHER SERVICE MEDFORD, OR
1238 AM PST MON FEB 8 2016


...................................

...THE ALTURAS CA CLIMATE SUMMARY FOR FEBRUARY 7 2016...

CLIMATE NORMAL PERIOD 1981 TO 2010
CLIMATE RECORD PERIOD 1905 TO 2016


WEATHER ITEM   OBSERVED TIME   RECORD YEAR NORMAL DEPARTURE LAST
                VALUE   (LST)  VALUE       VALUE  FROM      YEAR
                                                  NORMAL
..................................................................
TEMPERATURE (F)
 YESTERDAY
  MAXIMUM         57    358 PM  67    1954  45     12       57
  MINIMUM         24    729 AM -25    1989  21      3       39
  AVERAGE         41                        32      9       48

PRECIPITATION (IN)
  YESTERDAY        0.00          0.74 1960   0.05  -0.05     0.03
  MONTH TO DATE    0.09                      0.33  -0.24     0.70
  SINCE OCT 1      8.07                      6.49   1.58     5.32
  SINCE JAN 1      2.09                      1.98   0.11     0.81

SNOWFALL (IN)
  YESTERDAY       MM                        MM     MM       MM
  MONTH TO DATE   MM                        MM     MM       MM
  SINCE JUL 1     MM                        MM     MM       MM
  SNOW DEPTH      MM

DEGREE DAYS
 HEATING
  YESTERDAY       24                        32     -8       17
  MONTH TO DATE  258                       230     28      136
  SINCE DEC 1   2374                      2418    -44     1827
  SINCE JUL 1   3901                      4228   -327     3118

 COOLING
  YESTERDAY        0                         0      0        0
  MONTH TO DATE    0                         0      0        0
  SINCE DEC 1      0                         0      0        0
  SINCE JAN 1      0                         0      0        0
..................................................................


WIND (MPH)
  HIGHEST WIND SPEED     8   HIGHEST WIND DIRECTION    SE (130)
  HIGHEST GUST SPEED    12   HIGHEST GUST DIRECTION    SE (120)
  AVERAGE WIND SPEED     1.8


SKY COVER
  POSSIBLE SUNSHINE  MM
  AVERAGE SKY COVER 0.0


WEATHER CONDITIONS
 THE FOLLOWING WEATHER WAS RECORDED YESTERDAY.
  FOG
  HAZE


RELATIVE HUMIDITY (PERCENT)
 HIGHEST   100           100 AM
 LOWEST     43           400 PM
 AVERAGE    72

..........................................................


THE ALTURAS CA CLIMATE NORMALS FOR TODAY
                         NORMAL    RECORD    YEAR
 MAXIMUM TEMPERATURE (F)   45        68      1963
 MINIMUM TEMPERATURE (F)   21       -22      1989


SUNRISE AND SUNSET
FEBRUARY  8 2016......SUNRISE   707 AM PST   SUNSET   527 PM PST
FEBRUARY  9 2016......SUNRISE   705 AM PST   SUNSET   528 PM PST


-  INDICATES NEGATIVE NUMBERS.
R  INDICATES RECORD WAS SET OR TIED.
MM INDICATES DATA IS MISSING.
T  INDICATES TRACE AMOUNT.




$$
