000
CDUS46 KMFR 290036
CLIAAT


CLIMATE REPORT
NATIONAL WEATHER SERVICE MEDFORD, OR
435 PM PST FRI NOV 28 2014


...................................

...THE ALTURAS CA CLIMATE SUMMARY FOR NOVEMBER 28 2014...
VALID TODAY AS OF 0400 PM LOCAL TIME.

CLIMATE NORMAL PERIOD 1981 TO 2010
CLIMATE RECORD PERIOD 1905 TO 2014


WEATHER ITEM   OBSERVED TIME   RECORD YEAR NORMAL DEPARTURE LAST
                VALUE   (LST)  VALUE       VALUE  FROM      YEAR
                                                  NORMAL
..................................................................
TEMPERATURE (F)
 TODAY
  MAXIMUM         51   1131 AM  68    1980  43      8       54
  MINIMUM         24    731 AM  -5    1931  21      3       17
  AVERAGE         38                        32      6       36

PRECIPITATION (IN)
  TODAY            T             0.53 1934   0.05  -0.05     0.00
  MONTH TO DATE    0.65                      1.67  -1.02     0.29
  SINCE SEP 1      2.46                      3.20  -0.74     0.97
  SINCE JAN 1      8.74                     12.34  -3.60     6.12

SNOWFALL (IN)
  TODAY           MM                        MM     MM       MM
  MONTH TO DATE   MM                        MM     MM       MM
  SINCE JUL 1     MM                        MM     MM        0.0
  SNOW DEPTH      MM

DEGREE DAYS
 HEATING
  TODAY           27                        33     -6       29
  MONTH TO DATE  692                       801   -109      734
  SINCE SEP 1   1213                      1633   -420     1619
  SINCE JUL 1   1238                      1744   -506     1689

 COOLING
  TODAY            0                         0      0        0
  MONTH TO DATE    0                         0      0        0
  SINCE SEP 1     12                         5      7       25
  SINCE JAN 1    380                       156    224      280
..................................................................


WIND (MPH)
  HIGHEST WIND SPEED    25   HIGHEST WIND DIRECTION     S (200)
  HIGHEST GUST SPEED    32   HIGHEST GUST DIRECTION     W (270)
  AVERAGE WIND SPEED     6.9


SKY COVER
  POSSIBLE SUNSHINE  MM
  AVERAGE SKY COVER 0.2


WEATHER CONDITIONS
 THE FOLLOWING WEATHER WAS RECORDED TODAY.
  LIGHT RAIN


RELATIVE HUMIDITY (PERCENT)
 HIGHEST    88           700 AM
 LOWEST     42          1100 AM
 AVERAGE    65

..........................................................


THE ALTURAS CA CLIMATE NORMALS FOR TOMORROW
                         NORMAL    RECORD    YEAR
 MAXIMUM TEMPERATURE (F)   43        67      1959
 MINIMUM TEMPERATURE (F)   21        -6      1931


SUNRISE AND SUNSET
NOVEMBER 28 2014......SUNRISE   706 AM PST   SUNSET   434 PM PST
NOVEMBER 29 2014......SUNRISE   707 AM PST   SUNSET   434 PM PST


-  INDICATES NEGATIVE NUMBERS.
R  INDICATES RECORD WAS SET OR TIED.
MM INDICATES DATA IS MISSING.
T  INDICATES TRACE AMOUNT.




$$
