000
CDUS46 KMFR 190837
CLIAAT


CLIMATE REPORT
NATIONAL WEATHER SERVICE MEDFORD, OR
137 AM PDT TUE SEP 19 2017


...................................

...THE ALTURAS CA CLIMATE SUMMARY FOR SEPTEMBER 18 2017...

CLIMATE NORMAL PERIOD 1981 TO 2010
CLIMATE RECORD PERIOD 1905 TO 2017


WEATHER ITEM   OBSERVED TIME   RECORD YEAR NORMAL DEPARTURE LAST
                VALUE   (LST)  VALUE       VALUE  FROM      YEAR
                                                  NORMAL
..................................................................
TEMPERATURE (F)
 YESTERDAY
  MAXIMUM         66    204 PM  94    1962  77    -11       86
  MINIMUM         43   1159 PM  17    1911  34      9       40
  AVERAGE         55                        56     -1       63

PRECIPITATION (IN)
  YESTERDAY        0.00          0.63 1940   0.02  -0.02     0.00
  MONTH TO DATE    0.07                      0.28  -0.21     0.03
  SINCE OCT 1     15.70                     13.93   1.77    13.45
  SINCE JAN 1     11.95                      9.42   2.53     7.47

SNOWFALL (IN)
  YESTERDAY       MM                        MM     MM       MM
  MONTH TO DATE   MM                        MM     MM       MM
  SINCE JUL 1     MM                        MM     MM       MM
  SNOW DEPTH      MM

DEGREE DAYS
 HEATING
  YESTERDAY       10                         9      1        2
  MONTH TO DATE   49                       127    -78      131
  SINCE SEP 1     49                       127    -78      131
  SINCE JUL 1     50                       238   -188      188

 COOLING
  YESTERDAY        0                         0      0        0
  MONTH TO DATE   75                         3     72        0
  SINCE SEP 1     75                         3     72        0
  SINCE JAN 1    516                       154    362      254
..................................................................


WIND (MPH)
  HIGHEST WIND SPEED    26   HIGHEST WIND DIRECTION     W (250)
  HIGHEST GUST SPEED    34   HIGHEST GUST DIRECTION    SW (240)
  AVERAGE WIND SPEED    11.3


SKY COVER
  POSSIBLE SUNSHINE  MM
  AVERAGE SKY COVER 0.7


WEATHER CONDITIONS
 THE FOLLOWING WEATHER WAS RECORDED YESTERDAY.
  NO SIGNIFICANT WEATHER WAS OBSERVED.


RELATIVE HUMIDITY (PERCENT)
 HIGHEST    65          1100 PM
 LOWEST     31           300 PM
 AVERAGE    48

..........................................................


THE ALTURAS CA CLIMATE NORMALS FOR TODAY
                         NORMAL    RECORD    YEAR
 MAXIMUM TEMPERATURE (F)   77        93      1991
 MINIMUM TEMPERATURE (F)   34        19      1947


SUNRISE AND SUNSET
SEPTEMBER 19 2017.....SUNRISE   647 AM PDT   SUNSET   704 PM PDT
SEPTEMBER 20 2017.....SUNRISE   648 AM PDT   SUNSET   702 PM PDT


-  INDICATES NEGATIVE NUMBERS.
R  INDICATES RECORD WAS SET OR TIED.
MM INDICATES DATA IS MISSING.
T  INDICATES TRACE AMOUNT.




$$
