000
CDUS46 KMFR 250836
CLIAAT


CLIMATE REPORT
NATIONAL WEATHER SERVICE MEDFORD, OR
136 AM PDT TUE JUL 25 2017


...................................

...THE ALTURAS CA CLIMATE SUMMARY FOR JULY 24 2017...

CLIMATE NORMAL PERIOD 1981 TO 2010
CLIMATE RECORD PERIOD 1905 TO 2017


WEATHER ITEM   OBSERVED TIME   RECORD YEAR NORMAL DEPARTURE LAST
                VALUE   (LST)  VALUE       VALUE  FROM      YEAR
                                                  NORMAL
..................................................................
TEMPERATURE (F)
 YESTERDAY
  MAXIMUM         93   1240 PM 102    1905  90      3       97
  MINIMUM         52    452 AM  36    1989  45      7       42
  AVERAGE         73                        68      5       70

PRECIPITATION (IN)
  YESTERDAY        0.15R         0.04 1991   0.02   0.13     0.00
  MONTH TO DATE    0.15                      0.23  -0.08     0.05
  SINCE OCT 1     14.43                     13.18   1.25    13.42
  SINCE JAN 1     10.68                      8.67   2.01     7.44

SNOWFALL (IN)
  YESTERDAY       MM                        MM     MM       MM
  MONTH TO DATE   MM                        MM     MM       MM
  SINCE JUL 1     MM                        MM     MM       MM
  SNOW DEPTH      MM

DEGREE DAYS
 HEATING
  YESTERDAY        0                         1     -1        0
  MONTH TO DATE    1                        34    -33       40
  SINCE JUN 1    110                       214   -104      158
  SINCE JUL 1      1                        34    -33       40

 COOLING
  YESTERDAY        8                         3      5        5
  MONTH TO DATE  128                        58     70       42
  SINCE JUN 1    210                        69    141       90
  SINCE JAN 1    210                        69    141       90
..................................................................


WIND (MPH)
  HIGHEST WIND SPEED    18   HIGHEST WIND DIRECTION     E (80)
  HIGHEST GUST SPEED    25   HIGHEST GUST DIRECTION     E (90)
  AVERAGE WIND SPEED     4.5


SKY COVER
  POSSIBLE SUNSHINE  MM
  AVERAGE SKY COVER 0.1


WEATHER CONDITIONS
 THE FOLLOWING WEATHER WAS RECORDED YESTERDAY.
  THUNDERSTORM
  LIGHT RAIN
  HAZE


RELATIVE HUMIDITY (PERCENT)
 HIGHEST    72           400 AM
 LOWEST     21          1100 AM
 AVERAGE    47

..........................................................


THE ALTURAS CA CLIMATE NORMALS FOR TODAY
                         NORMAL    RECORD    YEAR
 MAXIMUM TEMPERATURE (F)   90       100      2013
 MINIMUM TEMPERATURE (F)   45        35      1987


SUNRISE AND SUNSET
JULY 25 2017..........SUNRISE   551 AM PDT   SUNSET   826 PM PDT
JULY 26 2017..........SUNRISE   552 AM PDT   SUNSET   825 PM PDT


-  INDICATES NEGATIVE NUMBERS.
R  INDICATES RECORD WAS SET OR TIED.
MM INDICATES DATA IS MISSING.
T  INDICATES TRACE AMOUNT.




$$
