000
CDUS46 KMFR 290835
CLIAAT


CLIMATE REPORT
NATIONAL WEATHER SERVICE MEDFORD, OR
135 AM PDT FRI APR 29 2016


...................................

...THE ALTURAS CA CLIMATE SUMMARY FOR APRIL 28 2016...

CLIMATE NORMAL PERIOD 1981 TO 2010
CLIMATE RECORD PERIOD 1905 TO 2016


WEATHER ITEM   OBSERVED TIME   RECORD YEAR NORMAL DEPARTURE LAST
                VALUE   (LST)  VALUE       VALUE  FROM      YEAR
                                                  NORMAL
..................................................................
TEMPERATURE (F)
 YESTERDAY
  MAXIMUM         60    315 PM  85    1987  62     -2       78
                                      1992
  MINIMUM         34    455 AM  17    1976  32      2       32
  AVERAGE         47                        47      0       55

PRECIPITATION (IN)
  YESTERDAY        0.00          0.67 1943   0.05  -0.05     0.00
  MONTH TO DATE    1.30                      1.45  -0.15     0.55
  SINCE OCT 1     11.62                     10.58   1.04     6.72
  SINCE JAN 1      5.64                      6.07  -0.43     2.21

SNOWFALL (IN)
  YESTERDAY       MM                        MM     MM       MM
  MONTH TO DATE   MM                        MM     MM       MM
  SINCE JUL 1     MM                        MM     MM       MM
  SNOW DEPTH      MM

DEGREE DAYS
 HEATING
  YESTERDAY       18                        18      0       10
  MONTH TO DATE  405                       616   -211      596
  SINCE MAR 1   1112                      1441   -329     1208
  SINCE JUL 1   5499                      6308   -809     4835

 COOLING
  YESTERDAY        0                         0      0        0
  MONTH TO DATE    0                         0      0        0
  SINCE MAR 1      0                         0      0        0
  SINCE JAN 1      0                         0      0        0
..................................................................


WIND (MPH)
  HIGHEST WIND SPEED    18   HIGHEST WIND DIRECTION    NW (310)
  HIGHEST GUST SPEED    23   HIGHEST GUST DIRECTION    NW (310)
  AVERAGE WIND SPEED     7.2


SKY COVER
  POSSIBLE SUNSHINE  MM
  AVERAGE SKY COVER 0.4


WEATHER CONDITIONS
 THE FOLLOWING WEATHER WAS RECORDED YESTERDAY.
  NO SIGNIFICANT WEATHER WAS OBSERVED.


RELATIVE HUMIDITY (PERCENT)
 HIGHEST   100           500 AM
 LOWEST     39           400 PM
 AVERAGE    70

..........................................................


THE ALTURAS CA CLIMATE NORMALS FOR TODAY
                         NORMAL    RECORD    YEAR
 MAXIMUM TEMPERATURE (F)   62        80      1968
 MINIMUM TEMPERATURE (F)   32        17      2000


SUNRISE AND SUNSET
APRIL 29 2016.........SUNRISE   601 AM PDT   SUNSET   759 PM PDT
APRIL 30 2016.........SUNRISE   600 AM PDT   SUNSET   800 PM PDT


-  INDICATES NEGATIVE NUMBERS.
R  INDICATES RECORD WAS SET OR TIED.
MM INDICATES DATA IS MISSING.
T  INDICATES TRACE AMOUNT.




$$
