000
CDUS41 KPHI 292128
CLIABE


CLIMATE REPORT
NATIONAL WEATHER SERVICE MOUNT HOLLY NJ
528 PM EDT FRI AUG 29 2014


...................................

...THE ALLENTOWN PA CLIMATE SUMMARY FOR AUGUST 29 2014...
VALID TODAY AS OF 0500 PM LOCAL TIME.

CLIMATE NORMAL PERIOD 1981 TO 2010
CLIMATE RECORD PERIOD 1922 TO 2014


WEATHER ITEM   OBSERVED TIME   RECORD YEAR NORMAL DEPARTURE LAST
                VALUE   (LST)  VALUE       VALUE  FROM      YEAR
                                                  NORMAL
..................................................................
TEMPERATURE (F)
 TODAY
  MAXIMUM         78    355 PM  97    1953  81     -3       84
  MINIMUM         51    515 AM  43    1982  59     -8       68
  AVERAGE         65                        70     -5       76

PRECIPITATION (IN)
  TODAY            0.00          1.26 2013   0.10  -0.10     1.26
  MONTH TO DATE    1.85                      3.48  -1.63    10.29
  SINCE JUN 1     11.57                     12.74  -1.17    21.29
  SINCE JAN 1     33.87                     29.56   4.31    34.84

SNOWFALL (IN)
  TODAY            0.0           0.0  2002   0.0    0.0      0.0
                                      2001
  MONTH TO DATE    0.0                       0.0    0.0      0.0
  SINCE JUN 1      0.0                       0.0    0.0      0.0
  SINCE JUL 1      0.0                       0.0    0.0      0.0
  SNOW DEPTH       0

DEGREE DAYS
 HEATING
  TODAY            0                         1     -1        0
  MONTH TO DATE    4                         2      2        4
  SINCE JUN 1      8                        38    -30       13
  SINCE JUL 1      4                         5     -1        4

 COOLING
  TODAY            0                         5     -5       11
  MONTH TO DATE  170                       204    -34      160
  SINCE JUN 1    631                       624      7      731
  SINCE JAN 1    670                       669      1      803
..................................................................


WIND (MPH)
  HIGHEST WIND SPEED     8   HIGHEST WIND DIRECTION     N (340)
  HIGHEST GUST SPEED    12   HIGHEST GUST DIRECTION    NE (30)
  AVERAGE WIND SPEED     2.3


SKY COVER
  POSSIBLE SUNSHINE  MM
  AVERAGE SKY COVER 0.0


WEATHER CONDITIONS
 THE FOLLOWING WEATHER WAS RECORDED TODAY.
  NO SIGNIFICANT WEATHER WAS OBSERVED.


RELATIVE HUMIDITY (PERCENT)
 HIGHEST    89           400 AM
 LOWEST     39           300 PM
 AVERAGE    64

..........................................................


THE ALLENTOWN PA CLIMATE NORMALS FOR TOMORROW
                         NORMAL    RECORD    YEAR
 MAXIMUM TEMPERATURE (F)   80        97      1953
 MINIMUM TEMPERATURE (F)   59        41      1986
                                             1934


SUNRISE AND SUNSET
AUGUST 29 2014........SUNRISE   626 AM EDT   SUNSET   739 PM EDT
AUGUST 30 2014........SUNRISE   627 AM EDT   SUNSET   737 PM EDT


-  INDICATES NEGATIVE NUMBERS.
R  INDICATES RECORD WAS SET OR TIED.
MM INDICATES DATA IS MISSING.
T  INDICATES TRACE AMOUNT.




$$
