000
CDUS41 KPHI 160632
CLIABE


CLIMATE REPORT
NATIONAL WEATHER SERVICE MOUNT HOLLY NJ
232 AM EDT TUE SEP 16 2014


...................................

...THE ALLENTOWN PA CLIMATE SUMMARY FOR SEPTEMBER 15 2014...

CLIMATE NORMAL PERIOD 1981 TO 2010
CLIMATE RECORD PERIOD 1922 TO 2014


WEATHER ITEM   OBSERVED TIME   RECORD YEAR NORMAL DEPARTURE LAST
                VALUE   (LST)  VALUE       VALUE  FROM      YEAR
                                                  NORMAL
..................................................................
TEMPERATURE (F)
 YESTERDAY
  MAXIMUM         71    211 PM  95    1927  75     -4       72
  MINIMUM         43    612 AM  38    1975  53    -10       41
  AVERAGE         57                        64     -7       57

PRECIPITATION (IN)
  YESTERDAY        0.00          3.23 2003   0.16  -0.16     0.00
  MONTH TO DATE    1.14                      2.06  -0.92     1.32
  SINCE SEP 1      1.14                      2.06  -0.92     1.32
  SINCE JAN 1     35.13                     31.83   3.30    36.16

SNOWFALL (IN)
  YESTERDAY        0.0           0.0  2002   0.0    0.0      0.0
                                      2001
  MONTH TO DATE    0.0                       0.0    0.0      0.0
  SINCE SEP 1      0.0                       0.0    0.0      0.0
  SINCE JUL 1      0.0                       0.0    0.0      0.0
  SNOW DEPTH       0

DEGREE DAYS
 HEATING
  YESTERDAY        8                         3      5        8
  MONTH TO DATE   24                        26     -2       35
  SINCE SEP 1     24                        26     -2       35
  SINCE JUL 1     28                        37     -9       39

 COOLING
  YESTERDAY        0                         2     -2        0
  MONTH TO DATE   94                        52     42       78
  SINCE SEP 1     94                        52     42       78
  SINCE JAN 1    781                       731     50      903
..................................................................


WIND (MPH)
  HIGHEST WIND SPEED     9   HIGHEST WIND DIRECTION    SW (240)
  HIGHEST GUST SPEED    13   HIGHEST GUST DIRECTION    SW (230)
  AVERAGE WIND SPEED     1.0


SKY COVER
  POSSIBLE SUNSHINE  MM
  AVERAGE SKY COVER 0.0


WEATHER CONDITIONS
 THE FOLLOWING WEATHER WAS RECORDED YESTERDAY.
  FOG


RELATIVE HUMIDITY (PERCENT)
 HIGHEST   100           500 AM
 LOWEST     37           200 PM
 AVERAGE    69

..........................................................


THE ALLENTOWN PA CLIMATE NORMALS FOR TODAY
                         NORMAL    RECORD    YEAR
 MAXIMUM TEMPERATURE (F)   75        95      1991
 MINIMUM TEMPERATURE (F)   53        38      1923


SUNRISE AND SUNSET
SEPTEMBER 16 2014.....SUNRISE   643 AM EDT   SUNSET   709 PM EDT
SEPTEMBER 17 2014.....SUNRISE   644 AM EDT   SUNSET   707 PM EDT


-  INDICATES NEGATIVE NUMBERS.
R  INDICATES RECORD WAS SET OR TIED.
MM INDICATES DATA IS MISSING.
T  INDICATES TRACE AMOUNT.




$$
