000
CDUS41 KPHI 302128
CLIABE


CLIMATE REPORT
NATIONAL WEATHER SERVICE MOUNT HOLLY NJ
526 PM EDT TUE AUG 30 2016


...................................

...THE ALLENTOWN PA CLIMATE SUMMARY FOR AUGUST 30 2016...
VALID TODAY AS OF 0500 PM LOCAL TIME.

CLIMATE NORMAL PERIOD 1981 TO 2010
CLIMATE RECORD PERIOD 1922 TO 2016


WEATHER ITEM   OBSERVED TIME   RECORD YEAR NORMAL DEPARTURE LAST
                VALUE   (LST)  VALUE       VALUE  FROM      YEAR
                                                  NORMAL
..................................................................
TEMPERATURE (F)
 TODAY
  MAXIMUM         87    252 PM  97    1953  80      7       89
  MINIMUM         58    552 AM  41    1986  59     -1       60
                                      1934
  AVERAGE         73                        69      4       75

PRECIPITATION (IN)
  TODAY            0.00          1.30 1954   0.10  -0.10     0.00
  MONTH TO DATE    1.93                      3.58  -1.65     2.56
  SINCE JUN 1     10.52                     12.84  -2.32    15.58
  SINCE JAN 1     26.35                     29.66  -3.31    27.19

SNOWFALL (IN)
  TODAY            0.0           0.0  2002   0.0    0.0      0.0
                                      2001
  MONTH TO DATE    0.0                       0.0    0.0      0.0
  SINCE JUN 1      0.0                       0.0    0.0      0.0
  SINCE JUL 1      0.0                       0.0    0.0      0.0
  SNOW DEPTH       0

DEGREE DAYS
 HEATING
  TODAY            0                         1     -1        0
  MONTH TO DATE    0                         3     -3        0
  SINCE JUN 1      9                        39    -30       21
  SINCE JUL 1      0                         6     -6        0

 COOLING
  TODAY            8                         5      3       10
  MONTH TO DATE  356                       209    147      234
  SINCE JUN 1    935                       629    306      740
  SINCE JAN 1   1022                       674    348      873
..................................................................


WIND (MPH)
  HIGHEST WIND SPEED     9   HIGHEST WIND DIRECTION     W (270)
  HIGHEST GUST SPEED    14   HIGHEST GUST DIRECTION    NW (300)
  AVERAGE WIND SPEED     2.0


SKY COVER
  POSSIBLE SUNSHINE  MM
  AVERAGE SKY COVER 0.0


WEATHER CONDITIONS
 THE FOLLOWING WEATHER WAS RECORDED TODAY.
  NO SIGNIFICANT WEATHER WAS OBSERVED.


RELATIVE HUMIDITY (PERCENT)
 HIGHEST    93           600 AM
 LOWEST     36           300 PM
 AVERAGE    65

..........................................................


THE ALLENTOWN PA CLIMATE NORMALS FOR TOMORROW
                         NORMAL    RECORD    YEAR
 MAXIMUM TEMPERATURE (F)   80        99      1953
 MINIMUM TEMPERATURE (F)   58        41      1934


SUNRISE AND SUNSET
AUGUST 30 2016........SUNRISE   627 AM EDT   SUNSET   736 PM EDT
AUGUST 31 2016........SUNRISE   628 AM EDT   SUNSET   735 PM EDT


-  INDICATES NEGATIVE NUMBERS.
R  INDICATES RECORD WAS SET OR TIED.
MM INDICATES DATA IS MISSING.
T  INDICATES TRACE AMOUNT.




$$
