000
CDUS41 KPHI 260631
CLIABE


CLIMATE REPORT
NATIONAL WEATHER SERVICE MOUNT HOLLY NJ
131 AM EST WED NOV 26 2014


...................................

...THE ALLENTOWN PA CLIMATE SUMMARY FOR NOVEMBER 25 2014...

CLIMATE NORMAL PERIOD 1981 TO 2010
CLIMATE RECORD PERIOD 1922 TO 2014


WEATHER ITEM   OBSERVED TIME   RECORD YEAR NORMAL DEPARTURE LAST
                VALUE   (LST)  VALUE       VALUE  FROM      YEAR
                                                  NORMAL
..................................................................
TEMPERATURE (F)
 YESTERDAY
  MAXIMUM         62   1213 AM  72    1979  49     13       35
  MINIMUM         36   1154 PM  16    2013  30      6       16
                                      1989
                                      1956
  AVERAGE         49                        39     10       26

PRECIPITATION (IN)
  YESTERDAY        0.00          2.70 1950   0.13  -0.13     0.00
  MONTH TO DATE    2.03                      2.85  -0.82     0.67
  SINCE SEP 1      5.99                     11.35  -5.36     5.16
  SINCE JAN 1     39.98                     41.12  -1.14    40.00

SNOWFALL (IN)
  YESTERDAY        0.0           8.0  1938   0.0    0.0      0.0
  MONTH TO DATE    0.5                       0.4    0.1       T
  SINCE SEP 1      0.5                       0.4    0.1       T
  SINCE JUL 1      0.5                       0.4    0.1       T
  SNOW DEPTH       0

DEGREE DAYS
 HEATING
  YESTERDAY       16                        26    -10       39
  MONTH TO DATE  593                       535     58      563
  SINCE SEP 1    958                      1035    -77      991
  SINCE JUL 1    962                      1046    -84      995

 COOLING
  YESTERDAY        0                         0      0        0
  MONTH TO DATE    0                         0      0        0
  SINCE SEP 1    120                        78     42      102
  SINCE JAN 1    807                       757     50      927
..................................................................


WIND (MPH)
  HIGHEST WIND SPEED    20   HIGHEST WIND DIRECTION     W (280)
  HIGHEST GUST SPEED    25   HIGHEST GUST DIRECTION     W (290)
  AVERAGE WIND SPEED     8.0


SKY COVER
  POSSIBLE SUNSHINE  MM
  AVERAGE SKY COVER 0.0


WEATHER CONDITIONS
 THE FOLLOWING WEATHER WAS RECORDED YESTERDAY.
  NO SIGNIFICANT WEATHER WAS OBSERVED.


RELATIVE HUMIDITY (PERCENT)
 HIGHEST    78           100 AM
 LOWEST     35           200 PM
 AVERAGE    57

..........................................................


THE ALLENTOWN PA CLIMATE NORMALS FOR TODAY
                         NORMAL    RECORD    YEAR
 MAXIMUM TEMPERATURE (F)   48        67      1999
                                             1979
 MINIMUM TEMPERATURE (F)   30         3      1938


SUNRISE AND SUNSET
NOVEMBER 26 2014......SUNRISE   701 AM EST   SUNSET   437 PM EST
NOVEMBER 27 2014......SUNRISE   702 AM EST   SUNSET   437 PM EST


-  INDICATES NEGATIVE NUMBERS.
R  INDICATES RECORD WAS SET OR TIED.
MM INDICATES DATA IS MISSING.
T  INDICATES TRACE AMOUNT.




$$
