000
CDUS44 KSJT 020758
CLIABI


CLIMATE REPORT
NATIONAL WEATHER SERVICE SAN ANGELO TX
158 AM CST MON MAR 2 2015


...................................

...THE ABILENE CLIMATE SUMMARY FOR MARCH 1 2015...

CLIMATE NORMAL PERIOD 1981 TO 2010
CLIMATE RECORD PERIOD 1886 TO 2015


WEATHER ITEM   OBSERVED TIME   RECORD YEAR NORMAL DEPARTURE LAST
                VALUE   (LST)  VALUE       VALUE  FROM      YEAR
                                                  NORMAL
..................................................................
TEMPERATURE (F)
 YESTERDAY
  MAXIMUM         32   1159 PM  95    2006  64    -32       85
  MINIMUM         29    850 AM  10    1962  40    -11       38
                                      1922
  AVERAGE         31                        52    -21       62

PRECIPITATION (IN)
  YESTERDAY        T             1.43 1934   0.05  -0.05     0.00
  MONTH TO DATE    T                         0.05  -0.05     0.00
  SINCE MAR 1      T                         0.05  -0.05     0.00
  SINCE JAN 1      3.51                      2.43   1.08     0.49

SNOWFALL (IN)
  YESTERDAY        0.0           2.5  1958   0.0    0.0      0.0
  MONTH TO DATE    0.0                       0.0    0.0      0.0
  SINCE NOV 1      3.1                       4.1   -1.0      3.1
  SINCE JUL 1      3.1                       4.1   -1.0      3.1

DEGREE DAYS
 HEATING
  YESTERDAY       34                        13     21        3
  MONTH TO DATE   34                        13     21        3
  SINCE MAR 1     34                        13     21        3
  SINCE JUL 1   2111                      2146    -35     2365

 COOLING
  YESTERDAY        0                         0      0        0
  MONTH TO DATE    0                         0      0        0
  SINCE MAR 1      0                         0      0        0
  SINCE JAN 1      4                         5     -1        5
..................................................................


WIND (MPH)
  HIGHEST WIND SPEED    13   HIGHEST WIND DIRECTION     N (360)
  HIGHEST GUST SPEED    15   HIGHEST GUST DIRECTION     N (10)
  AVERAGE WIND SPEED     7.4


SKY COVER
  POSSIBLE SUNSHINE  MM
  AVERAGE SKY COVER 1.0


WEATHER CONDITIONS
 THE FOLLOWING WEATHER WAS RECORDED YESTERDAY.
  LT FREEZING RAIN
  FOG


RELATIVE HUMIDITY (PERCENT)
 HIGHEST   100           700 AM
 LOWEST     92          1200 AM
 AVERAGE    96

..........................................................


THE ABILENE CLIMATE NORMALS FOR TODAY
                         NORMAL    RECORD    YEAR
 MAXIMUM TEMPERATURE (F)   64        93      1974
 MINIMUM TEMPERATURE (F)   41        10      1980
                                             1922


SUNRISE AND SUNSET
MARCH  2 2015.........SUNRISE   705 AM CST   SUNSET   637 PM CST
MARCH  3 2015.........SUNRISE   704 AM CST   SUNSET   638 PM CST


-  INDICATES NEGATIVE NUMBERS.
R  INDICATES RECORD WAS SET OR TIED.
MM INDICATES DATA IS MISSING.
T  INDICATES TRACE AMOUNT.




$$
