156
CDUS44 KSJT 290708
CLIABI


CLIMATE REPORT
NATIONAL WEATHER SERVICE SAN ANGELO TX
208 AM CDT FRI JUL 29 2016


...................................

...THE ABILENE CLIMATE SUMMARY FOR JULY 28 2016...

CLIMATE NORMAL PERIOD 1981 TO 2010
CLIMATE RECORD PERIOD 1886 TO 2016


WEATHER ITEM   OBSERVED TIME   RECORD YEAR NORMAL DEPARTURE LAST
                VALUE   (LST)  VALUE       VALUE  FROM      YEAR
                                                  NORMAL
..................................................................
TEMPERATURE (F)
 YESTERDAY
  MAXIMUM         96    501 PM 107    1995  95      1       99
  MINIMUM         71    609 AM  62    1933  73     -2       76
  AVERAGE         84                        84      0       88

PRECIPITATION (IN)
  YESTERDAY        T             0.64 2004   0.06  -0.06     0.00
  MONTH TO DATE    0.47                      1.69  -1.22     8.26
  SINCE JUN 1      3.60                      5.25  -1.65    11.88
  SINCE JAN 1     21.40                     14.19   7.21    24.51

DEGREE DAYS
 HEATING
  YESTERDAY        0                         0      0        0
  MONTH TO DATE    0                         0      0        0
  SINCE JUN 1      0                         1     -1        0
  SINCE JUL 1      0                         0      0        0

 COOLING
  YESTERDAY       19                        19      0       23
  MONTH TO DATE  615                       505    110      535
  SINCE JUN 1   1068                       940    128     1001
  SINCE JAN 1   1377                      1337     40     1390
..................................................................


WIND (MPH)
  HIGHEST WIND SPEED    18   HIGHEST WIND DIRECTION     S (170)
  HIGHEST GUST SPEED    22   HIGHEST GUST DIRECTION     W (260)
  AVERAGE WIND SPEED     7.1


SKY COVER
  POSSIBLE SUNSHINE  MM
  AVERAGE SKY COVER 0.2


WEATHER CONDITIONS
 THE FOLLOWING WEATHER WAS RECORDED YESTERDAY.
  THUNDERSTORM


RELATIVE HUMIDITY (PERCENT)
 HIGHEST    87           700 AM
 LOWEST     36           300 PM
 AVERAGE    62

..........................................................


THE ABILENE CLIMATE NORMALS FOR TODAY
                         NORMAL    RECORD    YEAR
 MAXIMUM TEMPERATURE (F)   95       103      1966
                                             1960
                                             1957
 MINIMUM TEMPERATURE (F)   73        66      1892


SUNRISE AND SUNSET
JULY 29 2016..........SUNRISE   652 AM CDT   SUNSET   838 PM CDT
JULY 30 2016..........SUNRISE   652 AM CDT   SUNSET   838 PM CDT


-  INDICATES NEGATIVE NUMBERS.
R  INDICATES RECORD WAS SET OR TIED.
MM INDICATES DATA IS MISSING.
T  INDICATES TRACE AMOUNT.




$$
