000
CDUS44 KSJT 070751
CLIABI


CLIMATE REPORT
NATIONAL WEATHER SERVICE SAN ANGELO TX
151 AM CST SUN FEB 7 2016


...................................

...THE ABILENE CLIMATE SUMMARY FOR FEBRUARY 6 2016...

CLIMATE NORMAL PERIOD 1981 TO 2010
CLIMATE RECORD PERIOD 1886 TO 2016


WEATHER ITEM   OBSERVED TIME   RECORD YEAR NORMAL DEPARTURE LAST
                VALUE   (LST)  VALUE       VALUE  FROM      YEAR
                                                  NORMAL
..................................................................
TEMPERATURE (F)
 YESTERDAY
  MAXIMUM         56    352 PM  84    1904  59     -3       64
  MINIMUM         33    749 AM   9    1989  35     -2       29
  AVERAGE         45                        47     -2       47

PRECIPITATION (IN)
  YESTERDAY        0.00          1.10 1935   0.04  -0.04     0.00
  MONTH TO DATE    0.00                      0.25  -0.25     0.00
  SINCE DEC 1      2.24                      2.50  -0.26     2.30
  SINCE JAN 1      0.04                      1.27  -1.23     1.77

SNOWFALL (IN)
  YESTERDAY        0.0           2.3  1961   0.1   -0.1      0.0
  MONTH TO DATE    0.0                       0.2   -0.2      0.0
  SINCE NOV 1      5.1                       3.5    1.6      0.1
  SINCE JUL 1      5.1                       3.5    1.6      0.1

DEGREE DAYS
 HEATING
  YESTERDAY       20                        18      2       18
  MONTH TO DATE  110                       112     -2      133
  SINCE DEC 1   1174                      1348   -174     1262
  SINCE JUL 1   1517                      1781   -264     1679

 COOLING
  YESTERDAY        0                         0      0        0
  MONTH TO DATE    0                         0      0        0
  SINCE DEC 1      0                         2     -2        0
  SINCE JAN 1      0                         1     -1        0
..................................................................


WIND (MPH)
  HIGHEST WIND SPEED    22   HIGHEST WIND DIRECTION    NW (310)
  HIGHEST GUST SPEED    29   HIGHEST GUST DIRECTION    NW (300)
  AVERAGE WIND SPEED    12.1


SKY COVER
  POSSIBLE SUNSHINE  MM
  AVERAGE SKY COVER 0.0


WEATHER CONDITIONS
 THE FOLLOWING WEATHER WAS RECORDED YESTERDAY.
  NO SIGNIFICANT WEATHER WAS OBSERVED.


RELATIVE HUMIDITY (PERCENT)
 HIGHEST    61           700 AM
 LOWEST     22           500 PM
 AVERAGE    42

..........................................................


THE ABILENE CLIMATE NORMALS FOR TODAY
                         NORMAL    RECORD    YEAR
 MAXIMUM TEMPERATURE (F)   59        86      1932
 MINIMUM TEMPERATURE (F)   35        -2      1895


SUNRISE AND SUNSET
FEBRUARY  7 2016......SUNRISE   729 AM CST   SUNSET   617 PM CST
FEBRUARY  8 2016......SUNRISE   728 AM CST   SUNSET   618 PM CST


-  INDICATES NEGATIVE NUMBERS.
R  INDICATES RECORD WAS SET OR TIED.
MM INDICATES DATA IS MISSING.
T  INDICATES TRACE AMOUNT.




$$
