184
CDUS44 KSJT 260709
CLIABI


CLIMATE REPORT
NATIONAL WEATHER SERVICE SAN ANGELO TX
208 AM CDT SUN MAR 26 2017


...................................

...THE ABILENE CLIMATE SUMMARY FOR MARCH 25 2017...

CLIMATE NORMAL PERIOD 1981 TO 2010
CLIMATE RECORD PERIOD 1886 TO 2017


WEATHER ITEM   OBSERVED TIME   RECORD YEAR NORMAL DEPARTURE LAST
                VALUE   (LST)  VALUE       VALUE  FROM      YEAR
                                                  NORMAL
..................................................................
TEMPERATURE (F)
 YESTERDAY
  MAXIMUM         75    457 PM  93    1899  71      4       74
  MINIMUM         43    632 AM  22    1955  46     -3       40
  AVERAGE         59                        59      0       57

PRECIPITATION (IN)
  YESTERDAY        0.00          1.07 1934   0.06  -0.06     0.00
  MONTH TO DATE    0.02                      1.42  -1.40     2.31
  SINCE MAR 1      0.02                      1.42  -1.40     2.31
  SINCE JAN 1      3.40                      3.80  -0.40     3.03

SNOWFALL (IN)
  YESTERDAY        0.0           T    1996   0.0    0.0      0.0
  MONTH TO DATE    0.0                       0.2   -0.2      0.0
  SINCE NOV 1      T                         4.3   -4.3      5.1
  SINCE JUL 1      T                         4.3   -4.3      5.1

DEGREE DAYS
 HEATING
  YESTERDAY        6                         8     -2        8
  MONTH TO DATE  135                       257   -122      162
  SINCE MAR 1    135                       257   -122      162
  SINCE JUL 1   1716                      2390   -674     1916

 COOLING
  YESTERDAY        0                         1     -1        0
  MONTH TO DATE   73                        20     53       11
  SINCE MAR 1     73                        20     53       11
  SINCE JAN 1    104                        25     79       25
..................................................................


WIND (MPH)
  HIGHEST WIND SPEED    20   HIGHEST WIND DIRECTION     W (290)
  HIGHEST GUST SPEED    24   HIGHEST GUST DIRECTION    NW (300)
  AVERAGE WIND SPEED     9.3


SKY COVER
  POSSIBLE SUNSHINE  MM
  AVERAGE SKY COVER 0.0


WEATHER CONDITIONS
 THE FOLLOWING WEATHER WAS RECORDED YESTERDAY.
  NO SIGNIFICANT WEATHER WAS OBSERVED.


RELATIVE HUMIDITY (PERCENT)
 HIGHEST    76           600 AM
 LOWEST     25           500 PM
 AVERAGE    51

..........................................................


THE ABILENE CLIMATE NORMALS FOR TODAY
                         NORMAL    RECORD    YEAR
 MAXIMUM TEMPERATURE (F)   72        92      1890
 MINIMUM TEMPERATURE (F)   47        19      1955


SUNRISE AND SUNSET
MARCH 26 2017.........SUNRISE   734 AM CDT   SUNSET   755 PM CDT
MARCH 27 2017.........SUNRISE   733 AM CDT   SUNSET   755 PM CDT


-  INDICATES NEGATIVE NUMBERS.
R  INDICATES RECORD WAS SET OR TIED.
MM INDICATES DATA IS MISSING.
T  INDICATES TRACE AMOUNT.




$$
