000
CDUS44 KSJT 220653
CLIABI


CLIMATE REPORT
NATIONAL WEATHER SERVICE SAN ANGELO TX
153 AM CDT FRI AUG 22 2014


...................................

...THE ABILENE CLIMATE SUMMARY FOR AUGUST 21 2014...

CLIMATE NORMAL PERIOD 1981 TO 2010
CLIMATE RECORD PERIOD 1886 TO 2014


WEATHER ITEM   OBSERVED TIME   RECORD YEAR NORMAL DEPARTURE LAST
                VALUE   (LST)  VALUE       VALUE  FROM      YEAR
                                                  NORMAL
..................................................................
TEMPERATURE (F)
 YESTERDAY
  MAXIMUM         98    410 PM 104    1930  94      4       93
  MINIMUM         76    621 AM  57    1956  71      5       69
  AVERAGE         87                        82      5       81

PRECIPITATION (IN)
  YESTERDAY        0.00          2.20 1937   0.09  -0.09     0.00
  MONTH TO DATE    0.07                      1.71  -1.64     0.45
  SINCE JUN 1      6.28                      7.14  -0.86    10.02
  SINCE JAN 1     10.27                     16.08  -5.81    16.24

DEGREE DAYS
 HEATING
  YESTERDAY        0                         0      0        0
  MONTH TO DATE    0                         0      0        0
  SINCE JUN 1      0                         1     -1        0
  SINCE JUL 1      0                         0      0        0

 COOLING
  YESTERDAY       22                        17      5       16
  MONTH TO DATE  410                       389     21      418
  SINCE JUN 1   1458                      1385     73     1483
  SINCE JAN 1   1972                      1782    190     1964
..................................................................


WIND (MPH)
  HIGHEST WIND SPEED    26   HIGHEST WIND DIRECTION     S (190)
  HIGHEST GUST SPEED    40   HIGHEST GUST DIRECTION     S (190)
  AVERAGE WIND SPEED    16.0


SKY COVER
  POSSIBLE SUNSHINE  MM
  AVERAGE SKY COVER 0.1


WEATHER CONDITIONS
 THE FOLLOWING WEATHER WAS RECORDED YESTERDAY.
  NO SIGNIFICANT WEATHER WAS OBSERVED.


RELATIVE HUMIDITY (PERCENT)
 HIGHEST    76           600 AM
 LOWEST     31           600 PM
 AVERAGE    54

..........................................................


THE ABILENE CLIMATE NORMALS FOR TODAY
                         NORMAL    RECORD    YEAR
 MAXIMUM TEMPERATURE (F)   94       104      1917
 MINIMUM TEMPERATURE (F)   71        58      1891


SUNRISE AND SUNSET
AUGUST 22 2014........SUNRISE   707 AM CDT   SUNSET   815 PM CDT
AUGUST 23 2014........SUNRISE   708 AM CDT   SUNSET   814 PM CDT


-  INDICATES NEGATIVE NUMBERS.
R  INDICATES RECORD WAS SET OR TIED.
MM INDICATES DATA IS MISSING.
T  INDICATES TRACE AMOUNT.




$$
