000
CDUS44 KSJT 210751
CLIABI


CLIMATE REPORT
NATIONAL WEATHER SERVICE SAN ANGELO TX
251 AM CDT MON AUG 21 2017


...................................

...THE ABILENE CLIMATE SUMMARY FOR AUGUST 20 2017...

CLIMATE NORMAL PERIOD 1981 TO 2010
CLIMATE RECORD PERIOD 1886 TO 2017


WEATHER ITEM   OBSERVED TIME   RECORD YEAR NORMAL DEPARTURE LAST
                VALUE   (LST)  VALUE       VALUE  FROM      YEAR
                                                  NORMAL
..................................................................
TEMPERATURE (F)
 YESTERDAY
  MAXIMUM         95    341 PM 106    1943  94      1       80
  MINIMUM         72   1227 AM  57    1940  72      0       66
  AVERAGE         84                        83      1       73

PRECIPITATION (IN)
  YESTERDAY        0.00          2.99 2004   0.09  -0.09     2.54
  MONTH TO DATE    3.39                      1.62   1.77     3.30
  SINCE JUN 1      6.11                      7.05  -0.94     7.07
  SINCE JAN 1     13.98                     15.99  -2.01    24.87

DEGREE DAYS
 HEATING
  YESTERDAY        0                         0      0        0
  MONTH TO DATE    0                         0      0        0
  SINCE JUN 1      0                         1     -1        0
  SINCE JUL 1      0                         0      0        0

 COOLING
  YESTERDAY       19                        18      1        8
  MONTH TO DATE  332                       372    -40      394
  SINCE JUN 1   1367                      1368     -1     1525
  SINCE JAN 1   1786                      1765     21     1834
..................................................................


WIND (MPH)
  HIGHEST WIND SPEED    20   HIGHEST WIND DIRECTION    SE (140)
  HIGHEST GUST SPEED    25   HIGHEST GUST DIRECTION    SE (140)
  AVERAGE WIND SPEED    10.4


SKY COVER
  POSSIBLE SUNSHINE  MM
  AVERAGE SKY COVER 0.0


WEATHER CONDITIONS
 THE FOLLOWING WEATHER WAS RECORDED YESTERDAY.
  NO SIGNIFICANT WEATHER WAS OBSERVED.


RELATIVE HUMIDITY (PERCENT)
 HIGHEST    87          1200 AM
 LOWEST     32           600 PM
 AVERAGE    60

..........................................................


THE ABILENE CLIMATE NORMALS FOR TODAY
                         NORMAL    RECORD    YEAR
 MAXIMUM TEMPERATURE (F)   94       104      1930
 MINIMUM TEMPERATURE (F)   71        57      1956


SUNRISE AND SUNSET
AUGUST 21 2017........SUNRISE   707 AM CDT   SUNSET   816 PM CDT
AUGUST 22 2017........SUNRISE   707 AM CDT   SUNSET   815 PM CDT


-  INDICATES NEGATIVE NUMBERS.
R  INDICATES RECORD WAS SET OR TIED.
MM INDICATES DATA IS MISSING.
T  INDICATES TRACE AMOUNT.




$$
