000
CDUS44 KSJT 300626
CLIABI


CLIMATE REPORT
NATIONAL WEATHER SERVICE SAN ANGELO TX
125 AM CDT THU JUL 30 2015


...................................

...THE ABILENE CLIMATE SUMMARY FOR JULY 29 2015...

CLIMATE NORMAL PERIOD 1981 TO 2010
CLIMATE RECORD PERIOD 1886 TO 2015


WEATHER ITEM   OBSERVED TIME   RECORD YEAR NORMAL DEPARTURE LAST
                VALUE   (LST)  VALUE       VALUE  FROM      YEAR
                                                  NORMAL
..................................................................
TEMPERATURE (F)
 YESTERDAY
  MAXIMUM        101    409 PM 103    1966  95      6       91
                                      1960
                                      1957
  MINIMUM         76    555 AM  66    1892  73      3       72
  AVERAGE         89                        84      5       82

PRECIPITATION (IN)
  YESTERDAY        0.00          2.30 1964   0.06  -0.06     0.31
  MONTH TO DATE    8.26                      1.75   6.51     2.40
  SINCE JUN 1     11.88                      5.31   6.57     6.15
  SINCE JAN 1     24.51                     14.25  10.26    10.14

DEGREE DAYS
 HEATING
  YESTERDAY        0                         0      0        0
  MONTH TO DATE    0                         0      0        0
  SINCE JUN 1      0                         1     -1        0
  SINCE JUL 1      0                         0      0        0

 COOLING
  YESTERDAY       24                        19      5       17
  MONTH TO DATE  559                       524     35      549
  SINCE JUN 1   1025                       959     66     1016
  SINCE JAN 1   1414                      1356     58     1530
..................................................................


WIND (MPH)
  HIGHEST WIND SPEED    17   HIGHEST WIND DIRECTION    SE (120)
  HIGHEST GUST SPEED    23   HIGHEST GUST DIRECTION    SE (140)
  AVERAGE WIND SPEED     7.5


SKY COVER
  POSSIBLE SUNSHINE  MM
  AVERAGE SKY COVER 0.1


WEATHER CONDITIONS
 THE FOLLOWING WEATHER WAS RECORDED YESTERDAY.
  NO SIGNIFICANT WEATHER WAS OBSERVED.


RELATIVE HUMIDITY (PERCENT)
 HIGHEST    74           600 AM
 LOWEST     29           400 PM
 AVERAGE    52

..........................................................


THE ABILENE CLIMATE NORMALS FOR TODAY
                         NORMAL    RECORD    YEAR
 MAXIMUM TEMPERATURE (F)   95       106      1912
 MINIMUM TEMPERATURE (F)   73        63      1972
                                             1971


SUNRISE AND SUNSET
JULY 30 2015..........SUNRISE   652 AM CDT   SUNSET   838 PM CDT
JULY 31 2015..........SUNRISE   652 AM CDT   SUNSET   837 PM CDT


-  INDICATES NEGATIVE NUMBERS.
R  INDICATES RECORD WAS SET OR TIED.
MM INDICATES DATA IS MISSING.
T  INDICATES TRACE AMOUNT.




$$
