000
CDUS44 KSJT 172337
CLIABI


CLIMATE REPORT
NATIONAL WEATHER SERVICE SAN ANGELO TX
537 PM CST SUN DEC 17 2017


...................................

...THE ABILENE CLIMATE SUMMARY FOR DECEMBER 17 2017...
VALID TODAY AS OF 0500 PM LOCAL TIME.

CLIMATE NORMAL PERIOD 1981 TO 2010
CLIMATE RECORD PERIOD 1886 TO 2017


WEATHER ITEM   OBSERVED TIME   RECORD YEAR NORMAL DEPARTURE LAST
                VALUE   (LST)  VALUE       VALUE  FROM      YEAR
                                                  NORMAL
..................................................................
TEMPERATURE (F)
 TODAY
  MAXIMUM         63    236 PM  78    1962  56      7       64
  MINIMUM         39    736 AM  16    2016  33      6       16
                                      1887
  AVERAGE         51                        45      6       40

PRECIPITATION (IN)
  TODAY            0.00          0.92 1898   0.05  -0.05     0.00
  MONTH TO DATE    T                         0.69  -0.69     1.39
  SINCE DEC 1      T                         0.69  -0.69     1.39
  SINCE JAN 1     19.89                     24.28  -4.39    37.00

SNOWFALL (IN)
  TODAY            0.0           0.0  2002   0.1   -0.1      0.0
  MONTH TO DATE    0.0                       0.5   -0.5       T
  SINCE NOV 1      0.0                       1.2   -1.2       T
  SINCE JUL 1      T                         1.2   -1.2       T

DEGREE DAYS
 HEATING
  TODAY           14                        20     -6       25
  MONTH TO DATE  272                       319    -47      340
  SINCE DEC 1    272                       319    -47      340
  SINCE JUL 1    667                       752    -85      531

 COOLING
  TODAY            0                         0      0        0
  MONTH TO DATE    1                         0      1        0
  SINCE DEC 1      1                         0      1        0
  SINCE JAN 1   2425                      2408     17     2601
..................................................................


WIND (MPH)
  HIGHEST WIND SPEED    20   HIGHEST WIND DIRECTION     S (190)
  HIGHEST GUST SPEED    25   HIGHEST GUST DIRECTION     S (170)
  AVERAGE WIND SPEED     9.3


SKY COVER
  POSSIBLE SUNSHINE  MM
  AVERAGE SKY COVER 0.3


WEATHER CONDITIONS
 THE FOLLOWING WEATHER WAS RECORDED TODAY.
  NO SIGNIFICANT WEATHER WAS OBSERVED.


RELATIVE HUMIDITY (PERCENT)
 HIGHEST   100           700 AM
 LOWEST     43           300 PM
 AVERAGE    72

..........................................................


THE ABILENE CLIMATE NORMALS FOR TOMORROW
                         NORMAL    RECORD    YEAR
 MAXIMUM TEMPERATURE (F)   56        78      1980
                                             1977
 MINIMUM TEMPERATURE (F)   33        10      2016


SUNRISE AND SUNSET
DECEMBER 17 2017......SUNRISE   734 AM CST   SUNSET   536 PM CST
DECEMBER 18 2017......SUNRISE   735 AM CST   SUNSET   536 PM CST


-  INDICATES NEGATIVE NUMBERS.
R  INDICATES RECORD WAS SET OR TIED.
MM INDICATES DATA IS MISSING.
T  INDICATES TRACE AMOUNT.




$$
