000
CDUS44 KSJT 250752
CLIABI


CLIMATE REPORT
NATIONAL WEATHER SERVICE SAN ANGELO TX
151 AM CST THU DEC 25 2014


...................................

...THE ABILENE CLIMATE SUMMARY FOR DECEMBER 24 2014...

CLIMATE NORMAL PERIOD 1981 TO 2010
CLIMATE RECORD PERIOD 1886 TO 2014


WEATHER ITEM   OBSERVED TIME   RECORD YEAR NORMAL DEPARTURE LAST
                VALUE   (LST)  VALUE       VALUE  FROM      YEAR
                                                  NORMAL
..................................................................
TEMPERATURE (F)
 YESTERDAY
  MAXIMUM         51    436 PM  89    1955  56     -5       60
  MINIMUM         34   1137 PM   4    1983  33      1       25
  AVERAGE         43                        44     -1       43

PRECIPITATION (IN)
  YESTERDAY        0.00          1.36 1895   0.04  -0.04     0.00
  MONTH TO DATE    0.28                      0.97  -0.69     1.11
  SINCE DEC 1      0.28                      0.97  -0.69     1.11
  SINCE JAN 1     14.77                     24.56  -9.79    23.19

SNOWFALL (IN)
  YESTERDAY        0.0           3.0  2009   0.1   -0.1      0.0
  MONTH TO DATE    0.0                       0.8   -0.8      0.8
  SINCE NOV 1      0.1                       1.5   -1.4      1.3
  SINCE JUL 1      0.1                       1.5   -1.4      1.3

DEGREE DAYS
 HEATING
  YESTERDAY       22                        21      1       22
  MONTH TO DATE  283                       465   -182      522
  SINCE DEC 1    283                       465   -182      522
  SINCE JUL 1    700                       898   -198      994

 COOLING
  YESTERDAY        0                         0      0        0
  MONTH TO DATE    0                         0      0        1
  SINCE DEC 1      0                         0      0        1
  SINCE JAN 1   2819                      2408    411     2723
..................................................................


WIND (MPH)
  HIGHEST WIND SPEED    30   HIGHEST WIND DIRECTION     N (350)
  HIGHEST GUST SPEED    34   HIGHEST GUST DIRECTION     N (350)
  AVERAGE WIND SPEED    12.4


SKY COVER
  POSSIBLE SUNSHINE  MM
  AVERAGE SKY COVER 0.2


WEATHER CONDITIONS
 THE FOLLOWING WEATHER WAS RECORDED YESTERDAY.
  NO SIGNIFICANT WEATHER WAS OBSERVED.


RELATIVE HUMIDITY (PERCENT)
 HIGHEST    82           700 AM
 LOWEST     28           400 PM
 AVERAGE    55

..........................................................


THE ABILENE CLIMATE NORMALS FOR TODAY
                         NORMAL    RECORD    YEAR
 MAXIMUM TEMPERATURE (F)   56        76      1971
                                             1942
 MINIMUM TEMPERATURE (F)   33         6      1983


SUNRISE AND SUNSET
DECEMBER 25 2014......SUNRISE   738 AM CST   SUNSET   540 PM CST
DECEMBER 26 2014......SUNRISE   738 AM CST   SUNSET   540 PM CST


-  INDICATES NEGATIVE NUMBERS.
R  INDICATES RECORD WAS SET OR TIED.
MM INDICATES DATA IS MISSING.
T  INDICATES TRACE AMOUNT.


$$
