000
CDUS44 KSJT 241232
CLIABI


CLIMATE REPORT
NATIONAL WEATHER SERVICE SAN ANGELO TX
632 AM CST FRI FEB 24 2017


...................................

...THE ABILENE CLIMATE SUMMARY FOR FEBRUARY 23 2017...

CLIMATE NORMAL PERIOD 1981 TO 2010
CLIMATE RECORD PERIOD 1886 TO 2017


WEATHER ITEM   OBSERVED TIME   RECORD YEAR NORMAL DEPARTURE LAST
                VALUE   (LST)  VALUE       VALUE  FROM      YEAR
                                                  NORMAL
..................................................................
TEMPERATURE (F)
 YESTERDAY
  MAXIMUM         89R   426 PM  89    1918  62     27       48
  MINIMUM         57    135 AM  13    1901  39     18       38
  AVERAGE         73                        50     23       43

PRECIPITATION (IN)
  YESTERDAY        0.00          1.09 1888   0.05  -0.05     0.12
  MONTH TO DATE    1.45                      1.10   0.35     0.68
  SINCE DEC 1      4.77                      3.35   1.42     2.92
  SINCE JAN 1      3.38                      2.12   1.26     0.72

SNOWFALL (IN)
  YESTERDAY        0.0           4.0  2010   0.1   -0.1      0.0
  MONTH TO DATE    0.0                       0.7   -0.7      0.0
  SINCE NOV 1      T                         4.0   -4.0      5.1
  SINCE JUL 1      T                         4.0   -4.0      5.1

DEGREE DAYS
 HEATING
  YESTERDAY        0                        15    -15       22
  MONTH TO DATE  231                       394   -163      278
  SINCE DEC 1   1345                      1630   -285     1342
  SINCE JUL 1   1536                      2063   -527     1685

 COOLING
  YESTERDAY        8                         0      8        0
  MONTH TO DATE   24                         0     24       14
  SINCE DEC 1     27                         2     25       14
  SINCE JAN 1     27                         1     26       14
..................................................................


WIND (MPH)
  HIGHEST WIND SPEED    25   HIGHEST WIND DIRECTION     W (260)
  HIGHEST GUST SPEED    35   HIGHEST GUST DIRECTION    SW (230)
  AVERAGE WIND SPEED    13.1


SKY COVER
  POSSIBLE SUNSHINE  MM
  AVERAGE SKY COVER 0.0


WEATHER CONDITIONS
 THE FOLLOWING WEATHER WAS RECORDED YESTERDAY.
  NO SIGNIFICANT WEATHER WAS OBSERVED.


RELATIVE HUMIDITY (PERCENT)
 HIGHEST    57          1200 AM
 LOWEST     11           400 PM
 AVERAGE    34

..........................................................


THE ABILENE CLIMATE NORMALS FOR TODAY
                         NORMAL    RECORD    YEAR
 MAXIMUM TEMPERATURE (F)   63        91      1918
 MINIMUM TEMPERATURE (F)   39        14      1889


SUNRISE AND SUNSET
FEBRUARY 24 2017......SUNRISE   712 AM CST   SUNSET   632 PM CST
FEBRUARY 25 2017......SUNRISE   711 AM CST   SUNSET   633 PM CST


-  INDICATES NEGATIVE NUMBERS.
R  INDICATES RECORD WAS SET OR TIED.
MM INDICATES DATA IS MISSING.
T  INDICATES TRACE AMOUNT.




$$
