000
CDUS44 KSJT 200658
CLIABI


CLIMATE REPORT
NATIONAL WEATHER SERVICE SAN ANGELO TX
156 AM CDT SUN APR 20 2014


...................................

...THE ABILENE CLIMATE SUMMARY FOR APRIL 19 2014...

CLIMATE NORMAL PERIOD 1981 TO 2010
CLIMATE RECORD PERIOD 1886 TO 2014


WEATHER ITEM   OBSERVED TIME   RECORD YEAR NORMAL DEPARTURE LAST
                VALUE   (LST)  VALUE       VALUE  FROM      YEAR
                                                  NORMAL
..................................................................
TEMPERATURE (F)
 YESTERDAY
  MAXIMUM         78    506 PM  98    2011  78      0       67
                                      2000
  MINIMUM         57    554 AM  34    2013  53      4       34
  AVERAGE         68                        66      2       51

PRECIPITATION (IN)
  YESTERDAY        T             1.75 2006   0.06  -0.06     0.00
  MONTH TO DATE    0.21                      0.91  -0.70     1.72
  SINCE MAR 1      0.88                      2.65  -1.77     2.33
  SINCE JAN 1      1.37                      5.03  -3.66     4.22

SNOWFALL (IN)
  YESTERDAY        0.0           0.0  2002   0.0    0.0      0.0
  MONTH TO DATE    T                         0.3   -0.3       T
  SINCE NOV 1      3.1                       4.7   -1.6      1.1
  SINCE JUL 1      3.1                       4.7   -1.6      1.1

DEGREE DAYS
 HEATING
  YESTERDAY        0                         3     -3       14
  MONTH TO DATE   88                        88      0      120
  SINCE MAR 1    428                       386     42      381
  SINCE JUL 1   2790                      2519    271     2216

 COOLING
  YESTERDAY        3                         4     -1        0
  MONTH TO DATE   80                        50     30       85
  SINCE MAR 1    119                        79     40      125
  SINCE JAN 1    124                        84     40      131
..................................................................


WIND (MPH)
  HIGHEST WIND SPEED    22   HIGHEST WIND DIRECTION     S (170)
  HIGHEST GUST SPEED    26   HIGHEST GUST DIRECTION     S (170)
  AVERAGE WIND SPEED    13.6


SKY COVER
  POSSIBLE SUNSHINE  MM
  AVERAGE SKY COVER 0.2


WEATHER CONDITIONS
 THE FOLLOWING WEATHER WAS RECORDED YESTERDAY.
  NO SIGNIFICANT WEATHER WAS OBSERVED.


RELATIVE HUMIDITY (PERCENT)
 HIGHEST    72           200 AM
 LOWEST     35           500 PM
 AVERAGE    54

..........................................................


THE ABILENE CLIMATE NORMALS FOR TODAY
                         NORMAL    RECORD    YEAR
 MAXIMUM TEMPERATURE (F)   79        96      1984
 MINIMUM TEMPERATURE (F)   53        38      1953


SUNRISE AND SUNSET
APRIL 20 2014.........SUNRISE   704 AM CDT   SUNSET   812 PM CDT
APRIL 21 2014.........SUNRISE   703 AM CDT   SUNSET   813 PM CDT


-  INDICATES NEGATIVE NUMBERS.
R  INDICATES RECORD WAS SET OR TIED.
MM INDICATES DATA IS MISSING.
T  INDICATES TRACE AMOUNT.




$$
