000
CDUS44 KSJT 102327
CLIABI


CLIMATE REPORT
NATIONAL WEATHER SERVICE SAN ANGELO TX
527 PM CST SAT DEC 10 2016


...................................

...THE ABILENE CLIMATE SUMMARY FOR DECEMBER 10 2016...
VALID TODAY AS OF 0500 PM LOCAL TIME.

CLIMATE NORMAL PERIOD 1981 TO 2010
CLIMATE RECORD PERIOD 1886 TO 2016


WEATHER ITEM   OBSERVED TIME   RECORD YEAR NORMAL DEPARTURE LAST
                VALUE   (LST)  VALUE       VALUE  FROM      YEAR
                                                  NORMAL
..................................................................
TEMPERATURE (F)
 TODAY
  MAXIMUM         59    353 PM  82    1939  57      2       73
  MINIMUM         33    711 AM   1    1898  34     -1       42
  AVERAGE         46                        46      0       58

PRECIPITATION (IN)
  TODAY            0.00          1.83 1946   0.04  -0.04     0.00
  MONTH TO DATE    1.37                      0.40   0.97     0.00
  SINCE DEC 1      1.37                      0.40   0.97     0.00
  SINCE JAN 1     36.98                     23.99  12.99    38.21

SNOWFALL (IN)
  TODAY            0.0           2.0  1967   0.1   -0.1      0.0
  MONTH TO DATE    T                         0.3   -0.3      0.0
  SINCE NOV 1      T                         1.0   -1.0       T
  SINCE JUL 1      T                         1.0   -1.0       T

DEGREE DAYS
 HEATING
  TODAY           19                        19      0        7
  MONTH TO DATE  214                       180     34      137
  SINCE DEC 1    214                       180     34      137
  SINCE JUL 1    405                       613   -208      480

 COOLING
  TODAY            0                         0      0        0
  MONTH TO DATE    0                         0      0        0
  SINCE DEC 1      0                         0      0        0
  SINCE JAN 1   2601                      2408    193     2739
..................................................................


WIND (MPH)
  HIGHEST WIND SPEED    29   HIGHEST WIND DIRECTION     S (200)
  HIGHEST GUST SPEED    37   HIGHEST GUST DIRECTION     S (200)
  AVERAGE WIND SPEED    14.9


SKY COVER
  POSSIBLE SUNSHINE  MM
  AVERAGE SKY COVER 0.2


WEATHER CONDITIONS
 THE FOLLOWING WEATHER WAS RECORDED TODAY.
  NO SIGNIFICANT WEATHER WAS OBSERVED.


RELATIVE HUMIDITY (PERCENT)
 HIGHEST    70           900 AM
 LOWEST     53           300 PM
 AVERAGE    62

..........................................................


THE ABILENE CLIMATE NORMALS FOR TOMORROW
                         NORMAL    RECORD    YEAR
 MAXIMUM TEMPERATURE (F)   57        83      2015
                                             1939
 MINIMUM TEMPERATURE (F)   34        18      1932


SUNRISE AND SUNSET
DECEMBER 10 2016......SUNRISE   730 AM CST   SUNSET   534 PM CST
DECEMBER 11 2016......SUNRISE   730 AM CST   SUNSET   534 PM CST


-  INDICATES NEGATIVE NUMBERS.
R  INDICATES RECORD WAS SET OR TIED.
MM INDICATES DATA IS MISSING.
T  INDICATES TRACE AMOUNT.




$$
