000
CDUS44 KSJT 250657
CLIABI


CLIMATE REPORT
NATIONAL WEATHER SERVICE SAN ANGELO TX
156 AM CDT THU AUG 25 2016


...................................

...THE ABILENE CLIMATE SUMMARY FOR AUGUST 24 2016...

CLIMATE NORMAL PERIOD 1981 TO 2010
CLIMATE RECORD PERIOD 1886 TO 2016


WEATHER ITEM   OBSERVED TIME   RECORD YEAR NORMAL DEPARTURE LAST
                VALUE   (LST)  VALUE       VALUE  FROM      YEAR
                                                  NORMAL
..................................................................
TEMPERATURE (F)
 YESTERDAY
  MAXIMUM         93    437 PM 103    2006  93      0       96
                                      1952
                                      1936
  MINIMUM         71    636 AM  55    1961  71      0       67
                                      1916
  AVERAGE         82                        82      0       82

PRECIPITATION (IN)
  YESTERDAY        0.00          2.37 1888   0.09  -0.09     0.00
  MONTH TO DATE    4.27                      1.97   2.30     0.61
  SINCE JUN 1      8.04                      7.40   0.64    12.53
  SINCE JAN 1     25.84                     16.34   9.50    25.16

DEGREE DAYS
 HEATING
  YESTERDAY        0                         0      0        0
  MONTH TO DATE    0                         0      0        0
  SINCE JUN 1      0                         1     -1        0
  SINCE JUL 1      0                         0      0        0

 COOLING
  YESTERDAY       17                        17      0       17
  MONTH TO DATE  453                       440     13      498
  SINCE JUN 1   1584                      1436    148     1570
  SINCE JAN 1   1893                      1833     60     1959
..................................................................


WIND (MPH)
  HIGHEST WIND SPEED    23   HIGHEST WIND DIRECTION    SW (210)
  HIGHEST GUST SPEED    29   HIGHEST GUST DIRECTION     S (180)
  AVERAGE WIND SPEED    13.6


SKY COVER
  POSSIBLE SUNSHINE  MM
  AVERAGE SKY COVER 0.1


WEATHER CONDITIONS
 THE FOLLOWING WEATHER WAS RECORDED YESTERDAY.
  NO SIGNIFICANT WEATHER WAS OBSERVED.


RELATIVE HUMIDITY (PERCENT)
 HIGHEST    90           700 AM
 LOWEST     38           400 PM
 AVERAGE    64

..........................................................


THE ABILENE CLIMATE NORMALS FOR TODAY
                         NORMAL    RECORD    YEAR
 MAXIMUM TEMPERATURE (F)   93       105      2011
 MINIMUM TEMPERATURE (F)   71        58      1926


SUNRISE AND SUNSET
AUGUST 25 2016........SUNRISE   710 AM CDT   SUNSET   811 PM CDT
AUGUST 26 2016........SUNRISE   710 AM CDT   SUNSET   810 PM CDT


-  INDICATES NEGATIVE NUMBERS.
R  INDICATES RECORD WAS SET OR TIED.
MM INDICATES DATA IS MISSING.
T  INDICATES TRACE AMOUNT.




$$
