000
CDUS45 KABQ 230833
CLIABQ


CLIMATE REPORT
NATIONAL WEATHER SERVICE ALBUQUERQUE NM
129 AM MST FRI FEB 23 2018


...................................

...THE ALBUQUERQUE  NM CLIMATE SUMMARY FOR FEBRUARY 22 2018...

CLIMATE NORMAL PERIOD 1981 TO 2010
CLIMATE RECORD PERIOD 1891 TO 2018


WEATHER ITEM   OBSERVED TIME   RECORD YEAR NORMAL DEPARTURE LAST
                VALUE   (LST)  VALUE       VALUE  FROM      YEAR
                                                  NORMAL
..................................................................
TEMPERATURE (F)
 YESTERDAY
  MAXIMUM         48    442 PM  71    1918  55     -7       66
                                      1904
  MINIMUM         29   1054 PM  12    1975  32     -3       42
                                      1955
                                      1953
  AVERAGE         39                        43     -4       54

PRECIPITATION (IN)
  YESTERDAY        0.01          0.25 1940   0.01   0.00
  MONTH TO DATE    0.51                      0.37   0.14
  SINCE DEC 1      0.54                      1.25  -0.71
  SINCE JAN 1      0.54                      0.75  -0.21

SNOWFALL (IN)
  YESTERDAY        T
  MONTH TO DATE    0.3
  SINCE DEC 1      0.3
  SINCE JUL 1      0.3
  SNOW DEPTH       0

DEGREE DAYS
 HEATING
  YESTERDAY       26                        22      4       11
  MONTH TO DATE  423                       535   -112      387
  SINCE DEC 1   1979                      2310   -331     1973
  SINCE JUL 1   2548                      3177   -629     2550

 COOLING
  YESTERDAY        0                         0      0        0
  MONTH TO DATE    0                         0      0        0
  SINCE DEC 1      0                         0      0        0
  SINCE JAN 1      0                         0      0        0
..................................................................


WIND (MPH)
  HIGHEST WIND SPEED    24   HIGHEST WIND DIRECTION     W (270)
  HIGHEST GUST SPEED    32   HIGHEST GUST DIRECTION     W (270)
  AVERAGE WIND SPEED     8.0


SKY COVER
  POSSIBLE SUNSHINE  MM
  AVERAGE SKY COVER 0.6


WEATHER CONDITIONS
 THE FOLLOWING WEATHER WAS RECORDED YESTERDAY.
  LIGHT SNOW


RELATIVE HUMIDITY (PERCENT)
 HIGHEST    75          1200 AM
 LOWEST     21           600 PM
 AVERAGE    48

..........................................................


THE ALBUQUERQUE  NM CLIMATE NORMALS FOR TODAY
                         NORMAL    RECORD    YEAR
 MAXIMUM TEMPERATURE (F)   55        78      1904
 MINIMUM TEMPERATURE (F)   32         5      1975


SUNRISE AND SUNSET
FEBRUARY 23 2018......SUNRISE   643 AM MST   SUNSET   557 PM MST
FEBRUARY 24 2018......SUNRISE   642 AM MST   SUNSET   558 PM MST


-  INDICATES NEGATIVE NUMBERS.
R  INDICATES RECORD WAS SET OR TIED.
MM INDICATES DATA IS MISSING.
T  INDICATES TRACE AMOUNT.

$$
