000
CDUS45 KABQ 210027
CLIABQ


CLIMATE REPORT
NATIONAL WEATHER SERVICE ALBUQUERQUE NM
526 PM MST MON FEB 20 2017


...................................

...THE ALBUQUERQUE  NM CLIMATE SUMMARY FOR FEBRUARY 20 2017...
VALID TODAY AS OF 0500 PM LOCAL TIME.

CLIMATE NORMAL PERIOD 1981 TO 2010
CLIMATE RECORD PERIOD 1891 TO 2017


WEATHER ITEM   OBSERVED TIME   RECORD YEAR NORMAL DEPARTURE LAST
                VALUE   (LST)  VALUE       VALUE  FROM      YEAR
                                                  NORMAL
..................................................................
TEMPERATURE (F)
 TODAY
  MAXIMUM         60    452 PM  74    1981  54      6       73
  MINIMUM         38    715 AM   9    1955  31      7       38
  AVERAGE         49                        43      6       56

PRECIPITATION (IN)
  TODAY            0.00          0.19 2005   0.02  -0.02
  MONTH TO DATE    0.35                      0.34   0.01
  SINCE DEC 1      1.90                      1.22   0.68
  SINCE JAN 1      1.39                      0.72   0.67

SNOWFALL (IN)
  TODAY            0.0
  MONTH TO DATE    1.6
  SINCE DEC 1      2.8
  SINCE JUL 1      2.9
  SNOW DEPTH       0

DEGREE DAYS
 HEATING
  TODAY           16                        22     -6        9
  MONTH TO DATE  367                       491   -124      406
  SINCE DEC 1   1953                      2266   -313     2135
  SINCE JUL 1   2530                      3133   -603     2852

 COOLING
  TODAY            0                         0      0        0
  MONTH TO DATE    0                         0      0        0
  SINCE DEC 1      0                         0      0        0
  SINCE JAN 1      0                         0      0        0
..................................................................


WIND (MPH)
  HIGHEST WIND SPEED    23   HIGHEST WIND DIRECTION    NW (310)
  HIGHEST GUST SPEED    31   HIGHEST GUST DIRECTION    NW (300)
  AVERAGE WIND SPEED     9.8


SKY COVER
  POSSIBLE SUNSHINE  MM
  AVERAGE SKY COVER 0.5



RELATIVE HUMIDITY (PERCENT)
 HIGHEST    85           700 AM
 LOWEST     25           400 PM
 AVERAGE    55

..........................................................


THE ALBUQUERQUE  NM CLIMATE NORMALS FOR TOMORROW
                         NORMAL    RECORD    YEAR
 MAXIMUM TEMPERATURE (F)   54        72      1972
 MINIMUM TEMPERATURE (F)   32         8      1912


SUNRISE AND SUNSET
FEBRUARY 20 2017......SUNRISE   646 AM MST   SUNSET   554 PM MST
FEBRUARY 21 2017......SUNRISE   645 AM MST   SUNSET   555 PM MST


-  INDICATES NEGATIVE NUMBERS.
R  INDICATES RECORD WAS SET OR TIED.
MM INDICATES DATA IS MISSING.
T  INDICATES TRACE AMOUNT.




$$
