000
CDUS45 KABQ 200017
CLIABQ


CLIMATE REPORT
NATIONAL WEATHER SERVICE ALBUQUERQUE NM
616 PM MDT FRI SEP 19 2014


...................................

...THE ALBUQUERQUE  NM CLIMATE SUMMARY FOR SEPTEMBER 19 2014...
VALID TODAY AS OF 0500 PM LOCAL TIME.

CLIMATE NORMAL PERIOD 1981 TO 2010
CLIMATE RECORD PERIOD 1897 TO 2014


WEATHER ITEM   OBSERVED TIME   RECORD YEAR NORMAL DEPARTURE LAST
                VALUE   (LST)  VALUE       VALUE  FROM      YEAR
                                                  NORMAL
..................................................................
TEMPERATURE (F)
 TODAY
  MAXIMUM         82    413 PM  93    1956  80      2       84
  MINIMUM         64    613 AM  34    1912  57      7       62
  AVERAGE         73                        68      5       73

PRECIPITATION (IN)
  TODAY            0.00          0.75 2004   0.04  -0.04
  MONTH TO DATE    0.55                      0.68  -0.13
  SINCE SEP 1      0.55                      0.68  -0.13
  SINCE JAN 1      6.61                      6.96  -0.35

SNOWFALL (IN)
  TODAY            0.0
  MONTH TO DATE    0.0
  SINCE SEP 1      0.0
  SINCE JUL 1      0.0
  SNOW DEPTH       0

DEGREE DAYS
 HEATING
  TODAY            0                         1     -1        0
  MONTH TO DATE    5                         5      0        0
  SINCE SEP 1      5                         5      0        0
  SINCE JUL 1      5                         5      0        0

 COOLING
  TODAY            8                         4      4        8
  MONTH TO DATE  146                       127     19      166
  SINCE SEP 1    146                       127     19      166
  SINCE JAN 1   1376                      1284     92     1541
..................................................................


WIND (MPH)
  HIGHEST WIND SPEED    12   HIGHEST WIND DIRECTION    SE (140)
  HIGHEST GUST SPEED    16   HIGHEST GUST DIRECTION    SW (240)
  AVERAGE WIND SPEED     4.3


SKY COVER
  POSSIBLE SUNSHINE  MM
  AVERAGE SKY COVER 0.7



RELATIVE HUMIDITY (PERCENT)
 HIGHEST    78           500 AM
 LOWEST     39           200 PM
 AVERAGE    59

..........................................................


THE ALBUQUERQUE  NM CLIMATE NORMALS FOR TOMORROW
                         NORMAL    RECORD    YEAR
 MAXIMUM TEMPERATURE (F)   79        93      1956
 MINIMUM TEMPERATURE (F)   56        34      1912


SUNRISE AND SUNSET
SEPTEMBER 19 2014.....SUNRISE   652 AM MDT   SUNSET   707 PM MDT
SEPTEMBER 20 2014.....SUNRISE   653 AM MDT   SUNSET   706 PM MDT


-  INDICATES NEGATIVE NUMBERS.
R  INDICATES RECORD WAS SET OR TIED.
MM INDICATES DATA IS MISSING.
T  INDICATES TRACE AMOUNT.




$$
