000
CDUS45 KABQ 010017
CLIABQ


CLIMATE REPORT
NATIONAL WEATHER SERVICE ALBUQUERQUE NM
515 PM MST SAT FEB 28 2015


...................................

...THE ALBUQUERQUE  NM CLIMATE SUMMARY FOR FEBRUARY 28 2015...
VALID TODAY AS OF 0500 PM LOCAL TIME.

CLIMATE NORMAL PERIOD 1981 TO 2010
CLIMATE RECORD PERIOD 1891 TO 2015


WEATHER ITEM   OBSERVED TIME   RECORD YEAR NORMAL DEPARTURE LAST
                VALUE   (LST)  VALUE       VALUE  FROM      YEAR
                                                  NORMAL
..................................................................
TEMPERATURE (F)
 TODAY
  MAXIMUM         38    239 PM  76    1904  56    -18       64
  MINIMUM         19    514 AM   9    1962  33    -14       33
  AVERAGE         29                        45    -16       49

PRECIPITATION (IN)
  TODAY            0.29          0.80 1993   0.02   0.27
  MONTH TO DATE    0.61                      0.48   0.13
  SINCE DEC 1      2.45                      1.36   1.09
  SINCE JAN 1      1.31                      0.86   0.45

SNOWFALL (IN)
  TODAY            4.7
  MONTH TO DATE    9.8
  SINCE DEC 1     15.2
  SINCE JUL 1     15.2
  SNOW DEPTH       8

DEGREE DAYS
 HEATING
  TODAY           36                        20     16       16
  MONTH TO DATE  600                       661    -61      547
  SINCE DEC 1   2238                      2436   -198     2253
  SINCE JUL 1   2921                      3303   -382     3143

 COOLING
  TODAY            0                         0      0        0
  MONTH TO DATE    0                         0      0        0
  SINCE DEC 1      0                         0      0        0
  SINCE JAN 1      0                         0      0        0
..................................................................


WIND (MPH)
  HIGHEST WIND SPEED    17   HIGHEST WIND DIRECTION     N (10)
  HIGHEST GUST SPEED    20   HIGHEST GUST DIRECTION     N (10)
  AVERAGE WIND SPEED     7.7


SKY COVER
  POSSIBLE SUNSHINE  MM
  AVERAGE SKY COVER 0.9



RELATIVE HUMIDITY (PERCENT)
 HIGHEST    91           100 AM
 LOWEST     64           200 PM
 AVERAGE    78

..........................................................


THE ALBUQUERQUE  NM CLIMATE NORMALS FOR TOMORROW
                         NORMAL    RECORD    YEAR
 MAXIMUM TEMPERATURE (F)   57        74      1974
 MINIMUM TEMPERATURE (F)   33         9      1922


SUNRISE AND SUNSET
FEBRUARY 28 2015......SUNRISE   637 AM MST   SUNSET   601 PM MST
MARCH  1 2015.........SUNRISE   636 AM MST   SUNSET   602 PM MST


-  INDICATES NEGATIVE NUMBERS.
R  INDICATES RECORD WAS SET OR TIED.
MM INDICATES DATA IS MISSING.
T  INDICATES TRACE AMOUNT.




$$
