000
CDUS45 KABQ 270024
CLIABQ


CLIMATE REPORT
NATIONAL WEATHER SERVICE ALBUQUERQUE NM
624 PM MDT WED APR 26 2017


...................................

...THE ALBUQUERQUE  NM CLIMATE SUMMARY FOR APRIL 26 2017...
VALID TODAY AS OF 0500 PM LOCAL TIME.

CLIMATE NORMAL PERIOD 1981 TO 2010
CLIMATE RECORD PERIOD 1891 TO 2017


WEATHER ITEM   OBSERVED TIME   RECORD YEAR NORMAL DEPARTURE LAST
                VALUE   (LST)  VALUE       VALUE  FROM      YEAR
                                                  NORMAL
..................................................................
TEMPERATURE (F)
 TODAY
  MAXIMUM         68    456 PM  87    2012  72     -4       60
  MINIMUM         41    510 AM  28    1984  46     -5       40
  AVERAGE         55                        59     -4       50

PRECIPITATION (IN)
  TODAY            0.00          0.59 1998   0.02  -0.02
  MONTH TO DATE    0.42                      0.54  -0.12
  SINCE MAR 1      0.62                      1.11  -0.49
  SINCE JAN 1      2.01                      1.97   0.04

SNOWFALL (IN)
  TODAY            0.0
  MONTH TO DATE    T
  SINCE MAR 1      T
  SINCE JUL 1      2.9
  SNOW DEPTH       0

DEGREE DAYS
 HEATING
  TODAY           10                         6      4       15
  MONTH TO DATE  176                       255    -79      237
  SINCE MAR 1    484                       779   -295      649
  SINCE JUL 1   3166                      4082   -916     3659

 COOLING
  TODAY            0                         1     -1        0
  MONTH TO DATE    4                         2      2        4
  SINCE MAR 1      5                         2      3        4
  SINCE JAN 1      5                         2      3        4
..................................................................


WIND (MPH)
  HIGHEST WIND SPEED    24   HIGHEST WIND DIRECTION     W (250)
  HIGHEST GUST SPEED    34   HIGHEST GUST DIRECTION     W (250)
  AVERAGE WIND SPEED    10.7


SKY COVER
  POSSIBLE SUNSHINE  MM
  AVERAGE SKY COVER 0.3



RELATIVE HUMIDITY (PERCENT)
 HIGHEST    62           300 AM
 LOWEST     13           400 PM
 AVERAGE    38

..........................................................


THE ALBUQUERQUE  NM CLIMATE NORMALS FOR TOMORROW
                         NORMAL    RECORD    YEAR
 MAXIMUM TEMPERATURE (F)   73        88      1910
 MINIMUM TEMPERATURE (F)   47        29      1984


SUNRISE AND SUNSET
APRIL 26 2017.........SUNRISE   621 AM MDT   SUNSET   748 PM MDT
APRIL 27 2017.........SUNRISE   620 AM MDT   SUNSET   749 PM MDT


-  INDICATES NEGATIVE NUMBERS.
R  INDICATES RECORD WAS SET OR TIED.
MM INDICATES DATA IS MISSING.
T  INDICATES TRACE AMOUNT.




$$
