000
CDUS45 KABQ 190012
CLIABQ


CLIMATE REPORT
NATIONAL WEATHER SERVICE ALBUQUERQUE NM
612 PM MDT FRI APR 18 2014


...................................

...THE ALBUQUERQUE  NM CLIMATE SUMMARY FOR APRIL 18 2014...
VALID TODAY AS OF 0500 PM LOCAL TIME.

CLIMATE NORMAL PERIOD 1981 TO 2010
CLIMATE RECORD PERIOD 1897 TO 2014


WEATHER ITEM   OBSERVED TIME   RECORD YEAR NORMAL DEPARTURE LAST
                VALUE   (LST)  VALUE       VALUE  FROM      YEAR
                                                  NORMAL
..................................................................
TEMPERATURE (F)
 TODAY
  MAXIMUM         78    411 PM  87    1994  70      8       50
  MINIMUM         46    637 AM  28    1896  44      2       32
  AVERAGE         62                        57      5       41

PRECIPITATION (IN)
  TODAY            0.00          0.44 1908   0.02  -0.02
  MONTH TO DATE    0.00                      0.39  -0.39
  SINCE MAR 1      0.22                      0.96  -0.74
  SINCE JAN 1      0.40                      1.82  -1.42

SNOWFALL (IN)
  TODAY            0.0
  MONTH TO DATE    0.0
  SINCE MAR 1      T
  SINCE JUL 1      6.6
  SNOW DEPTH       0

DEGREE DAYS
 HEATING
  TODAY            3                         8     -5       24
  MONTH TO DATE  166                       197    -31      153
  SINCE MAR 1    636                       721    -85      560
  SINCE JUL 1   3779                      4024   -245     3758

 COOLING
  TODAY            0                         0      0        0
  MONTH TO DATE    0                         0      0        2
  SINCE MAR 1      0                         0      0        2
  SINCE JAN 1      0                         0      0        2
..................................................................


WIND (MPH)
  HIGHEST WIND SPEED    29   HIGHEST WIND DIRECTION     S (200)
  HIGHEST GUST SPEED    34   HIGHEST GUST DIRECTION     S (170)
  AVERAGE WIND SPEED     8.5


SKY COVER
  POSSIBLE SUNSHINE  MM
  AVERAGE SKY COVER 0.6



RELATIVE HUMIDITY (PERCENT)
 HIGHEST    45           500 AM
 LOWEST     10           300 PM
 AVERAGE    28

..........................................................


THE ALBUQUERQUE  NM CLIMATE NORMALS FOR TOMORROW
                         NORMAL    RECORD    YEAR
 MAXIMUM TEMPERATURE (F)   70        86      1989
 MINIMUM TEMPERATURE (F)   44        23      1896


SUNRISE AND SUNSET
APRIL 18 2014.........SUNRISE   631 AM MDT   SUNSET   742 PM MDT
APRIL 19 2014.........SUNRISE   629 AM MDT   SUNSET   742 PM MDT


-  INDICATES NEGATIVE NUMBERS.
R  INDICATES RECORD WAS SET OR TIED.
MM INDICATES DATA IS MISSING.
T  INDICATES TRACE AMOUNT.




$$
