000
CDUS45 KABQ 300021
CLIABQ


CLIMATE REPORT
NATIONAL WEATHER SERVICE ALBUQUERQUE NM
620 PM MDT SAT AUG 29 2015


...................................

...THE ALBUQUERQUE  NM CLIMATE SUMMARY FOR AUGUST 29 2015...
VALID TODAY AS OF 0500 PM LOCAL TIME.

CLIMATE NORMAL PERIOD 1981 TO 2010
CLIMATE RECORD PERIOD 1891 TO 2015


WEATHER ITEM   OBSERVED TIME   RECORD YEAR NORMAL DEPARTURE LAST
                VALUE   (LST)  VALUE       VALUE  FROM      YEAR
                                                  NORMAL
..................................................................
TEMPERATURE (F)
 TODAY
  MAXIMUM         89    215 PM  97    1979  86      3       85
  MINIMUM         66    646 AM  48    1915  63      3       62
  AVERAGE         78                        75      3       74

PRECIPITATION (IN)
  TODAY            T             0.88 1993   0.04  -0.04
  MONTH TO DATE    0.32                      1.50  -1.18
  SINCE JUN 1      4.16                      3.66   0.50
  SINCE JAN 1      7.80                      6.20   1.60

SNOWFALL (IN)
  TODAY            0.0
  MONTH TO DATE    0.0
  SINCE JUN 1      0.0
  SINCE JUL 1      0.0
  SNOW DEPTH       0

DEGREE DAYS
 HEATING
  TODAY            0                         0      0        0
  MONTH TO DATE    0                         0      0        0
  SINCE JUN 1      0                         4     -4        0
  SINCE JUL 1      0                         0      0        0

 COOLING
  TODAY           13                        10      3        9
  MONTH TO DATE  405                       327     78      268
  SINCE JUN 1   1167                      1040    127     1093
  SINCE JAN 1   1200                      1138     62     1205
..................................................................


WIND (MPH)
  HIGHEST WIND SPEED    30   HIGHEST WIND DIRECTION     E (110)
  HIGHEST GUST SPEED    35   HIGHEST GUST DIRECTION    SE (130)
  AVERAGE WIND SPEED     9.1


SKY COVER
  POSSIBLE SUNSHINE  MM
  AVERAGE SKY COVER 0.5



RELATIVE HUMIDITY (PERCENT)
 HIGHEST    58           600 AM
 LOWEST     23           400 PM
 AVERAGE    41

..........................................................


THE ALBUQUERQUE  NM CLIMATE NORMALS FOR TOMORROW
                         NORMAL    RECORD    YEAR
 MAXIMUM TEMPERATURE (F)   86        97      2011
 MINIMUM TEMPERATURE (F)   63        47      1915


SUNRISE AND SUNSET
AUGUST 29 2015........SUNRISE   637 AM MDT   SUNSET   737 PM MDT
AUGUST 30 2015........SUNRISE   637 AM MDT   SUNSET   736 PM MDT


-  INDICATES NEGATIVE NUMBERS.
R  INDICATES RECORD WAS SET OR TIED.
MM INDICATES DATA IS MISSING.
T  INDICATES TRACE AMOUNT.




$$
