000
CDUS45 KABQ 010014
CLIABQ


CLIMATE REPORT
NATIONAL WEATHER SERVICE ALBUQUERQUE NM
613 PM MDT TUE JUN 30 2015


...................................

...THE ALBUQUERQUE  NM CLIMATE SUMMARY FOR JUNE 30 2015...
VALID TODAY AS OF 0500 PM LOCAL TIME.

CLIMATE NORMAL PERIOD 1981 TO 2010
CLIMATE RECORD PERIOD 1891 TO 2015


WEATHER ITEM   OBSERVED TIME   RECORD YEAR NORMAL DEPARTURE LAST
                VALUE   (LST)  VALUE       VALUE  FROM      YEAR
                                                  NORMAL
..................................................................
TEMPERATURE (F)
 TODAY
  MAXIMUM         94    459 PM 103    1994  91      3      100
  MINIMUM         69    614 AM  48    1914  65      4       69
  AVERAGE         82                        78      4       85

PRECIPITATION (IN)
  TODAY            0.00          0.64 1911   0.03  -0.03
  MONTH TO DATE    0.56                      0.66  -0.10
  SINCE JUN 1      0.56                      0.66  -0.10
  SINCE JAN 1      4.20                      3.20   1.00

SNOWFALL (IN)
  TODAY            0.0
  MONTH TO DATE    0.0
  SINCE JUN 1      0.0
  SINCE JUL 1     15.2
  SNOW DEPTH       0

DEGREE DAYS
 HEATING
  TODAY            0                         0      0        0
  MONTH TO DATE    0                         0      0        0
  SINCE JUN 1      0                         4     -4        0
  SINCE JUL 1   3651                      4179   -528     3980

 COOLING
  TODAY           17                        13      4       20
  MONTH TO DATE  387                       302     85      386
  SINCE JUN 1    387                       302     85      386
  SINCE JAN 1    420                       400     20      498
..................................................................


WIND (MPH)
  HIGHEST WIND SPEED    21   HIGHEST WIND DIRECTION     E (110)
  HIGHEST GUST SPEED    24   HIGHEST GUST DIRECTION     E (100)
  AVERAGE WIND SPEED     8.3


SKY COVER
  POSSIBLE SUNSHINE  MM
  AVERAGE SKY COVER 0.4



RELATIVE HUMIDITY (PERCENT)
 HIGHEST    47           500 AM
 LOWEST     21           200 PM
 AVERAGE    34

..........................................................


THE ALBUQUERQUE  NM CLIMATE NORMALS FOR TOMORROW
                         NORMAL    RECORD    YEAR
 MAXIMUM TEMPERATURE (F)   91       103      1994
 MINIMUM TEMPERATURE (F)   65        48      1914


SUNRISE AND SUNSET
JUNE 30 2015..........SUNRISE   556 AM MDT   SUNSET   825 PM MDT
JULY  1 2015..........SUNRISE   556 AM MDT   SUNSET   825 PM MDT


-  INDICATES NEGATIVE NUMBERS.
R  INDICATES RECORD WAS SET OR TIED.
MM INDICATES DATA IS MISSING.
T  INDICATES TRACE AMOUNT.




$$
