000
CDUS45 KABQ 250834
CLIABQ


CLIMATE REPORT
NATIONAL WEATHER SERVICE ALBUQUERQUE NM
233 AM MDT SAT MAR 25 2017


...................................

...THE ALBUQUERQUE  NM CLIMATE SUMMARY FOR MARCH 24 2017...

CLIMATE NORMAL PERIOD 1981 TO 2010
CLIMATE RECORD PERIOD 1891 TO 2017


WEATHER ITEM   OBSERVED TIME   RECORD YEAR NORMAL DEPARTURE LAST
                VALUE   (LST)  VALUE       VALUE  FROM      YEAR
                                                  NORMAL
..................................................................
TEMPERATURE (F)
 YESTERDAY
  MAXIMUM         68    409 PM  80    1938  63      5       62
  MINIMUM         42    123 AM  17    1914  37      5       32
  AVERAGE         55                        50      5       47

PRECIPITATION (IN)
  YESTERDAY        0.00          0.57 1958   0.02  -0.02
  MONTH TO DATE    T                         0.44  -0.44
  SINCE MAR 1      T                         0.44  -0.44
  SINCE JAN 1      1.39                      1.30   0.09

SNOWFALL (IN)
  YESTERDAY        0.0
  MONTH TO DATE    0.0
  SINCE MAR 1      0.0
  SINCE JUL 1      2.9
  SNOW DEPTH       0

DEGREE DAYS
 HEATING
  YESTERDAY       10                        15     -5       18
  MONTH TO DATE  222                       424   -202      302
  SINCE MAR 1    222                       424   -202      302
  SINCE JUL 1   2904                      3727   -823     3312

 COOLING
  YESTERDAY        0                         0      0        0
  MONTH TO DATE    1                         0      1        0
  SINCE MAR 1      1                         0      1        0
  SINCE JAN 1      1                         0      1        0
..................................................................


WIND (MPH)
  HIGHEST WIND SPEED    29   HIGHEST WIND DIRECTION    NW (330)
  HIGHEST GUST SPEED    37   HIGHEST GUST DIRECTION    NW (310)
  AVERAGE WIND SPEED    15.5


SKY COVER
  POSSIBLE SUNSHINE  MM
  AVERAGE SKY COVER 0.5


WEATHER CONDITIONS
 THE FOLLOWING WEATHER WAS RECORDED YESTERDAY.
  NO SIGNIFICANT WEATHER WAS OBSERVED.


RELATIVE HUMIDITY (PERCENT)
 HIGHEST    62           100 AM
 LOWEST     16           400 PM
 AVERAGE    39

..........................................................


THE ALBUQUERQUE  NM CLIMATE NORMALS FOR TODAY
                         NORMAL    RECORD    YEAR
 MAXIMUM TEMPERATURE (F)   63        83      2012
 MINIMUM TEMPERATURE (F)   37        18      1914


SUNRISE AND SUNSET
MARCH 25 2017.........SUNRISE   703 AM MDT   SUNSET   723 PM MDT
MARCH 26 2017.........SUNRISE   701 AM MDT   SUNSET   723 PM MDT


-  INDICATES NEGATIVE NUMBERS.
R  INDICATES RECORD WAS SET OR TIED.
MM INDICATES DATA IS MISSING.
T  INDICATES TRACE AMOUNT.




$$
