000
CDUS43 KABR 241047
CLIABR


CLIMATE REPORT
NATIONAL WEATHER SERVICE ABERDEEN SD
447 AM CST MON NOV 24 2014


...................................

...THE ABERDEEN SD CLIMATE SUMMARY FOR NOVEMBER 23 2014...

CLIMATE NORMAL PERIOD 1981 TO 2010
CLIMATE RECORD PERIOD 1893 TO 2014


WEATHER ITEM   OBSERVED TIME   RECORD YEAR NORMAL DEPARTURE LAST
                VALUE   (LST)  VALUE       VALUE  FROM      YEAR
                                                  NORMAL
..................................................................
TEMPERATURE (F)
 YESTERDAY
  MAXIMUM         41   1232 PM  57    1905  35      6       16
  MINIMUM         19   1159 PM -17    1985  15      4       -7
  AVERAGE         30                        25      5        5

PRECIPITATION (IN)
  YESTERDAY        T             0.40 1931   0.02  -0.02     0.00
  MONTH TO DATE    0.53                      0.59  -0.06     0.10
  SINCE SEP 1      1.79                      4.77  -2.98     7.26
  SINCE JAN 1     17.42                     21.06  -3.64    21.02

SNOWFALL (IN)
  YESTERDAY        0.0
  MONTH TO DATE    6.3
  SINCE OCT 1      6.3
  SINCE JUL 1      6.3
  SNOW DEPTH       3

DEGREE DAYS
 HEATING
  YESTERDAY       35                        40     -5       60
  MONTH TO DATE  914                       778    136      826
  SINCE SEP 1   1614                      1618     -4     1635
  SINCE JUL 1   1676                      1669      7     1686

 COOLING
  YESTERDAY        0                         0      0        0
  MONTH TO DATE    0                         0      0        0
  SINCE SEP 1     38                        42     -4       91
  SINCE JAN 1    342                       525   -183      580
..................................................................


WIND (MPH)
  HIGHEST WIND SPEED    32   HIGHEST WIND DIRECTION    NW (320)
  HIGHEST GUST SPEED    38   HIGHEST GUST DIRECTION    NW (310)
  AVERAGE WIND SPEED    18.4


SKY COVER
  POSSIBLE SUNSHINE  MM
  AVERAGE SKY COVER 0.9


WEATHER CONDITIONS
 THE FOLLOWING WEATHER WAS RECORDED YESTERDAY.
  LIGHT RAIN


RELATIVE HUMIDITY (PERCENT)
 HIGHEST    89          1200 AM
 LOWEST     59           200 PM
 AVERAGE    74

..........................................................


THE ABERDEEN SD CLIMATE NORMALS FOR TODAY
                         NORMAL    RECORD    YEAR
 MAXIMUM TEMPERATURE (F)   34        65      1932
 MINIMUM TEMPERATURE (F)   15       -17      1996


SUNRISE AND SUNSET
NOVEMBER 24 2014......SUNRISE   745 AM CST   SUNSET   456 PM CST
NOVEMBER 25 2014......SUNRISE   746 AM CST   SUNSET   455 PM CST


-  INDICATES NEGATIVE NUMBERS.
R  INDICATES RECORD WAS SET OR TIED.
MM INDICATES DATA IS MISSING.
T  INDICATES TRACE AMOUNT.




$$
