000
CDUS43 KABR 182343
CLIABR


CLIMATE REPORT
NATIONAL WEATHER SERVICE ABERDEEN SD
540 PM CST THU JAN 18 2018


...................................

...THE ABERDEEN SD CLIMATE SUMMARY FOR JANUARY 18 2018...
VALID TODAY AS OF 0500 PM LOCAL TIME.

CLIMATE NORMAL PERIOD 1981 TO 2010
CLIMATE RECORD PERIOD 1893 TO 2018


WEATHER ITEM   OBSERVED TIME   RECORD YEAR NORMAL DEPARTURE LAST
                VALUE   (LST)  VALUE       VALUE  FROM      YEAR
                                                  NORMAL
..................................................................
TEMPERATURE (F)
 TODAY
  MAXIMUM         41    352 PM  51    1944  22     19       33
  MINIMUM         14    820 AM -34    1970   1     13       12
  AVERAGE         28                        12     16       23

PRECIPITATION (IN)
  TODAY            0.00          0.40 1913   0.02  -0.02     0.00
  MONTH TO DATE    0.04                      0.30  -0.26     0.46
  SINCE DEC 1      0.39                      0.82  -0.43     2.24
  SINCE JAN 1      0.04                      0.30  -0.26     0.46

SNOWFALL (IN)
  TODAY            0.0
  MONTH TO DATE    0.6
  SINCE OCT 1      5.0
  SINCE JUL 1      5.0
  SNOW DEPTH       0

DEGREE DAYS
 HEATING
  TODAY           37                        53    -16       42
  MONTH TO DATE 1012                       954     58     1109
  SINCE DEC 1   2475                      2482     -7     2706
  SINCE JUL 1   4252                      4445   -193     4056
..................................................................


WIND (MPH)
  HIGHEST WIND SPEED    12   HIGHEST WIND DIRECTION     S (180)
  HIGHEST GUST SPEED    14   HIGHEST GUST DIRECTION     S (180)
  AVERAGE WIND SPEED     7.7


SKY COVER
  POSSIBLE SUNSHINE  MM
  AVERAGE SKY COVER 0.0


WEATHER CONDITIONS
 THE FOLLOWING WEATHER WAS RECORDED TODAY.
  NO SIGNIFICANT WEATHER WAS OBSERVED.


RELATIVE HUMIDITY (PERCENT)
 HIGHEST    92           200 AM
 LOWEST     64           200 PM
 AVERAGE    78

..........................................................


THE ABERDEEN SD CLIMATE NORMALS FOR TOMORROW
                         NORMAL    RECORD    YEAR
 MAXIMUM TEMPERATURE (F)   22        60      1921
 MINIMUM TEMPERATURE (F)    1       -36      1943


SUNRISE AND SUNSET
JANUARY 18 2018.......SUNRISE   808 AM CST   SUNSET   521 PM CST
JANUARY 19 2018.......SUNRISE   807 AM CST   SUNSET   522 PM CST


-  INDICATES NEGATIVE NUMBERS.
R  INDICATES RECORD WAS SET OR TIED.
MM INDICATES DATA IS MISSING.
T  INDICATES TRACE AMOUNT.

&&

PEAK WIND WAS 14 MPH FROM THE SOUTH AT 726 AM CST

$$
