000
CDUS43 KABR 231036
CLIABR


CLIMATE REPORT
NATIONAL WEATHER SERVICE ABERDEEN SD
535 AM CDT MON OCT 23 2017


...................................

...THE ABERDEEN SD CLIMATE SUMMARY FOR OCTOBER 22 2017...

CLIMATE NORMAL PERIOD 1981 TO 2010
CLIMATE RECORD PERIOD 1893 TO 2017


WEATHER ITEM   OBSERVED TIME   RECORD YEAR NORMAL DEPARTURE LAST
                VALUE   (LST)  VALUE       VALUE  FROM      YEAR
                                                  NORMAL
..................................................................
TEMPERATURE (F)
 YESTERDAY
  MAXIMUM         68    243 PM  82    1992  55     13       71
  MINIMUM         27    503 AM   8    1895  30     -3       26
  AVERAGE         48                        42      6       49

PRECIPITATION (IN)
  YESTERDAY        0.01          0.70 1918   0.06  -0.05     0.00
  MONTH TO DATE    0.69                      1.55  -0.86     0.67
  SINCE SEP 1      2.58                      3.74  -1.16     1.90
  SINCE JAN 1     14.64                     20.03  -5.39    15.96

SNOWFALL (IN)
  YESTERDAY        0.0           3.1  2002   0.1   -0.1      0.0
  MONTH TO DATE    0.0                       0.3   -0.3      0.0
  SINCE OCT 1      0.0                       0.3   -0.3      0.0
  SINCE JUL 1      0.0                       0.3   -0.3      0.0
  SNOW DEPTH       0

DEGREE DAYS
 HEATING
  YESTERDAY       17                        23     -6       16
  MONTH TO DATE  315                       393    -78      323
  SINCE SEP 1    469                       616   -147      450
  SINCE JUL 1    488                       667   -179      481

 COOLING
  YESTERDAY        0                         0      0        0
  MONTH TO DATE    4                         0      4        7
  SINCE SEP 1     67                        40     27       61
  SINCE JAN 1    552                       523     29      722
..................................................................


WIND (MPH)
  HIGHEST WIND SPEED    37   HIGHEST WIND DIRECTION     W (270)
  HIGHEST GUST SPEED    48   HIGHEST GUST DIRECTION     W (260)
  AVERAGE WIND SPEED    11.5


SKY COVER
  POSSIBLE SUNSHINE  MM
  AVERAGE SKY COVER 0.2


WEATHER CONDITIONS
 THE FOLLOWING WEATHER WAS RECORDED YESTERDAY.
  LIGHT RAIN


RELATIVE HUMIDITY (PERCENT)
 HIGHEST    96           200 AM
 LOWEST     17           200 PM
 AVERAGE    57

..........................................................


THE ABERDEEN SD CLIMATE NORMALS FOR TODAY
                         NORMAL    RECORD    YEAR
 MAXIMUM TEMPERATURE (F)   54        80      1963
                                             1915
 MINIMUM TEMPERATURE (F)   30         5      1895


SUNRISE AND SUNSET
OCTOBER 23 2017.......SUNRISE   801 AM CDT   SUNSET   634 PM CDT
OCTOBER 24 2017.......SUNRISE   802 AM CDT   SUNSET   633 PM CDT


-  INDICATES NEGATIVE NUMBERS.
R  INDICATES RECORD WAS SET OR TIED.
MM INDICATES DATA IS MISSING.
T  INDICATES TRACE AMOUNT.




$$
