000
CDUS43 KABR 272338
CLIABR


CLIMATE REPORT
NATIONAL WEATHER SERVICE ABERDEEN SD
535 PM CST SAT DEC 27 2014


...................................

...THE ABERDEEN SD CLIMATE SUMMARY FOR DECEMBER 27 2014...
VALID TODAY AS OF 0500 PM LOCAL TIME.

CLIMATE NORMAL PERIOD 1981 TO 2010
CLIMATE RECORD PERIOD 1893 TO 2014


WEATHER ITEM   OBSERVED TIME   RECORD YEAR NORMAL DEPARTURE LAST
                VALUE   (LST)  VALUE       VALUE  FROM      YEAR
                                                  NORMAL
..................................................................
TEMPERATURE (F)
 TODAY
  MAXIMUM         28    344 PM  54    1928  23      5       42
  MINIMUM          2    822 AM -29    1914   3     -1       15
  AVERAGE         15                        13      2       29

PRECIPITATION (IN)
  TODAY            0.00          0.90 1903   0.02  -0.02     0.00
  MONTH TO DATE    0.25                      0.45  -0.20     0.68
  SINCE DEC 1      0.25                      0.45  -0.20     0.68
  SINCE JAN 1     17.78                     21.65  -3.87    21.70

SNOWFALL (IN)
  TODAY            0.0
  MONTH TO DATE    0.7
  SINCE OCT 1      8.8
  SINCE JUL 1      8.8
  SNOW DEPTH       T

DEGREE DAYS
 HEATING
  TODAY           50                        52     -2       36
  MONTH TO DATE 1070                      1320   -250     1546
  SINCE DEC 1   1070                      1320   -250     1546
  SINCE JUL 1   3116                      3283   -167     3537
..................................................................


WIND (MPH)
  HIGHEST WIND SPEED    13   HIGHEST WIND DIRECTION    SW (240)
  HIGHEST GUST SPEED    15   HIGHEST GUST DIRECTION    SW (220)
  AVERAGE WIND SPEED     7.1


SKY COVER
  POSSIBLE SUNSHINE  MM
  AVERAGE SKY COVER 0.2


WEATHER CONDITIONS
 THE FOLLOWING WEATHER WAS RECORDED TODAY.
  NO SIGNIFICANT WEATHER WAS OBSERVED.


RELATIVE HUMIDITY (PERCENT)
 HIGHEST    88           300 AM
 LOWEST     68           200 PM
 AVERAGE    78

..........................................................


THE ABERDEEN SD CLIMATE NORMALS FOR TOMORROW
                         NORMAL    RECORD    YEAR
 MAXIMUM TEMPERATURE (F)   23        57      1898
 MINIMUM TEMPERATURE (F)    3       -24      1924


SUNRISE AND SUNSET
DECEMBER 27 2014......SUNRISE   813 AM CST   SUNSET   457 PM CST
DECEMBER 28 2014......SUNRISE   813 AM CST   SUNSET   458 PM CST


-  INDICATES NEGATIVE NUMBERS.
R  INDICATES RECORD WAS SET OR TIED.
MM INDICATES DATA IS MISSING.
T  INDICATES TRACE AMOUNT.

&&

PEAK WIND WAS 15 MPH FROM THE SOUTHWEST AT 154 PM

$$
