000
CDUS43 KABR 162333
CLIABR


CLIMATE REPORT
NATIONAL WEATHER SERVICE ABERDEEN SD
531 PM CST MON JAN 16 2017


...................................

...THE ABERDEEN SD CLIMATE SUMMARY FOR JANUARY 16 2017...
VALID TODAY AS OF 0500 PM LOCAL TIME.

CLIMATE NORMAL PERIOD 1981 TO 2010
CLIMATE RECORD PERIOD 1893 TO 2017


WEATHER ITEM   OBSERVED TIME   RECORD YEAR NORMAL DEPARTURE LAST
                VALUE   (LST)  VALUE       VALUE  FROM      YEAR
                                                  NORMAL
..................................................................
TEMPERATURE (F)
 TODAY
  MAXIMUM         25    303 PM  49    1942  22      3        8
  MINIMUM         -2    845 AM -30    2005   1     -3      -16
  AVERAGE         12                        12      0       -4

PRECIPITATION (IN)
  TODAY            0.00          1.00 1897   0.01  -0.01     0.02
  MONTH TO DATE    0.46                      0.27   0.19     0.09
  SINCE DEC 1      2.24                      0.79   1.45     0.73
  SINCE JAN 1      0.46                      0.27   0.19     0.09

SNOWFALL (IN)
  TODAY            0.0
  MONTH TO DATE    8.5
  SINCE OCT 1     24.5
  SINCE JUL 1     24.5
  SNOW DEPTH       7

DEGREE DAYS
 HEATING
  TODAY           53                        53      0       69
  MONTH TO DATE 1011                       848    163      822
  SINCE DEC 1   2608                      2376    232     2129
  SINCE JUL 1   3958                      4339   -381     3541
..................................................................


WIND (MPH)
  HIGHEST WIND SPEED     9   HIGHEST WIND DIRECTION     S (200)
  HIGHEST GUST SPEED    10   HIGHEST GUST DIRECTION     S (200)
  AVERAGE WIND SPEED     4.5


SKY COVER
  POSSIBLE SUNSHINE  MM
  AVERAGE SKY COVER 0.0


WEATHER CONDITIONS
 THE FOLLOWING WEATHER WAS RECORDED TODAY.
  NO SIGNIFICANT WEATHER WAS OBSERVED.


RELATIVE HUMIDITY (PERCENT)
 HIGHEST    79          1200 AM
 LOWEST     52           100 PM
 AVERAGE    66

..........................................................


THE ABERDEEN SD CLIMATE NORMALS FOR TOMORROW
                         NORMAL    RECORD    YEAR
 MAXIMUM TEMPERATURE (F)   22        48      1947
 MINIMUM TEMPERATURE (F)    1       -32      1997


SUNRISE AND SUNSET
JANUARY 16 2017.......SUNRISE   809 AM CST   SUNSET   519 PM CST
JANUARY 17 2017.......SUNRISE   808 AM CST   SUNSET   520 PM CST


-  INDICATES NEGATIVE NUMBERS.
R  INDICATES RECORD WAS SET OR TIED.
MM INDICATES DATA IS MISSING.
T  INDICATES TRACE AMOUNT.

&&

PEAK WIND WAS 10 MPH FROM THE SOUTH AT 823 AM CST

$$
