442
CDUS43 KABR 242231
CLIABR


CLIMATE REPORT
NATIONAL WEATHER SERVICE ABERDEEN SD
530 PM CDT FRI MAR 24 2017


...................................

...THE ABERDEEN SD CLIMATE SUMMARY FOR MARCH 24 2017...
VALID TODAY AS OF 0500 PM LOCAL TIME.

CLIMATE NORMAL PERIOD 1981 TO 2010
CLIMATE RECORD PERIOD 1893 TO 2017


WEATHER ITEM   OBSERVED TIME   RECORD YEAR NORMAL DEPARTURE LAST
                VALUE   (LST)  VALUE       VALUE  FROM      YEAR
                                                  NORMAL
..................................................................
TEMPERATURE (F)
 TODAY
  MAXIMUM         49    359 PM  80    1939  44      5       54
  MINIMUM         34    842 AM -10    1893  23     11       17
  AVERAGE         42                        34      8       36

PRECIPITATION (IN)
  TODAY            0.00          3.00 1937   0.05  -0.05     0.00
  MONTH TO DATE    0.67                      0.84  -0.17     0.24
  SINCE MAR 1      0.67                      0.84  -0.17     0.24
  SINCE JAN 1      1.35                      1.86  -0.51     0.93

SNOWFALL (IN)
  TODAY            0.0
  MONTH TO DATE   10.8
  SINCE OCT 1     38.1
  SINCE JUL 1     38.1
  SNOW DEPTH       0

DEGREE DAYS
 HEATING
  TODAY           23                        31     -8       29
  MONTH TO DATE  891                       881     10      586
  SINCE MAR 1    891                       881     10      586
  SINCE JUL 1   6506                      7344   -838     5823

 COOLING
  TODAY            0                         0      0        0
  MONTH TO DATE    0                         0      0        0
  SINCE MAR 1      0                         0      0        0
  SINCE JAN 1      0                         0      0        0
..................................................................


WIND (MPH)
  HIGHEST WIND SPEED    20   HIGHEST WIND DIRECTION    NE (30)
  HIGHEST GUST SPEED    23   HIGHEST GUST DIRECTION     N (20)
  AVERAGE WIND SPEED    11.0


SKY COVER
  POSSIBLE SUNSHINE  MM
  AVERAGE SKY COVER 0.8


WEATHER CONDITIONS
 THE FOLLOWING WEATHER WAS RECORDED TODAY.
  FOG
  HAZE


RELATIVE HUMIDITY (PERCENT)
 HIGHEST    92          1200 AM
 LOWEST     50           400 PM
 AVERAGE    71

..........................................................


THE ABERDEEN SD CLIMATE NORMALS FOR TOMORROW
                         NORMAL    RECORD    YEAR
 MAXIMUM TEMPERATURE (F)   45        81      1925
 MINIMUM TEMPERATURE (F)   24       -10      1894


SUNRISE AND SUNSET
MARCH 24 2017.........SUNRISE   729 AM CDT   SUNSET   752 PM CDT
MARCH 25 2017.........SUNRISE   727 AM CDT   SUNSET   753 PM CDT


-  INDICATES NEGATIVE NUMBERS.
R  INDICATES RECORD WAS SET OR TIED.
MM INDICATES DATA IS MISSING.
T  INDICATES TRACE AMOUNT.

&&

PEAK WIND OF 23 MPH FROM THE NORTH AT 118 AM

$$
