000
CDUS43 KABR 260906
CLIABR


CLIMATE REPORT
NATIONAL WEATHER SERVICE ABERDEEN SD
405 AM CDT WED APR 26 2017


...................................

...THE ABERDEEN SD CLIMATE SUMMARY FOR APRIL 25 2017...

CLIMATE NORMAL PERIOD 1981 TO 2010
CLIMATE RECORD PERIOD 1893 TO 2017


WEATHER ITEM   OBSERVED TIME   RECORD YEAR NORMAL DEPARTURE LAST
                VALUE   (LST)  VALUE       VALUE  FROM      YEAR
                                                  NORMAL
..................................................................
TEMPERATURE (F)
 YESTERDAY
  MAXIMUM         37    309 PM  97    1962  62    -25       50
  MINIMUM         32   1159 PM  19    2013  36     -4       44
                                      1958
  AVERAGE         35                        49    -14       47

PRECIPITATION (IN)
  YESTERDAY        0.00          1.45 1986   0.08  -0.08     0.47
  MONTH TO DATE    1.20                      1.42  -0.22     3.08
  SINCE MAR 1      1.87                      2.58  -0.71     3.54
  SINCE JAN 1      2.55                      3.60  -1.05     4.23

SNOWFALL (IN)
  YESTERDAY        0.0           1.4  2008   0.1   -0.1      0.0
  MONTH TO DATE    T                         2.9   -2.9       T
  SINCE OCT 1     38.1                      37.9    0.2     26.5
  SINCE JUL 1     38.1                      37.9    0.2     26.5
  SNOW DEPTH       0

DEGREE DAYS
 HEATING
  YESTERDAY       30                        16     14       18
  MONTH TO DATE  451                       546    -95      467
  SINCE MAR 1   1497                      1634   -137     1221
  SINCE JUL 1   7112                      8097   -985     6458

 COOLING
  YESTERDAY        0                         0      0        0
  MONTH TO DATE    0                         0      0        1
  SINCE MAR 1      0                         0      0        1
  SINCE JAN 1      0                         0      0        1
..................................................................


WIND (MPH)
  HIGHEST WIND SPEED    28   HIGHEST WIND DIRECTION     N (360)
  HIGHEST GUST SPEED    35   HIGHEST GUST DIRECTION     N (360)
  AVERAGE WIND SPEED    19.6


SKY COVER
  POSSIBLE SUNSHINE  MM
  AVERAGE SKY COVER 1.0


WEATHER CONDITIONS
 THE FOLLOWING WEATHER WAS RECORDED YESTERDAY.
  NO SIGNIFICANT WEATHER WAS OBSERVED.


RELATIVE HUMIDITY (PERCENT)
 HIGHEST    89           300 AM
 LOWEST     70           200 PM
 AVERAGE    80

..........................................................


THE ABERDEEN SD CLIMATE NORMALS FOR TODAY
                         NORMAL    RECORD    YEAR
 MAXIMUM TEMPERATURE (F)   63        86      1952
                                             1899
 MINIMUM TEMPERATURE (F)   36        20      1931


SUNRISE AND SUNSET
APRIL 26 2017.........SUNRISE   629 AM CDT   SUNSET   834 PM CDT
APRIL 27 2017.........SUNRISE   628 AM CDT   SUNSET   836 PM CDT


-  INDICATES NEGATIVE NUMBERS.
R  INDICATES RECORD WAS SET OR TIED.
MM INDICATES DATA IS MISSING.
T  INDICATES TRACE AMOUNT.




$$
