612
CDUS43 KABR 262242
CLIABR


CLIMATE REPORT
NATIONAL WEATHER SERVICE ABERDEEN SD
540 PM CDT MON SEP 26 2016


...................................

...THE ABERDEEN SD CLIMATE SUMMARY FOR SEPTEMBER 26 2016...
VALID TODAY AS OF 0500 PM LOCAL TIME.

CLIMATE NORMAL PERIOD 1981 TO 2010
CLIMATE RECORD PERIOD 1893 TO 2016


WEATHER ITEM   OBSERVED TIME   RECORD YEAR NORMAL DEPARTURE LAST
                VALUE   (LST)  VALUE       VALUE  FROM      YEAR
                                                  NORMAL
..................................................................
TEMPERATURE (F)
 TODAY
  MAXIMUM         71    359 PM  97    1974  67      4       83
  MINIMUM         40    648 AM  17    1939  41     -1       55
  AVERAGE         56                        54      2       69

PRECIPITATION (IN)
  TODAY            0.00          0.95 1908   0.07  -0.07     0.00
  MONTH TO DATE    1.23                      1.90  -0.67     0.37
  SINCE SEP 1      1.23                      1.90  -0.67     0.37
  SINCE JAN 1     15.29                     18.19  -2.90    17.69

DEGREE DAYS
 HEATING
  TODAY            9                        11     -2        0
  MONTH TO DATE   84                       175    -91       76
  SINCE SEP 1     84                       175    -91       76
  SINCE JUL 1    115                       226   -111      118

 COOLING
  TODAY            0                         0      0        4
  MONTH TO DATE   54                        39     15       96
  SINCE SEP 1     54                        39     15       96
  SINCE JAN 1    715                       522    193      659
..................................................................


WIND (MPH)
  HIGHEST WIND SPEED    28   HIGHEST WIND DIRECTION    NW (310)
  HIGHEST GUST SPEED    33   HIGHEST GUST DIRECTION    NW (320)
  AVERAGE WIND SPEED    13.3


SKY COVER
  POSSIBLE SUNSHINE  MM
  AVERAGE SKY COVER 0.0


WEATHER CONDITIONS
 THE FOLLOWING WEATHER WAS RECORDED TODAY.
  NO SIGNIFICANT WEATHER WAS OBSERVED.


RELATIVE HUMIDITY (PERCENT)
 HIGHEST    79           700 AM
 LOWEST     20           300 PM
 AVERAGE    50

..........................................................


THE ABERDEEN SD CLIMATE NORMALS FOR TOMORROW
                         NORMAL    RECORD    YEAR
 MAXIMUM TEMPERATURE (F)   67        95      1952
 MINIMUM TEMPERATURE (F)   41        22      1900


SUNRISE AND SUNSET
SEPTEMBER 26 2016.....SUNRISE   726 AM CDT   SUNSET   723 PM CDT
SEPTEMBER 27 2016.....SUNRISE   728 AM CDT   SUNSET   721 PM CDT


-  INDICATES NEGATIVE NUMBERS.
R  INDICATES RECORD WAS SET OR TIED.
MM INDICATES DATA IS MISSING.
T  INDICATES TRACE AMOUNT.

&&

PEAK WIND WAS 33 MPH FROM THE NORTHWEST AT 239 PM CDT

$$
