000
CDUS43 KABR 030912
CLIABR


CLIMATE REPORT
NATIONAL WEATHER SERVICE ABERDEEN SD
411 AM CDT FRI JUL 3 2015


...................................

...THE ABERDEEN SD CLIMATE SUMMARY FOR JULY 2 2015...

CLIMATE NORMAL PERIOD 1981 TO 2010
CLIMATE RECORD PERIOD 1893 TO 2015


WEATHER ITEM   OBSERVED TIME   RECORD YEAR NORMAL DEPARTURE LAST
                VALUE   (LST)  VALUE       VALUE  FROM      YEAR
                                                  NORMAL
..................................................................
TEMPERATURE (F)
 YESTERDAY
  MAXIMUM         73    515 PM 103    1949  82     -9       74
  MINIMUM         60   1026 PM  37    1945  58      2       50
  AVERAGE         67                        70     -3       62

PRECIPITATION (IN)
  YESTERDAY        0.60          1.33 2000   0.11   0.49     0.00
  MONTH TO DATE    0.68                      0.21   0.47     0.14
  SINCE JUN 1      2.78                      3.91  -1.13     3.45
  SINCE JAN 1     11.00                     11.05  -0.05     8.88

DEGREE DAYS
 HEATING
  YESTERDAY        0                         1     -1        3
  MONTH TO DATE    0                         2     -2       10
  SINCE JUN 1     14                        78    -64       93
  SINCE JUL 1      0                         2     -2       10

 COOLING
  YESTERDAY        2                         6     -4        0
  MONTH TO DATE    8                        12     -4        0
  SINCE JUN 1    147                       104     43       46
  SINCE JAN 1    161                       127     34       88
..................................................................


WIND (MPH)
  HIGHEST WIND SPEED    13   HIGHEST WIND DIRECTION    SE (150)
  HIGHEST GUST SPEED    15   HIGHEST GUST DIRECTION    SE (150)
  AVERAGE WIND SPEED     6.0


SKY COVER
  POSSIBLE SUNSHINE  MM
  AVERAGE SKY COVER 0.5


WEATHER CONDITIONS
 THE FOLLOWING WEATHER WAS RECORDED YESTERDAY.
  THUNDERSTORM
  HEAVY RAIN
  RAIN
  LIGHT RAIN
  FOG


RELATIVE HUMIDITY (PERCENT)
 HIGHEST    97          1000 AM
 LOWEST     73           400 PM
 AVERAGE    85

..........................................................


THE ABERDEEN SD CLIMATE NORMALS FOR TODAY
                         NORMAL    RECORD    YEAR
 MAXIMUM TEMPERATURE (F)   82       107      1949
 MINIMUM TEMPERATURE (F)   58        39      1917


SUNRISE AND SUNSET
JULY  3 2015..........SUNRISE   550 AM CDT   SUNSET   925 PM CDT
JULY  4 2015..........SUNRISE   551 AM CDT   SUNSET   925 PM CDT


-  INDICATES NEGATIVE NUMBERS.
R  INDICATES RECORD WAS SET OR TIED.
MM INDICATES DATA IS MISSING.
T  INDICATES TRACE AMOUNT.




$$
